{"version":"1.0","provider_name":"MyZen TV","provider_url":"https:\/\/www.myzen.tv\/fr\/","author_name":"Lucas Wils","author_url":"https:\/\/www.myzen.tv\/fr\/author\/wils\/","title":"Les fruits et les l\u00e9gumes de septembre - MyZen TV","type":"rich","width":600,"height":338,"html":"<blockquote class=\"wp-embedded-content\" data-secret=\"IDQYqfi5t7\"><a href=\"https:\/\/www.myzen.tv\/fr\/les-fruits-et-les-legumes-de-septembre\/\">Les fruits et les l\u00e9gumes de septembre<\/a><\/blockquote><iframe sandbox=\"allow-scripts\" security=\"restricted\" src=\"https:\/\/www.myzen.tv\/fr\/les-fruits-et-les-legumes-de-septembre\/embed\/#?secret=IDQYqfi5t7\" width=\"600\" height=\"338\" title=\"\u00ab\u00a0Les fruits et les l\u00e9gumes de septembre\u00a0\u00bb &#8212; MyZen TV\" data-secret=\"IDQYqfi5t7\" frameborder=\"0\" marginwidth=\"0\" marginheight=\"0\" scrolling=\"no\" class=\"wp-embedded-content\"><\/iframe><script type=\"text\/javascript\">\n\/* <![CDATA[ *\/\n\/*! This file is auto-generated *\/\n!function(d,l){\"use strict\";l.querySelector&&d.addEventListener&&\"undefined\"!=typeof URL&&(d.wp=d.wp||{},d.wp.receiveEmbedMessage||(d.wp.receiveEmbedMessage=function(e){var t=e.data;if((t||t.secret||t.message||t.value)&&!\/[^a-zA-Z0-9]\/.test(t.secret)){for(var s,r,n,a=l.querySelectorAll('iframe[data-secret=\"'+t.secret+'\"]'),o=l.querySelectorAll('blockquote[data-secret=\"'+t.secret+'\"]'),c=new RegExp(\"^https?:$\",\"i\"),i=0;i<o.length;i++)o[i].style.display=\"none\";for(i=0;i<a.length;i++)s=a[i],e.source===s.contentWindow&&(s.removeAttribute(\"style\"),\"height\"===t.message?(1e3<(r=parseInt(t.value,10))?r=1e3:~~r<200&&(r=200),s.height=r):\"link\"===t.message&&(r=new URL(s.getAttribute(\"src\")),n=new URL(t.value),c.test(n.protocol))&&n.host===r.host&&l.activeElement===s&&(d.top.location.href=t.value))}},d.addEventListener(\"message\",d.wp.receiveEmbedMessage,!1),l.addEventListener(\"DOMContentLoaded\",function(){for(var e,t,s=l.querySelectorAll(\"iframe.wp-embedded-content\"),r=0;r<s.length;r++)(t=(e=s[r]).getAttribute(\"data-secret\"))||(t=Math.random().toString(36).substring(2,12),e.src+=\"#?secret=\"+t,e.setAttribute(\"data-secret\",t)),e.contentWindow.postMessage({message:\"ready\",secret:t},\"*\")},!1)))}(window,document);\n\/* ]]> *\/\n<\/script>\n","thumbnail_url":"https:\/\/www.myzen.tv\/wp-content\/uploads\/2021\/09\/alex-kotomanov-BCApK6UYl3A-unsplash-scaled.jpg","thumbnail_width":2560,"thumbnail_height":1707,"description":"Il est important de bien conna\u00eetre ses besoins en alimentation, avec un choix de l\u00e9gumes et fruits vari\u00e9s. MyZen TV vous propose de d\u00e9couvrir les fruits et l\u00e9gumes \u00e0 d\u00e9guster dans ce mois de transition post-estival. Les fruits de septembre Voici une liste non-exhaustive de fruits \u00e0 pr\u00e9parer selon vos go\u00fbts et vos envies&nbsp;: Coing [&hellip;]"}

Les fruits et les légumes de septembre - MyZen TV

<blockquote class="wp-embedded-content" data-secret="IDQYqfi5t7"><a href="https://www.myzen.tv/fr/les-fruits-et-les-legumes-de-septembre/">Les fruits et les légumes de septembre</a></blockquote><iframe sandbox="allow-scripts" security="restricted" src="https://www.myzen.tv/fr/les-fruits-et-les-legumes-de-septembre/embed/#?secret=IDQYqfi5t7" width="600" height="338" title="« Les fruits et les légumes de septembre » &#8212; MyZen TV" data-secret="IDQYqfi5t7" frameborder="0" marginwidth="0" marginheight="0" scrolling="no" class="wp-embedded-content"></iframe><script type="text/javascript">
/* <![CDATA[ */
/*! This file is auto-generated */
!function(d,l){"use strict";l.querySelector&&d.addEventListener&&"undefined"!=typeof URL&&(d.wp=d.wp||{},d.wp.receiveEmbedMessage||(d.wp.receiveEmbedMessage=function(e){var t=e.data;if((t||t.secret||t.message||t.value)&&!/[^a-zA-Z0-9]/.test(t.secret)){for(var s,r,n,a=l.querySelectorAll('iframe[data-secret="'+t.secret+'"]'),o=l.querySelectorAll('blockquote[data-secret="'+t.secret+'"]'),c=new RegExp("^https?:$","i"),i=0;i<o.length;i++)o[i].style.display="none";for(i=0;i<a.length;i++)s=a[i],e.source===s.contentWindow&&(s.removeAttribute("style"),"height"===t.message?(1e3<(r=parseInt(t.value,10))?r=1e3:~~r<200&&(r=200),s.height=r):"link"===t.message&&(r=new URL(s.getAttribute("src")),n=new URL(t.value),c.test(n.protocol))&&n.host===r.host&&l.activeElement===s&&(d.top.location.href=t.value))}},d.addEventListener("message",d.wp.receiveEmbedMessage,!1),l.addEventListener("DOMContentLoaded",function(){for(var e,t,s=l.querySelectorAll("iframe.wp-embedded-content"),r=0;r<s.length;r++)(t=(e=s[r]).getAttribute("data-secret"))||(t=Math.random().toString(36).substring(2,12),e.src+="#?secret="+t,e.setAttribute("data-secret",t)),e.contentWindow.postMessage({message:"ready",secret:t},"*")},!1)))}(window,document);
/* ]]> */
</script>

Il est important de bien connaître ses besoins en alimentation, avec un choix de légumes et fruits variés. MyZen TV vous propose de découvrir les fruits et légumes à déguster dans ce mois de transition post-estival. Les fruits de septembre Voici une liste non-exhaustive de fruits à préparer selon vos goûts et vos envies&nbsp;: Coing [&hellip;]
