{"version":"1.0","provider_name":"MyZen TV","provider_url":"https:\/\/www.myzen.tv\/fr\/","author_name":"Nolwenn Vendeville","author_url":"https:\/\/www.myzen.tv\/fr\/author\/nolwenn\/","title":"My Zen People saison 4, c\u2019est parti ! - MyZen TV","type":"rich","width":600,"height":338,"html":"<blockquote class=\"wp-embedded-content\" data-secret=\"8M2q00oxU5\"><a href=\"https:\/\/www.myzen.tv\/fr\/my-zen-people-saison-4-cest-parti\/\">My Zen People saison 4, c\u2019est parti !<\/a><\/blockquote><iframe sandbox=\"allow-scripts\" security=\"restricted\" src=\"https:\/\/www.myzen.tv\/fr\/my-zen-people-saison-4-cest-parti\/embed\/#?secret=8M2q00oxU5\" width=\"600\" height=\"338\" title=\"\u00ab\u00a0My Zen People saison 4, c\u2019est parti !\u00a0\u00bb &#8212; MyZen TV\" data-secret=\"8M2q00oxU5\" frameborder=\"0\" marginwidth=\"0\" marginheight=\"0\" scrolling=\"no\" class=\"wp-embedded-content\"><\/iframe><script type=\"text\/javascript\">\n\/* <![CDATA[ *\/\n\/*! This file is auto-generated *\/\n!function(d,l){\"use strict\";l.querySelector&&d.addEventListener&&\"undefined\"!=typeof URL&&(d.wp=d.wp||{},d.wp.receiveEmbedMessage||(d.wp.receiveEmbedMessage=function(e){var t=e.data;if((t||t.secret||t.message||t.value)&&!\/[^a-zA-Z0-9]\/.test(t.secret)){for(var s,r,n,a=l.querySelectorAll('iframe[data-secret=\"'+t.secret+'\"]'),o=l.querySelectorAll('blockquote[data-secret=\"'+t.secret+'\"]'),c=new RegExp(\"^https?:$\",\"i\"),i=0;i<o.length;i++)o[i].style.display=\"none\";for(i=0;i<a.length;i++)s=a[i],e.source===s.contentWindow&&(s.removeAttribute(\"style\"),\"height\"===t.message?(1e3<(r=parseInt(t.value,10))?r=1e3:~~r<200&&(r=200),s.height=r):\"link\"===t.message&&(r=new URL(s.getAttribute(\"src\")),n=new URL(t.value),c.test(n.protocol))&&n.host===r.host&&l.activeElement===s&&(d.top.location.href=t.value))}},d.addEventListener(\"message\",d.wp.receiveEmbedMessage,!1),l.addEventListener(\"DOMContentLoaded\",function(){for(var e,t,s=l.querySelectorAll(\"iframe.wp-embedded-content\"),r=0;r<s.length;r++)(t=(e=s[r]).getAttribute(\"data-secret\"))||(t=Math.random().toString(36).substring(2,12),e.src+=\"#?secret=\"+t,e.setAttribute(\"data-secret\",t)),e.contentWindow.postMessage({message:\"ready\",secret:t},\"*\")},!1)))}(window,document);\n\/* ]]> *\/\n<\/script>\n","thumbnail_url":"https:\/\/www.myzen.tv\/wp-content\/uploads\/2020\/11\/1D2A2108-scaled.jpg","thumbnail_width":2560,"thumbnail_height":1707,"description":"Rendez-vous chaque week-end \u00e0 13h50 et 20h15 (UTC+1) sur MyZen TV pour d\u00e9couvrir les nouveaux \u00e9pisodes de My Zen People&nbsp;! Cette saison, l\u2019\u00e9mission se concentre sur les histoires de femmes qui ont eu le courage de suivre leur passion et de tout abandonner pour d\u00e9marrer un nouveau projet. D\u00e9couvrez Zaira, Ile, Agostina, Solenn, Sophie, Carine, [&hellip;]"}

Rendez-vous chaque week-end à 13h50 et 20h15 (UTC+1) sur MyZen TV pour découvrir les nouveaux épisodes de My Zen People&nbsp;! Cette saison, l’émission se concentre sur les histoires de femmes qui ont eu le courage de suivre leur passion et de tout abandonner pour démarrer un nouveau projet. Découvrez Zaira, Ile, Agostina, Solenn, Sophie, Carine, [&hellip;]
