{"id":1630512,"date":"2021-03-15T23:07:39","date_gmt":"2021-03-15T23:07:39","guid":{"rendered":"https:\/\/www.myzen.tv\/?post_type=programs&#038;p=1630512"},"modified":"2026-01-25T05:32:22","modified_gmt":"2026-01-25T05:32:22","slug":"11981-les-pepinieres-deurope-s00-e03","status":"inactive","type":"program","link":"https:\/\/www.myzen.tv\/fr\/program\/episode\/11981-les-pepinieres-deurope-s00-e03","title":{"rendered":"Les p\u00e9pini\u00e8res d\u2019Europe"},"content":{"rendered":"<p>Charlie et Mick, son paysagiste, se rendent en Europe pour y visiter des p\u00e9pini\u00e8res diss\u00e9min\u00e9es en Ecosse, en Belgique et aux Pays-Bas. Ils rep\u00e8rent les plantes prometteuses et rencontrent les p\u00e9pini\u00e9ristes qui feront du r\u00eave de Charlie une r\u00e9alit\u00e9. De retour en Australie, Charlie poste le formulaire de candidature avec le design int\u00e9gral de son jardin. Apr\u00e8s une longue attente, il re\u00e7oit enfin la r\u00e9ponse&#8230; Positive ! Son jardin est accept\u00e9 ! mais l\u2019excitation de Mick est de courte dur\u00e9e : Charlie r\u00e9v\u00e8le qu\u2019il vient de perdre le sponsor principal de son projet. Sans investisseur, Charlie devra hypoth\u00e9quer sa maison familiale&#8230;<\/p>\n","protected":false},"excerpt":{"rendered":"<p>Charlie et Mick, son paysagiste, se rendent en Europe pour y visiter des p\u00e9pini\u00e8res diss\u00e9min\u00e9es en Ecosse, en Belgique et aux Pays-Bas.<\/p>\n","protected":false},"featured_media":1535668,"parent":0,"menu_order":0,"template":"","format":"standard","meta":{"episode_type":"","audio_file":"","cover_image":"","cover_image_id":"","duration":"00:40:00","filesize":"","date_recorded":"","explicit":"","block":"","itunes_episode_number":"","itunes_title":"","itunes_season_number":"","itunes_episode_type":"","filesize_raw":""},"program_type":[32],"group":[269],"d_category":[1174],"genre":[],"class_list":["post-1630512","program","type-program","status-inactive","format-standard","has-post-thumbnail","hentry","program_type-episode","group-home-garden","d_category-life-changes"],"yoast_head":"<!-- This site is optimized with the Yoast SEO plugin v24.0 - https:\/\/yoast.com\/wordpress\/plugins\/seo\/ -->\n<title>Les p\u00e9pini\u00e8res d\u2019Europe - MyZen TV<\/title>\n<meta name=\"robots\" content=\"index, follow, max-snippet:-1, max-image-preview:large, max-video-preview:-1\" \/>\n<link rel=\"canonical\" href=\"https:\/\/www.myzen.tv\/fr\/program\/episode\/11981-les-pepinieres-deurope-s00-e03\/\" \/>\n<meta property=\"og:locale\" content=\"fr_FR\" \/>\n<meta property=\"og:type\" content=\"article\" \/>\n<meta property=\"og:title\" content=\"Les p\u00e9pini\u00e8res d\u2019Europe - MyZen TV\" \/>\n<meta property=\"og:description\" content=\"Charlie et Mick, son paysagiste, se rendent en Europe pour y visiter des p\u00e9pini\u00e8res diss\u00e9min\u00e9es en Ecosse, en Belgique et aux Pays-Bas.\" \/>\n<meta property=\"og:url\" content=\"https:\/\/www.myzen.tv\/fr\/program\/episode\/11981-les-pepinieres-deurope-s00-e03\" \/>\n<meta property=\"og:site_name\" content=\"MyZen TV\" \/>\n<meta property=\"article:publisher\" content=\"https:\/\/www.facebook.com\/myzen.tv.fr\/\" \/>\n<meta property=\"article:modified_time\" content=\"2026-01-25T05:32:22+00:00\" \/>\n<meta property=\"og:image\" content=\"https:\/\/www.myzen.tv\/wp-content\/uploads\/2020\/12\/1607522819-chelsea-gardens.jpg\" \/>\n\t<meta property=\"og:image:width\" content=\"1280\" \/>\n\t<meta property=\"og:image:height\" content=\"720\" \/>\n\t<meta property=\"og:image:type\" content=\"image\/jpeg\" \/>\n<meta name=\"twitter:card\" content=\"summary_large_image\" \/>\n<meta name=\"twitter:label1\" content=\"Dur\u00e9e de lecture estim\u00e9e\" \/>\n\t<meta name=\"twitter:data1\" content=\"1 minute\" \/>\n<!-- \/ Yoast SEO plugin. -->","yoast_head_json":{"title":"Les p\u00e9pini\u00e8res d\u2019Europe - MyZen TV","robots":{"index":"index","follow":"follow","max-snippet":"max-snippet:-1","max-image-preview":"max-image-preview:large","max-video-preview":"max-video-preview:-1"},"canonical":"https:\/\/www.myzen.tv\/fr\/program\/episode\/11981-les-pepinieres-deurope-s00-e03\/","og_locale":"fr_FR","og_type":"article","og_title":"Les p\u00e9pini\u00e8res d\u2019Europe - MyZen TV","og_description":"Charlie et Mick, son paysagiste, se rendent en Europe pour y visiter des p\u00e9pini\u00e8res diss\u00e9min\u00e9es en Ecosse, en Belgique et aux Pays-Bas.","og_url":"https:\/\/www.myzen.tv\/fr\/program\/episode\/11981-les-pepinieres-deurope-s00-e03","og_site_name":"MyZen TV","article_publisher":"https:\/\/www.facebook.com\/myzen.tv.fr\/","article_modified_time":"2026-01-25T05:32:22+00:00","og_image":[{"width":1280,"height":720,"url":"https:\/\/www.myzen.tv\/wp-content\/uploads\/2020\/12\/1607522819-chelsea-gardens.jpg","type":"image\/jpeg"}],"twitter_card":"summary_large_image","twitter_misc":{"Dur\u00e9e de lecture estim\u00e9e":"1 minute"},"schema":{"@context":"https:\/\/schema.org","@graph":[{"@type":"WebPage","@id":"https:\/\/www.myzen.tv\/fr\/program\/episode\/11981-les-pepinieres-deurope-s00-e03","url":"https:\/\/www.myzen.tv\/fr\/program\/episode\/11981-les-pepinieres-deurope-s00-e03","name":"Les p\u00e9pini\u00e8res d\u2019Europe - MyZen TV","isPartOf":{"@id":"https:\/\/www.myzen.tv\/fr\/#website"},"primaryImageOfPage":{"@id":"https:\/\/www.myzen.tv\/fr\/program\/episode\/11981-les-pepinieres-deurope-s00-e03#primaryimage"},"image":{"@id":"https:\/\/www.myzen.tv\/fr\/program\/episode\/11981-les-pepinieres-deurope-s00-e03#primaryimage"},"thumbnailUrl":"https:\/\/www.myzen.tv\/wp-content\/uploads\/2020\/12\/1607522819-chelsea-gardens.jpg","datePublished":"2021-03-15T23:07:39+00:00","dateModified":"2026-01-25T05:32:22+00:00","breadcrumb":{"@id":"https:\/\/www.myzen.tv\/fr\/program\/episode\/11981-les-pepinieres-deurope-s00-e03#breadcrumb"},"inLanguage":"fr-FR","potentialAction":[{"@type":"ReadAction","target":["https:\/\/www.myzen.tv\/fr\/program\/episode\/11981-les-pepinieres-deurope-s00-e03"]}]},{"@type":"ImageObject","inLanguage":"fr-FR","@id":"https:\/\/www.myzen.tv\/fr\/program\/episode\/11981-les-pepinieres-deurope-s00-e03#primaryimage","url":"https:\/\/www.myzen.tv\/wp-content\/uploads\/2020\/12\/1607522819-chelsea-gardens.jpg","contentUrl":"https:\/\/www.myzen.tv\/wp-content\/uploads\/2020\/12\/1607522819-chelsea-gardens.jpg","width":1280,"height":720},{"@type":"BreadcrumbList","@id":"https:\/\/www.myzen.tv\/fr\/program\/episode\/11981-les-pepinieres-deurope-s00-e03#breadcrumb","itemListElement":[{"@type":"ListItem","position":1,"name":"Home","item":"https:\/\/www.myzen.tv\/fr\/"},{"@type":"ListItem","position":2,"name":"Programs","item":"https:\/\/www.myzen.tv\/fr\/programs\/"},{"@type":"ListItem","position":3,"name":"Changements de vie","item":"https:\/\/www.myzen.tv\/fr\/categorie\/changements-de-vie\/"},{"@type":"ListItem","position":4,"name":"Les p\u00e9pini\u00e8res d\u2019Europe"}]},{"@type":"WebSite","@id":"https:\/\/www.myzen.tv\/fr\/#website","url":"https:\/\/www.myzen.tv\/fr\/","name":"MyZen TV","description":"Your lifestyle and well-being channel","publisher":{"@id":"https:\/\/www.myzen.tv\/fr\/#organization"},"potentialAction":[{"@type":"SearchAction","target":{"@type":"EntryPoint","urlTemplate":"https:\/\/www.myzen.tv\/fr\/?s={search_term_string}"},"query-input":{"@type":"PropertyValueSpecification","valueRequired":true,"valueName":"search_term_string"}}],"inLanguage":"fr-FR"},{"@type":"Organization","@id":"https:\/\/www.myzen.tv\/fr\/#organization","name":"MyZen TV","url":"https:\/\/www.myzen.tv\/fr\/","logo":{"@type":"ImageObject","inLanguage":"fr-FR","@id":"https:\/\/www.myzen.tv\/fr\/#\/schema\/logo\/image\/","url":"https:\/\/www.myzen.tv\/wp-content\/uploads\/2021\/05\/cropped-ICON_MZtv-LOGO_firetv640-1-1.png","contentUrl":"https:\/\/www.myzen.tv\/wp-content\/uploads\/2021\/05\/cropped-ICON_MZtv-LOGO_firetv640-1-1.png","width":512,"height":512,"caption":"MyZen TV"},"image":{"@id":"https:\/\/www.myzen.tv\/fr\/#\/schema\/logo\/image\/"},"sameAs":["https:\/\/www.facebook.com\/myzen.tv.fr\/","https:\/\/www.instagram.com\/myzentv\/"]}]}},"status_options":[{"label":"Inactive","value":"inactive"}],"_links":{"self":[{"href":"https:\/\/www.myzen.tv\/fr\/wp-json\/wp\/v2\/programs\/1630512","targetHints":{"allow":["GET"]}}],"collection":[{"href":"https:\/\/www.myzen.tv\/fr\/wp-json\/wp\/v2\/programs"}],"about":[{"href":"https:\/\/www.myzen.tv\/fr\/wp-json\/wp\/v2\/types\/program"}],"wp:featuredmedia":[{"embeddable":true,"href":"https:\/\/www.myzen.tv\/fr\/wp-json\/wp\/v2\/media\/1535668"}],"wp:attachment":[{"href":"https:\/\/www.myzen.tv\/fr\/wp-json\/wp\/v2\/media?parent=1630512"}],"wp:term":[{"taxonomy":"program_type","embeddable":true,"href":"https:\/\/www.myzen.tv\/fr\/wp-json\/wp\/v2\/program_type?post=1630512"},{"taxonomy":"group","embeddable":true,"href":"https:\/\/www.myzen.tv\/fr\/wp-json\/wp\/v2\/group?post=1630512"},{"taxonomy":"d_category","embeddable":true,"href":"https:\/\/www.myzen.tv\/fr\/wp-json\/wp\/v2\/d_category?post=1630512"},{"taxonomy":"genre","embeddable":true,"href":"https:\/\/www.myzen.tv\/fr\/wp-json\/wp\/v2\/genre?post=1630512"}],"curies":[{"name":"wp","href":"https:\/\/api.w.org\/{rel}","templated":true}]}}

Les pépinières d’Europe

<p>Charlie et Mick, son paysagiste, se rendent en Europe pour y visiter des pépinières disséminées en Ecosse, en Belgique et aux Pays-Bas. Ils repèrent les plantes prometteuses et rencontrent les pépiniéristes qui feront du rêve de Charlie une réalité. De retour en Australie, Charlie poste le formulaire de candidature avec le design intégral de son jardin. Après une longue attente, il reçoit enfin la réponse&#8230; Positive ! Son jardin est accepté ! mais l’excitation de Mick est de courte durée : Charlie révèle qu’il vient de perdre le sponsor principal de son projet. Sans investisseur, Charlie devra hypothéquer sa maison familiale&#8230;</p>

<p>Charlie et Mick, son paysagiste, se rendent en Europe pour y visiter des pépinières disséminées en Ecosse, en Belgique et aux Pays-Bas.</p>

<!-- This site is optimized with the Yoast SEO plugin v24.0 - https://yoast.com/wordpress/plugins/seo/ -->
<title>Les pépinières d’Europe - MyZen TV</title>
<meta name="robots" content="index, follow, max-snippet:-1, max-image-preview:large, max-video-preview:-1" />
<link rel="canonical" href="https://www.myzen.tv/fr/program/episode/11981-les-pepinieres-deurope-s00-e03/" />
<meta property="og:locale" content="fr_FR" />
<meta property="og:type" content="article" />
<meta property="og:title" content="Les pépinières d’Europe - MyZen TV" />
<meta property="og:description" content="Charlie et Mick, son paysagiste, se rendent en Europe pour y visiter des pépinières disséminées en Ecosse, en Belgique et aux Pays-Bas." />
<meta property="og:url" content="https://www.myzen.tv/fr/program/episode/11981-les-pepinieres-deurope-s00-e03" />
<meta property="og:site_name" content="MyZen TV" />
<meta property="article:publisher" content="https://www.facebook.com/myzen.tv.fr/" />
<meta property="article:modified_time" content="2026-01-25T05:32:22+00:00" />
<meta property="og:image" content="https://www.myzen.tv/wp-content/uploads/2020/12/1607522819-chelsea-gardens.jpg" />
	<meta property="og:image:width" content="1280" />
	<meta property="og:image:height" content="720" />
	<meta property="og:image:type" content="image/jpeg" />
<meta name="twitter:card" content="summary_large_image" />
<meta name="twitter:label1" content="Durée de lecture estimée" />
	<meta name="twitter:data1" content="1 minute" />
<!-- / Yoast SEO plugin. -->

Les pépinières d’Europe - MyZen TV

Charlie et Mick, son paysagiste, se rendent en Europe pour y visiter des pépinières disséminées en Ecosse, en Belgique et aux Pays-Bas.
