{"id":1630600,"date":"2021-03-02T11:08:04","date_gmt":"2021-03-02T11:08:04","guid":{"rendered":"https:\/\/www.myzen.tv\/?post_type=programs&#038;p=1630600"},"modified":"2026-04-28T10:08:50","modified_gmt":"2026-04-28T10:08:50","slug":"9707-laurence-sala-s00-e06","status":"publish","type":"program","link":"https:\/\/www.myzen.tv\/fr\/program\/episode\/9707-laurence-sala-s00-e06","title":{"rendered":"Laurence Sala"},"content":{"rendered":"<p>Il aura fallu un burnout et plusieurs fausses couches a\u0300 Laurence pour prendre un nouveau chemin. C\u2019est finalement un mal pour un bien. Tout au long de ses e\u0301preuves, Laurence saura e\u0301couter ses besoins, ses envies et ses passions. Avec une surprise a\u0300 la cle\u0301, suivez Laurence dans sa la vie de maman et de naturopathe.<\/p>\n","protected":false},"excerpt":{"rendered":"<p>Dans cet \u00e9pisode, nous suivrons Laurence, une maman qui a v\u00e9cu des moments de vie difficiles et qui a su \u00e9couter ses besoins, ses envies et ses passions pour devenir naturopathe.<\/p>\n","protected":false},"featured_media":1569155,"parent":0,"menu_order":0,"template":"","format":"standard","meta":{"episode_type":"","audio_file":"","cover_image":"","cover_image_id":"","duration":"00:13:00","filesize":"","date_recorded":"","explicit":"","block":"","itunes_episode_number":"","itunes_title":"","itunes_season_number":"","itunes_episode_type":"","filesize_raw":""},"program_type":[32],"group":[270],"d_category":[1174],"genre":[1381],"class_list":["post-1630600","program","type-program","status-publish","format-standard","has-post-thumbnail","hentry","program_type-episode","group-life-changes","d_category-life-changes","genre-portrait"],"yoast_head":"<!-- This site is optimized with the Yoast SEO plugin v24.0 - https:\/\/yoast.com\/wordpress\/plugins\/seo\/ -->\n<title>Laurence Sala - MyZen TV<\/title>\n<meta name=\"robots\" content=\"index, follow, max-snippet:-1, max-image-preview:large, max-video-preview:-1\" \/>\n<link rel=\"canonical\" href=\"https:\/\/www.myzen.tv\/fr\/program\/episode\/9707-laurence-sala-s00-e06\/\" \/>\n<meta property=\"og:locale\" content=\"fr_FR\" \/>\n<meta property=\"og:type\" content=\"article\" \/>\n<meta property=\"og:title\" content=\"Laurence Sala - MyZen TV\" \/>\n<meta property=\"og:description\" content=\"Dans cet \u00e9pisode, nous suivrons Laurence, une maman qui a v\u00e9cu des moments de vie difficiles et qui a su \u00e9couter ses besoins, ses envies et ses passions pour devenir naturopathe.\" \/>\n<meta property=\"og:url\" content=\"https:\/\/www.myzen.tv\/fr\/program\/episode\/9707-laurence-sala-s00-e06\" \/>\n<meta property=\"og:site_name\" content=\"MyZen TV\" \/>\n<meta property=\"article:publisher\" content=\"https:\/\/www.facebook.com\/myzen.tv.fr\/\" \/>\n<meta property=\"article:modified_time\" content=\"2026-04-28T10:08:50+00:00\" \/>\n<meta property=\"og:image\" content=\"https:\/\/www.myzen.tv\/wp-content\/uploads\/2021\/02\/my-zen-people-s2-6-laurence-sala.jpg\" \/>\n\t<meta property=\"og:image:width\" content=\"1280\" \/>\n\t<meta property=\"og:image:height\" content=\"720\" \/>\n\t<meta property=\"og:image:type\" content=\"image\/jpeg\" \/>\n<meta name=\"twitter:card\" content=\"summary_large_image\" \/>\n<!-- \/ Yoast SEO plugin. -->","yoast_head_json":{"title":"Laurence Sala - MyZen TV","robots":{"index":"index","follow":"follow","max-snippet":"max-snippet:-1","max-image-preview":"max-image-preview:large","max-video-preview":"max-video-preview:-1"},"canonical":"https:\/\/www.myzen.tv\/fr\/program\/episode\/9707-laurence-sala-s00-e06\/","og_locale":"fr_FR","og_type":"article","og_title":"Laurence Sala - MyZen TV","og_description":"Dans cet \u00e9pisode, nous suivrons Laurence, une maman qui a v\u00e9cu des moments de vie difficiles et qui a su \u00e9couter ses besoins, ses envies et ses passions pour devenir naturopathe.","og_url":"https:\/\/www.myzen.tv\/fr\/program\/episode\/9707-laurence-sala-s00-e06","og_site_name":"MyZen TV","article_publisher":"https:\/\/www.facebook.com\/myzen.tv.fr\/","article_modified_time":"2026-04-28T10:08:50+00:00","og_image":[{"width":1280,"height":720,"url":"https:\/\/www.myzen.tv\/wp-content\/uploads\/2021\/02\/my-zen-people-s2-6-laurence-sala.jpg","type":"image\/jpeg"}],"twitter_card":"summary_large_image","schema":{"@context":"https:\/\/schema.org","@graph":[{"@type":"WebPage","@id":"https:\/\/www.myzen.tv\/fr\/program\/episode\/9707-laurence-sala-s00-e06","url":"https:\/\/www.myzen.tv\/fr\/program\/episode\/9707-laurence-sala-s00-e06","name":"Laurence Sala - MyZen TV","isPartOf":{"@id":"https:\/\/www.myzen.tv\/fr\/#website"},"primaryImageOfPage":{"@id":"https:\/\/www.myzen.tv\/fr\/program\/episode\/9707-laurence-sala-s00-e06#primaryimage"},"image":{"@id":"https:\/\/www.myzen.tv\/fr\/program\/episode\/9707-laurence-sala-s00-e06#primaryimage"},"thumbnailUrl":"https:\/\/www.myzen.tv\/wp-content\/uploads\/2021\/02\/my-zen-people-s2-6-laurence-sala.jpg","datePublished":"2021-03-02T11:08:04+00:00","dateModified":"2026-04-28T10:08:50+00:00","breadcrumb":{"@id":"https:\/\/www.myzen.tv\/fr\/program\/episode\/9707-laurence-sala-s00-e06#breadcrumb"},"inLanguage":"fr-FR","potentialAction":[{"@type":"ReadAction","target":["https:\/\/www.myzen.tv\/fr\/program\/episode\/9707-laurence-sala-s00-e06"]}]},{"@type":"ImageObject","inLanguage":"fr-FR","@id":"https:\/\/www.myzen.tv\/fr\/program\/episode\/9707-laurence-sala-s00-e06#primaryimage","url":"https:\/\/www.myzen.tv\/wp-content\/uploads\/2021\/02\/my-zen-people-s2-6-laurence-sala.jpg","contentUrl":"https:\/\/www.myzen.tv\/wp-content\/uploads\/2021\/02\/my-zen-people-s2-6-laurence-sala.jpg","width":1280,"height":720,"caption":"They have changed their lives to follow their passions, even if that means leaving everything behind\u2026"},{"@type":"BreadcrumbList","@id":"https:\/\/www.myzen.tv\/fr\/program\/episode\/9707-laurence-sala-s00-e06#breadcrumb","itemListElement":[{"@type":"ListItem","position":1,"name":"Home","item":"https:\/\/www.myzen.tv\/fr\/"},{"@type":"ListItem","position":2,"name":"Programs","item":"https:\/\/www.myzen.tv\/fr\/programs\/"},{"@type":"ListItem","position":3,"name":"Laurence Sala"}]},{"@type":"WebSite","@id":"https:\/\/www.myzen.tv\/fr\/#website","url":"https:\/\/www.myzen.tv\/fr\/","name":"MyZen TV","description":"Your lifestyle and well-being channel","publisher":{"@id":"https:\/\/www.myzen.tv\/fr\/#organization"},"potentialAction":[{"@type":"SearchAction","target":{"@type":"EntryPoint","urlTemplate":"https:\/\/www.myzen.tv\/fr\/?s={search_term_string}"},"query-input":{"@type":"PropertyValueSpecification","valueRequired":true,"valueName":"search_term_string"}}],"inLanguage":"fr-FR"},{"@type":"Organization","@id":"https:\/\/www.myzen.tv\/fr\/#organization","name":"MyZen TV","url":"https:\/\/www.myzen.tv\/fr\/","logo":{"@type":"ImageObject","inLanguage":"fr-FR","@id":"https:\/\/www.myzen.tv\/fr\/#\/schema\/logo\/image\/","url":"https:\/\/www.myzen.tv\/wp-content\/uploads\/2021\/05\/cropped-ICON_MZtv-LOGO_firetv640-1-1.png","contentUrl":"https:\/\/www.myzen.tv\/wp-content\/uploads\/2021\/05\/cropped-ICON_MZtv-LOGO_firetv640-1-1.png","width":512,"height":512,"caption":"MyZen TV"},"image":{"@id":"https:\/\/www.myzen.tv\/fr\/#\/schema\/logo\/image\/"},"sameAs":["https:\/\/www.facebook.com\/myzen.tv.fr\/","https:\/\/www.instagram.com\/myzentv\/"]}]}},"status_options":[{"label":"Inactive","value":"inactive"}],"_links":{"self":[{"href":"https:\/\/www.myzen.tv\/fr\/wp-json\/wp\/v2\/programs\/1630600","targetHints":{"allow":["GET"]}}],"collection":[{"href":"https:\/\/www.myzen.tv\/fr\/wp-json\/wp\/v2\/programs"}],"about":[{"href":"https:\/\/www.myzen.tv\/fr\/wp-json\/wp\/v2\/types\/program"}],"wp:featuredmedia":[{"embeddable":true,"href":"https:\/\/www.myzen.tv\/fr\/wp-json\/wp\/v2\/media\/1569155"}],"wp:attachment":[{"href":"https:\/\/www.myzen.tv\/fr\/wp-json\/wp\/v2\/media?parent=1630600"}],"wp:term":[{"taxonomy":"program_type","embeddable":true,"href":"https:\/\/www.myzen.tv\/fr\/wp-json\/wp\/v2\/program_type?post=1630600"},{"taxonomy":"group","embeddable":true,"href":"https:\/\/www.myzen.tv\/fr\/wp-json\/wp\/v2\/group?post=1630600"},{"taxonomy":"d_category","embeddable":true,"href":"https:\/\/www.myzen.tv\/fr\/wp-json\/wp\/v2\/d_category?post=1630600"},{"taxonomy":"genre","embeddable":true,"href":"https:\/\/www.myzen.tv\/fr\/wp-json\/wp\/v2\/genre?post=1630600"}],"curies":[{"name":"wp","href":"https:\/\/api.w.org\/{rel}","templated":true}]}}

<p>Dans cet épisode, nous suivrons Laurence, une maman qui a vécu des moments de vie difficiles et qui a su écouter ses besoins, ses envies et ses passions pour devenir naturopathe.</p>

<!-- This site is optimized with the Yoast SEO plugin v24.0 - https://yoast.com/wordpress/plugins/seo/ -->
<title>Laurence Sala - MyZen TV</title>
<meta name="robots" content="index, follow, max-snippet:-1, max-image-preview:large, max-video-preview:-1" />
<link rel="canonical" href="https://www.myzen.tv/fr/program/episode/9707-laurence-sala-s00-e06/" />
<meta property="og:locale" content="fr_FR" />
<meta property="og:type" content="article" />
<meta property="og:title" content="Laurence Sala - MyZen TV" />
<meta property="og:description" content="Dans cet épisode, nous suivrons Laurence, une maman qui a vécu des moments de vie difficiles et qui a su écouter ses besoins, ses envies et ses passions pour devenir naturopathe." />
<meta property="og:url" content="https://www.myzen.tv/fr/program/episode/9707-laurence-sala-s00-e06" />
<meta property="og:site_name" content="MyZen TV" />
<meta property="article:publisher" content="https://www.facebook.com/myzen.tv.fr/" />
<meta property="article:modified_time" content="2026-04-28T10:08:50+00:00" />
<meta property="og:image" content="https://www.myzen.tv/wp-content/uploads/2021/02/my-zen-people-s2-6-laurence-sala.jpg" />
	<meta property="og:image:width" content="1280" />
	<meta property="og:image:height" content="720" />
	<meta property="og:image:type" content="image/jpeg" />
<meta name="twitter:card" content="summary_large_image" />
<!-- / Yoast SEO plugin. -->

Dans cet épisode, nous suivrons Laurence, une maman qui a vécu des moments de vie difficiles et qui a su écouter ses besoins, ses envies et ses passions pour devenir naturopathe.
