{"id":1630625,"date":"2021-03-02T11:08:13","date_gmt":"2021-03-02T11:08:13","guid":{"rendered":"https:\/\/www.myzen.tv\/?post_type=programs&#038;p=1630625"},"modified":"2026-04-28T10:09:48","modified_gmt":"2026-04-28T10:09:48","slug":"12379-laetitia-alpes-s00-e08","status":"publish","type":"program","link":"https:\/\/www.myzen.tv\/fr\/program\/episode\/12379-laetitia-alpes-s00-e08","title":{"rendered":"Laetitia (Alpes)"},"content":{"rendered":"<p>Alors enceinte de sa fille, Laetitia, une ancienne journaliste, se sentit prise d\u2019un vif d\u00e9sir de changer de mode de vie et de s\u2019installer \u00e0 la campagne. Se souvenant des enseignements de sa grand-m\u00e8re, elle commen\u00e7a \u00e0 s\u2019aventurer dans les paysages des Alpes et \u00e0 \u00e9tudier les diff\u00e9rentes plantes qu\u2019elle trouvait sous ses doigts.<br \/>\nAujourd\u2019hui, elle est d\u00e9positaire d\u2019un savoir encyclop\u00e9dique sur les vertus m\u00e9dicinales et aromath\u00e9rapiques des plantes, savoir qu\u2019elle met \u00e0 profit dans la fabrication de produits naturels. Avec un profond respect pour l\u2019environnement, Laetitia ne r\u00e9colte que le strict n\u00e9cessaire \u00e0 la fabrication de ses infusions. <\/p>\n","protected":false},"excerpt":{"rendered":"<p>Alors enceinte de sa fille, Laetitia, une ancienne journaliste, se sentit prise d\u2019un vif d\u00e9sir de changer de mode de vie et de s\u2019installer \u00e0 la campagne dans les Alpes.<\/p>\n","protected":false},"featured_media":1534355,"parent":0,"menu_order":0,"template":"","format":"standard","meta":{"episode_type":"","audio_file":"","cover_image":"","cover_image_id":"","duration":"00:13:00","filesize":"","date_recorded":"","explicit":"","block":"","itunes_episode_number":"","itunes_title":"","itunes_season_number":"","itunes_episode_type":"","filesize_raw":""},"program_type":[32],"group":[270],"d_category":[1174],"genre":[1381],"class_list":["post-1630625","program","type-program","status-publish","format-standard","has-post-thumbnail","hentry","program_type-episode","group-life-changes","d_category-life-changes","genre-portrait"],"yoast_head":"<!-- This site is optimized with the Yoast SEO plugin v24.0 - https:\/\/yoast.com\/wordpress\/plugins\/seo\/ -->\n<title>Laetitia (Alpes) - MyZen TV<\/title>\n<meta name=\"robots\" content=\"index, follow, max-snippet:-1, max-image-preview:large, max-video-preview:-1\" \/>\n<link rel=\"canonical\" href=\"https:\/\/www.myzen.tv\/fr\/program\/episode\/12379-laetitia-alpes-s00-e08\/\" \/>\n<meta property=\"og:locale\" content=\"fr_FR\" \/>\n<meta property=\"og:type\" content=\"article\" \/>\n<meta property=\"og:title\" content=\"Laetitia (Alpes) - MyZen TV\" \/>\n<meta property=\"og:description\" content=\"Alors enceinte de sa fille, Laetitia, une ancienne journaliste, se sentit prise d\u2019un vif d\u00e9sir de changer de mode de vie et de s\u2019installer \u00e0 la campagne dans les Alpes.\" \/>\n<meta property=\"og:url\" content=\"https:\/\/www.myzen.tv\/fr\/program\/episode\/12379-laetitia-alpes-s00-e08\" \/>\n<meta property=\"og:site_name\" content=\"MyZen TV\" \/>\n<meta property=\"article:publisher\" content=\"https:\/\/www.facebook.com\/myzen.tv.fr\/\" \/>\n<meta property=\"article:modified_time\" content=\"2026-04-28T10:09:48+00:00\" \/>\n<meta property=\"og:image\" content=\"https:\/\/www.myzen.tv\/wp-content\/uploads\/2020\/12\/1607521341-my-zen-people.jpg\" \/>\n\t<meta property=\"og:image:width\" content=\"1280\" \/>\n\t<meta property=\"og:image:height\" content=\"720\" \/>\n\t<meta property=\"og:image:type\" content=\"image\/jpeg\" \/>\n<meta name=\"twitter:card\" content=\"summary_large_image\" \/>\n<meta name=\"twitter:label1\" content=\"Dur\u00e9e de lecture estim\u00e9e\" \/>\n\t<meta name=\"twitter:data1\" content=\"1 minute\" \/>\n<!-- \/ Yoast SEO plugin. -->","yoast_head_json":{"title":"Laetitia (Alpes) - MyZen TV","robots":{"index":"index","follow":"follow","max-snippet":"max-snippet:-1","max-image-preview":"max-image-preview:large","max-video-preview":"max-video-preview:-1"},"canonical":"https:\/\/www.myzen.tv\/fr\/program\/episode\/12379-laetitia-alpes-s00-e08\/","og_locale":"fr_FR","og_type":"article","og_title":"Laetitia (Alpes) - MyZen TV","og_description":"Alors enceinte de sa fille, Laetitia, une ancienne journaliste, se sentit prise d\u2019un vif d\u00e9sir de changer de mode de vie et de s\u2019installer \u00e0 la campagne dans les Alpes.","og_url":"https:\/\/www.myzen.tv\/fr\/program\/episode\/12379-laetitia-alpes-s00-e08","og_site_name":"MyZen TV","article_publisher":"https:\/\/www.facebook.com\/myzen.tv.fr\/","article_modified_time":"2026-04-28T10:09:48+00:00","og_image":[{"width":1280,"height":720,"url":"https:\/\/www.myzen.tv\/wp-content\/uploads\/2020\/12\/1607521341-my-zen-people.jpg","type":"image\/jpeg"}],"twitter_card":"summary_large_image","twitter_misc":{"Dur\u00e9e de lecture estim\u00e9e":"1 minute"},"schema":{"@context":"https:\/\/schema.org","@graph":[{"@type":"WebPage","@id":"https:\/\/www.myzen.tv\/fr\/program\/episode\/12379-laetitia-alpes-s00-e08","url":"https:\/\/www.myzen.tv\/fr\/program\/episode\/12379-laetitia-alpes-s00-e08","name":"Laetitia (Alpes) - MyZen TV","isPartOf":{"@id":"https:\/\/www.myzen.tv\/fr\/#website"},"primaryImageOfPage":{"@id":"https:\/\/www.myzen.tv\/fr\/program\/episode\/12379-laetitia-alpes-s00-e08#primaryimage"},"image":{"@id":"https:\/\/www.myzen.tv\/fr\/program\/episode\/12379-laetitia-alpes-s00-e08#primaryimage"},"thumbnailUrl":"https:\/\/www.myzen.tv\/wp-content\/uploads\/2020\/12\/1607521341-my-zen-people.jpg","datePublished":"2021-03-02T11:08:13+00:00","dateModified":"2026-04-28T10:09:48+00:00","breadcrumb":{"@id":"https:\/\/www.myzen.tv\/fr\/program\/episode\/12379-laetitia-alpes-s00-e08#breadcrumb"},"inLanguage":"fr-FR","potentialAction":[{"@type":"ReadAction","target":["https:\/\/www.myzen.tv\/fr\/program\/episode\/12379-laetitia-alpes-s00-e08"]}]},{"@type":"ImageObject","inLanguage":"fr-FR","@id":"https:\/\/www.myzen.tv\/fr\/program\/episode\/12379-laetitia-alpes-s00-e08#primaryimage","url":"https:\/\/www.myzen.tv\/wp-content\/uploads\/2020\/12\/1607521341-my-zen-people.jpg","contentUrl":"https:\/\/www.myzen.tv\/wp-content\/uploads\/2020\/12\/1607521341-my-zen-people.jpg","width":1280,"height":720},{"@type":"BreadcrumbList","@id":"https:\/\/www.myzen.tv\/fr\/program\/episode\/12379-laetitia-alpes-s00-e08#breadcrumb","itemListElement":[{"@type":"ListItem","position":1,"name":"Home","item":"https:\/\/www.myzen.tv\/fr\/"},{"@type":"ListItem","position":2,"name":"Programs","item":"https:\/\/www.myzen.tv\/fr\/programs\/"},{"@type":"ListItem","position":3,"name":"Laetitia (Alpes)"}]},{"@type":"WebSite","@id":"https:\/\/www.myzen.tv\/fr\/#website","url":"https:\/\/www.myzen.tv\/fr\/","name":"MyZen TV","description":"Your lifestyle and well-being channel","publisher":{"@id":"https:\/\/www.myzen.tv\/fr\/#organization"},"potentialAction":[{"@type":"SearchAction","target":{"@type":"EntryPoint","urlTemplate":"https:\/\/www.myzen.tv\/fr\/?s={search_term_string}"},"query-input":{"@type":"PropertyValueSpecification","valueRequired":true,"valueName":"search_term_string"}}],"inLanguage":"fr-FR"},{"@type":"Organization","@id":"https:\/\/www.myzen.tv\/fr\/#organization","name":"MyZen TV","url":"https:\/\/www.myzen.tv\/fr\/","logo":{"@type":"ImageObject","inLanguage":"fr-FR","@id":"https:\/\/www.myzen.tv\/fr\/#\/schema\/logo\/image\/","url":"https:\/\/www.myzen.tv\/wp-content\/uploads\/2021\/05\/cropped-ICON_MZtv-LOGO_firetv640-1-1.png","contentUrl":"https:\/\/www.myzen.tv\/wp-content\/uploads\/2021\/05\/cropped-ICON_MZtv-LOGO_firetv640-1-1.png","width":512,"height":512,"caption":"MyZen TV"},"image":{"@id":"https:\/\/www.myzen.tv\/fr\/#\/schema\/logo\/image\/"},"sameAs":["https:\/\/www.facebook.com\/myzen.tv.fr\/","https:\/\/www.instagram.com\/myzentv\/"]}]}},"status_options":[{"label":"Inactive","value":"inactive"}],"_links":{"self":[{"href":"https:\/\/www.myzen.tv\/fr\/wp-json\/wp\/v2\/programs\/1630625","targetHints":{"allow":["GET"]}}],"collection":[{"href":"https:\/\/www.myzen.tv\/fr\/wp-json\/wp\/v2\/programs"}],"about":[{"href":"https:\/\/www.myzen.tv\/fr\/wp-json\/wp\/v2\/types\/program"}],"wp:featuredmedia":[{"embeddable":true,"href":"https:\/\/www.myzen.tv\/fr\/wp-json\/wp\/v2\/media\/1534355"}],"wp:attachment":[{"href":"https:\/\/www.myzen.tv\/fr\/wp-json\/wp\/v2\/media?parent=1630625"}],"wp:term":[{"taxonomy":"program_type","embeddable":true,"href":"https:\/\/www.myzen.tv\/fr\/wp-json\/wp\/v2\/program_type?post=1630625"},{"taxonomy":"group","embeddable":true,"href":"https:\/\/www.myzen.tv\/fr\/wp-json\/wp\/v2\/group?post=1630625"},{"taxonomy":"d_category","embeddable":true,"href":"https:\/\/www.myzen.tv\/fr\/wp-json\/wp\/v2\/d_category?post=1630625"},{"taxonomy":"genre","embeddable":true,"href":"https:\/\/www.myzen.tv\/fr\/wp-json\/wp\/v2\/genre?post=1630625"}],"curies":[{"name":"wp","href":"https:\/\/api.w.org\/{rel}","templated":true}]}}

<p>Alors enceinte de sa fille, Laetitia, une ancienne journaliste, se sentit prise d’un vif désir de changer de mode de vie et de s’installer à la campagne. Se souvenant des enseignements de sa grand-mère, elle commença à s’aventurer dans les paysages des Alpes et à étudier les différentes plantes qu’elle trouvait sous ses doigts.<br />
Aujourd’hui, elle est dépositaire d’un savoir encyclopédique sur les vertus médicinales et aromathérapiques des plantes, savoir qu’elle met à profit dans la fabrication de produits naturels. Avec un profond respect pour l’environnement, Laetitia ne récolte que le strict nécessaire à la fabrication de ses infusions. </p>

<p>Alors enceinte de sa fille, Laetitia, une ancienne journaliste, se sentit prise d’un vif désir de changer de mode de vie et de s’installer à la campagne dans les Alpes.</p>

<!-- This site is optimized with the Yoast SEO plugin v24.0 - https://yoast.com/wordpress/plugins/seo/ -->
<title>Laetitia (Alpes) - MyZen TV</title>
<meta name="robots" content="index, follow, max-snippet:-1, max-image-preview:large, max-video-preview:-1" />
<link rel="canonical" href="https://www.myzen.tv/fr/program/episode/12379-laetitia-alpes-s00-e08/" />
<meta property="og:locale" content="fr_FR" />
<meta property="og:type" content="article" />
<meta property="og:title" content="Laetitia (Alpes) - MyZen TV" />
<meta property="og:description" content="Alors enceinte de sa fille, Laetitia, une ancienne journaliste, se sentit prise d’un vif désir de changer de mode de vie et de s’installer à la campagne dans les Alpes." />
<meta property="og:url" content="https://www.myzen.tv/fr/program/episode/12379-laetitia-alpes-s00-e08" />
<meta property="og:site_name" content="MyZen TV" />
<meta property="article:publisher" content="https://www.facebook.com/myzen.tv.fr/" />
<meta property="article:modified_time" content="2026-04-28T10:09:48+00:00" />
<meta property="og:image" content="https://www.myzen.tv/wp-content/uploads/2020/12/1607521341-my-zen-people.jpg" />
	<meta property="og:image:width" content="1280" />
	<meta property="og:image:height" content="720" />
	<meta property="og:image:type" content="image/jpeg" />
<meta name="twitter:card" content="summary_large_image" />
<meta name="twitter:label1" content="Durée de lecture estimée" />
	<meta name="twitter:data1" content="1 minute" />
<!-- / Yoast SEO plugin. -->

Alors enceinte de sa fille, Laetitia, une ancienne journaliste, se sentit prise d’un vif désir de changer de mode de vie et de s’installer à la campagne dans les Alpes.
