{"id":1630628,"date":"2021-03-02T11:08:15","date_gmt":"2021-03-02T11:08:15","guid":{"rendered":"https:\/\/www.myzen.tv\/?post_type=programs&#038;p=1630628"},"modified":"2026-04-28T10:09:45","modified_gmt":"2026-04-28T10:09:45","slug":"12378-anna-bretagne-s00-e11","status":"publish","type":"program","link":"https:\/\/www.myzen.tv\/fr\/program\/episode\/12378-anna-bretagne-s00-e11","title":{"rendered":"Anna (Bretagne)"},"content":{"rendered":"<p>Le background inhabituel de Anna a servi d\u2019inspiration pour son changement de vie. Ayant d\u00e9marr\u00e9 sa vie professionnelle en tant que dresseuse de loups pour le cin\u00e9ma, elle en vint \u00e0 d\u00e9velopper un amour profond pour les animaux. Finalement lass\u00e9e de les voir utilis\u00e9s comme des accessoires et constamment enferm\u00e9s en cage, elle se d\u00e9cida \u00e0 laisser le monde du show-business derri\u00e8re elle et \u00e0 d\u00e9marrer un \u00e9levage de moutons et brebis \u00e9co-responsable. Afin de partager sa passion pour les animaux, elle a \u00e9galement ouvert une ferme-t\u00e9moin o\u00f9 les visiteurs peuvent partager la joie de la vie dans la nature. Elle fait aussi un excellent fromage de ch\u00e8vre, ce qui ne g\u00e2che rien ! <\/p>\n","protected":false},"excerpt":{"rendered":"<p>Aujourd\u2019hui, nous rencontrons Anna qui a commenc\u00e9 sa carri\u00e8re en tant que dresseuse de loups pour le cin\u00e9ma, et qui a finalement quitt\u00e9 le monde du show-business pour d\u00e9marrer un \u00e9levage de moutons et de brebis \u00e9co responsable.<\/p>\n","protected":false},"featured_media":1534351,"parent":0,"menu_order":0,"template":"","format":"standard","meta":{"episode_type":"","audio_file":"","cover_image":"","cover_image_id":"","duration":"00:13:00","filesize":"","date_recorded":"","explicit":"","block":"","itunes_episode_number":"","itunes_title":"","itunes_season_number":"","itunes_episode_type":"","filesize_raw":""},"program_type":[32],"group":[270],"d_category":[1174],"genre":[1381],"class_list":["post-1630628","program","type-program","status-publish","format-standard","has-post-thumbnail","hentry","program_type-episode","group-life-changes","d_category-life-changes","genre-portrait"],"yoast_head":"<!-- This site is optimized with the Yoast SEO plugin v24.0 - https:\/\/yoast.com\/wordpress\/plugins\/seo\/ -->\n<title>Anna (Bretagne) - MyZen TV<\/title>\n<meta name=\"robots\" content=\"index, follow, max-snippet:-1, max-image-preview:large, max-video-preview:-1\" \/>\n<link rel=\"canonical\" href=\"https:\/\/www.myzen.tv\/fr\/program\/episode\/12378-anna-bretagne-s00-e11\/\" \/>\n<meta property=\"og:locale\" content=\"fr_FR\" \/>\n<meta property=\"og:type\" content=\"article\" \/>\n<meta property=\"og:title\" content=\"Anna (Bretagne) - MyZen TV\" \/>\n<meta property=\"og:description\" content=\"Aujourd\u2019hui, nous rencontrons Anna qui a commenc\u00e9 sa carri\u00e8re en tant que dresseuse de loups pour le cin\u00e9ma, et qui a finalement quitt\u00e9 le monde du show-business pour d\u00e9marrer un \u00e9levage de moutons et de brebis \u00e9co responsable.\" \/>\n<meta property=\"og:url\" content=\"https:\/\/www.myzen.tv\/fr\/program\/episode\/12378-anna-bretagne-s00-e11\" \/>\n<meta property=\"og:site_name\" content=\"MyZen TV\" \/>\n<meta property=\"article:publisher\" content=\"https:\/\/www.facebook.com\/myzen.tv.fr\/\" \/>\n<meta property=\"article:modified_time\" content=\"2026-04-28T10:09:45+00:00\" \/>\n<meta property=\"og:image\" content=\"https:\/\/www.myzen.tv\/wp-content\/uploads\/2020\/12\/1607521340-my-zen-people.jpg\" \/>\n\t<meta property=\"og:image:width\" content=\"1280\" \/>\n\t<meta property=\"og:image:height\" content=\"720\" \/>\n\t<meta property=\"og:image:type\" content=\"image\/jpeg\" \/>\n<meta name=\"twitter:card\" content=\"summary_large_image\" \/>\n<meta name=\"twitter:label1\" content=\"Dur\u00e9e de lecture estim\u00e9e\" \/>\n\t<meta name=\"twitter:data1\" content=\"1 minute\" \/>\n<!-- \/ Yoast SEO plugin. -->","yoast_head_json":{"title":"Anna (Bretagne) - MyZen TV","robots":{"index":"index","follow":"follow","max-snippet":"max-snippet:-1","max-image-preview":"max-image-preview:large","max-video-preview":"max-video-preview:-1"},"canonical":"https:\/\/www.myzen.tv\/fr\/program\/episode\/12378-anna-bretagne-s00-e11\/","og_locale":"fr_FR","og_type":"article","og_title":"Anna (Bretagne) - MyZen TV","og_description":"Aujourd\u2019hui, nous rencontrons Anna qui a commenc\u00e9 sa carri\u00e8re en tant que dresseuse de loups pour le cin\u00e9ma, et qui a finalement quitt\u00e9 le monde du show-business pour d\u00e9marrer un \u00e9levage de moutons et de brebis \u00e9co responsable.","og_url":"https:\/\/www.myzen.tv\/fr\/program\/episode\/12378-anna-bretagne-s00-e11","og_site_name":"MyZen TV","article_publisher":"https:\/\/www.facebook.com\/myzen.tv.fr\/","article_modified_time":"2026-04-28T10:09:45+00:00","og_image":[{"width":1280,"height":720,"url":"https:\/\/www.myzen.tv\/wp-content\/uploads\/2020\/12\/1607521340-my-zen-people.jpg","type":"image\/jpeg"}],"twitter_card":"summary_large_image","twitter_misc":{"Dur\u00e9e de lecture estim\u00e9e":"1 minute"},"schema":{"@context":"https:\/\/schema.org","@graph":[{"@type":"WebPage","@id":"https:\/\/www.myzen.tv\/fr\/program\/episode\/12378-anna-bretagne-s00-e11","url":"https:\/\/www.myzen.tv\/fr\/program\/episode\/12378-anna-bretagne-s00-e11","name":"Anna (Bretagne) - MyZen TV","isPartOf":{"@id":"https:\/\/www.myzen.tv\/fr\/#website"},"primaryImageOfPage":{"@id":"https:\/\/www.myzen.tv\/fr\/program\/episode\/12378-anna-bretagne-s00-e11#primaryimage"},"image":{"@id":"https:\/\/www.myzen.tv\/fr\/program\/episode\/12378-anna-bretagne-s00-e11#primaryimage"},"thumbnailUrl":"https:\/\/www.myzen.tv\/wp-content\/uploads\/2020\/12\/1607521340-my-zen-people.jpg","datePublished":"2021-03-02T11:08:15+00:00","dateModified":"2026-04-28T10:09:45+00:00","breadcrumb":{"@id":"https:\/\/www.myzen.tv\/fr\/program\/episode\/12378-anna-bretagne-s00-e11#breadcrumb"},"inLanguage":"fr-FR","potentialAction":[{"@type":"ReadAction","target":["https:\/\/www.myzen.tv\/fr\/program\/episode\/12378-anna-bretagne-s00-e11"]}]},{"@type":"ImageObject","inLanguage":"fr-FR","@id":"https:\/\/www.myzen.tv\/fr\/program\/episode\/12378-anna-bretagne-s00-e11#primaryimage","url":"https:\/\/www.myzen.tv\/wp-content\/uploads\/2020\/12\/1607521340-my-zen-people.jpg","contentUrl":"https:\/\/www.myzen.tv\/wp-content\/uploads\/2020\/12\/1607521340-my-zen-people.jpg","width":1280,"height":720},{"@type":"BreadcrumbList","@id":"https:\/\/www.myzen.tv\/fr\/program\/episode\/12378-anna-bretagne-s00-e11#breadcrumb","itemListElement":[{"@type":"ListItem","position":1,"name":"Home","item":"https:\/\/www.myzen.tv\/fr\/"},{"@type":"ListItem","position":2,"name":"Programs","item":"https:\/\/www.myzen.tv\/fr\/programs\/"},{"@type":"ListItem","position":3,"name":"Anna (Bretagne)"}]},{"@type":"WebSite","@id":"https:\/\/www.myzen.tv\/fr\/#website","url":"https:\/\/www.myzen.tv\/fr\/","name":"MyZen TV","description":"Your lifestyle and well-being channel","publisher":{"@id":"https:\/\/www.myzen.tv\/fr\/#organization"},"potentialAction":[{"@type":"SearchAction","target":{"@type":"EntryPoint","urlTemplate":"https:\/\/www.myzen.tv\/fr\/?s={search_term_string}"},"query-input":{"@type":"PropertyValueSpecification","valueRequired":true,"valueName":"search_term_string"}}],"inLanguage":"fr-FR"},{"@type":"Organization","@id":"https:\/\/www.myzen.tv\/fr\/#organization","name":"MyZen TV","url":"https:\/\/www.myzen.tv\/fr\/","logo":{"@type":"ImageObject","inLanguage":"fr-FR","@id":"https:\/\/www.myzen.tv\/fr\/#\/schema\/logo\/image\/","url":"https:\/\/www.myzen.tv\/wp-content\/uploads\/2021\/05\/cropped-ICON_MZtv-LOGO_firetv640-1-1.png","contentUrl":"https:\/\/www.myzen.tv\/wp-content\/uploads\/2021\/05\/cropped-ICON_MZtv-LOGO_firetv640-1-1.png","width":512,"height":512,"caption":"MyZen TV"},"image":{"@id":"https:\/\/www.myzen.tv\/fr\/#\/schema\/logo\/image\/"},"sameAs":["https:\/\/www.facebook.com\/myzen.tv.fr\/","https:\/\/www.instagram.com\/myzentv\/"]}]}},"status_options":[{"label":"Inactive","value":"inactive"}],"_links":{"self":[{"href":"https:\/\/www.myzen.tv\/fr\/wp-json\/wp\/v2\/programs\/1630628","targetHints":{"allow":["GET"]}}],"collection":[{"href":"https:\/\/www.myzen.tv\/fr\/wp-json\/wp\/v2\/programs"}],"about":[{"href":"https:\/\/www.myzen.tv\/fr\/wp-json\/wp\/v2\/types\/program"}],"wp:featuredmedia":[{"embeddable":true,"href":"https:\/\/www.myzen.tv\/fr\/wp-json\/wp\/v2\/media\/1534351"}],"wp:attachment":[{"href":"https:\/\/www.myzen.tv\/fr\/wp-json\/wp\/v2\/media?parent=1630628"}],"wp:term":[{"taxonomy":"program_type","embeddable":true,"href":"https:\/\/www.myzen.tv\/fr\/wp-json\/wp\/v2\/program_type?post=1630628"},{"taxonomy":"group","embeddable":true,"href":"https:\/\/www.myzen.tv\/fr\/wp-json\/wp\/v2\/group?post=1630628"},{"taxonomy":"d_category","embeddable":true,"href":"https:\/\/www.myzen.tv\/fr\/wp-json\/wp\/v2\/d_category?post=1630628"},{"taxonomy":"genre","embeddable":true,"href":"https:\/\/www.myzen.tv\/fr\/wp-json\/wp\/v2\/genre?post=1630628"}],"curies":[{"name":"wp","href":"https:\/\/api.w.org\/{rel}","templated":true}]}}

<p>Le background inhabituel de Anna a servi d’inspiration pour son changement de vie. Ayant démarré sa vie professionnelle en tant que dresseuse de loups pour le cinéma, elle en vint à développer un amour profond pour les animaux. Finalement lassée de les voir utilisés comme des accessoires et constamment enfermés en cage, elle se décida à laisser le monde du show-business derrière elle et à démarrer un élevage de moutons et brebis éco-responsable. Afin de partager sa passion pour les animaux, elle a également ouvert une ferme-témoin où les visiteurs peuvent partager la joie de la vie dans la nature. Elle fait aussi un excellent fromage de chèvre, ce qui ne gâche rien ! </p>

<p>Aujourd’hui, nous rencontrons Anna qui a commencé sa carrière en tant que dresseuse de loups pour le cinéma, et qui a finalement quitté le monde du show-business pour démarrer un élevage de moutons et de brebis éco responsable.</p>

<!-- This site is optimized with the Yoast SEO plugin v24.0 - https://yoast.com/wordpress/plugins/seo/ -->
<title>Anna (Bretagne) - MyZen TV</title>
<meta name="robots" content="index, follow, max-snippet:-1, max-image-preview:large, max-video-preview:-1" />
<link rel="canonical" href="https://www.myzen.tv/fr/program/episode/12378-anna-bretagne-s00-e11/" />
<meta property="og:locale" content="fr_FR" />
<meta property="og:type" content="article" />
<meta property="og:title" content="Anna (Bretagne) - MyZen TV" />
<meta property="og:description" content="Aujourd’hui, nous rencontrons Anna qui a commencé sa carrière en tant que dresseuse de loups pour le cinéma, et qui a finalement quitté le monde du show-business pour démarrer un élevage de moutons et de brebis éco responsable." />
<meta property="og:url" content="https://www.myzen.tv/fr/program/episode/12378-anna-bretagne-s00-e11" />
<meta property="og:site_name" content="MyZen TV" />
<meta property="article:publisher" content="https://www.facebook.com/myzen.tv.fr/" />
<meta property="article:modified_time" content="2026-04-28T10:09:45+00:00" />
<meta property="og:image" content="https://www.myzen.tv/wp-content/uploads/2020/12/1607521340-my-zen-people.jpg" />
	<meta property="og:image:width" content="1280" />
	<meta property="og:image:height" content="720" />
	<meta property="og:image:type" content="image/jpeg" />
<meta name="twitter:card" content="summary_large_image" />
<meta name="twitter:label1" content="Durée de lecture estimée" />
	<meta name="twitter:data1" content="1 minute" />
<!-- / Yoast SEO plugin. -->

Aujourd’hui, nous rencontrons Anna qui a commencé sa carrière en tant que dresseuse de loups pour le cinéma, et qui a finalement quitté le monde du show-business pour démarrer un élevage de moutons et de brebis éco responsable.
