{"id":1630757,"date":"2021-02-17T14:52:31","date_gmt":"2021-02-17T14:52:31","guid":{"rendered":"https:\/\/www.myzen.tv\/programs\/%types_program%s\/9750-yogi-cameron-s02-e09-2\/"},"modified":"2026-01-25T05:05:06","modified_gmt":"2026-01-25T05:05:06","slug":"9750-james-trouble-deficitaire-de-lattention-tda-s00-e09","status":"inactive","type":"program","link":"https:\/\/www.myzen.tv\/fr\/program\/episode\/9750-james-trouble-deficitaire-de-lattention-tda-s00-e09","title":{"rendered":"James \/ Trouble d\u00e9ficitaire de l&rsquo;attention (TDA)"},"content":{"rendered":"<p>James est aux prises avec un trouble d\u00e9ficitaire de l&rsquo;attention avec d\u00e9ficit d&rsquo;attention depuis cinq ans. Yogi Cameron d\u00e9termine que la cause en est probablement une d\u00e9pendance excessive des stimulants artificiels &#8211; trop de temps pass\u00e9 sur l&rsquo;ordinateur et \u00e0 jouer \u00e0 des jeux vid\u00e9o, sans exercice ni lien avec le monde naturel. La mauvaise alimentation de James le prive \u00e9galement du feu mental qu\u2019il doit concentrer. Utilisant des traitements ayurv\u00e9diques traditionnels, notamment des herbes, la respiration, le yoga et la reconnexion spirituelle, Yogi Cameron l\u2019aide \u00e0 trouver la concentration et la paix mentale.<\/p>\n","protected":false},"excerpt":{"rendered":"<p>Faites la connaissance de Yogi Cameron, ancien top model et c\u00e9l\u00e9brit\u00e9, devenu gu\u00e9risseur ayurv\u00e9dique et ma\u00eetre de yoga.<\/p>\n","protected":false},"featured_media":16365,"parent":0,"menu_order":0,"template":"","format":"standard","meta":{"episode_type":"","audio_file":"","cover_image":"","cover_image_id":"","duration":"00:44:00","filesize":"","date_recorded":"","explicit":"","block":"","itunes_episode_number":"","itunes_title":"","itunes_season_number":"","itunes_episode_type":"","filesize_raw":""},"program_type":[32],"group":[272],"d_category":[1174],"genre":[1383],"class_list":["post-1630757","program","type-program","status-inactive","format-standard","has-post-thumbnail","hentry","program_type-episode","group-well-being-health","d_category-life-changes","genre-reality-show"],"yoast_head":"<!-- This site is optimized with the Yoast SEO plugin v24.0 - https:\/\/yoast.com\/wordpress\/plugins\/seo\/ -->\n<title>James \/ Trouble d\u00e9ficitaire de l&#039;attention (TDA) - MyZen TV<\/title>\n<meta name=\"robots\" content=\"index, follow, max-snippet:-1, max-image-preview:large, max-video-preview:-1\" \/>\n<link rel=\"canonical\" href=\"https:\/\/www.myzen.tv\/fr\/program\/episode\/9750-james-trouble-deficitaire-de-lattention-tda-s00-e09\/\" \/>\n<meta property=\"og:locale\" content=\"fr_FR\" \/>\n<meta property=\"og:type\" content=\"article\" \/>\n<meta property=\"og:title\" content=\"James \/ Trouble d\u00e9ficitaire de l&#039;attention (TDA) - MyZen TV\" \/>\n<meta property=\"og:description\" content=\"Faites la connaissance de Yogi Cameron, ancien top model et c\u00e9l\u00e9brit\u00e9, devenu gu\u00e9risseur ayurv\u00e9dique et ma\u00eetre de yoga.\" \/>\n<meta property=\"og:url\" content=\"https:\/\/www.myzen.tv\/fr\/program\/episode\/9750-james-trouble-deficitaire-de-lattention-tda-s00-e09\" \/>\n<meta property=\"og:site_name\" content=\"MyZen TV\" \/>\n<meta property=\"article:publisher\" content=\"https:\/\/www.facebook.com\/myzen.tv.fr\/\" \/>\n<meta property=\"article:modified_time\" content=\"2026-01-25T05:05:06+00:00\" \/>\n<meta property=\"og:image\" content=\"https:\/\/www.myzen.tv\/wp-content\/uploads\/2020\/07\/1594638800-yogi-cameron.jpg\" \/>\n\t<meta property=\"og:image:width\" content=\"1280\" \/>\n\t<meta property=\"og:image:height\" content=\"720\" \/>\n\t<meta property=\"og:image:type\" content=\"image\/jpeg\" \/>\n<meta name=\"twitter:card\" content=\"summary_large_image\" \/>\n<!-- \/ Yoast SEO plugin. -->","yoast_head_json":{"title":"James \/ Trouble d\u00e9ficitaire de l'attention (TDA) - MyZen TV","robots":{"index":"index","follow":"follow","max-snippet":"max-snippet:-1","max-image-preview":"max-image-preview:large","max-video-preview":"max-video-preview:-1"},"canonical":"https:\/\/www.myzen.tv\/fr\/program\/episode\/9750-james-trouble-deficitaire-de-lattention-tda-s00-e09\/","og_locale":"fr_FR","og_type":"article","og_title":"James \/ Trouble d\u00e9ficitaire de l'attention (TDA) - MyZen TV","og_description":"Faites la connaissance de Yogi Cameron, ancien top model et c\u00e9l\u00e9brit\u00e9, devenu gu\u00e9risseur ayurv\u00e9dique et ma\u00eetre de yoga.","og_url":"https:\/\/www.myzen.tv\/fr\/program\/episode\/9750-james-trouble-deficitaire-de-lattention-tda-s00-e09","og_site_name":"MyZen TV","article_publisher":"https:\/\/www.facebook.com\/myzen.tv.fr\/","article_modified_time":"2026-01-25T05:05:06+00:00","og_image":[{"width":1280,"height":720,"url":"https:\/\/www.myzen.tv\/wp-content\/uploads\/2020\/07\/1594638800-yogi-cameron.jpg","type":"image\/jpeg"}],"twitter_card":"summary_large_image","schema":{"@context":"https:\/\/schema.org","@graph":[{"@type":"WebPage","@id":"https:\/\/www.myzen.tv\/fr\/program\/episode\/9750-james-trouble-deficitaire-de-lattention-tda-s00-e09","url":"https:\/\/www.myzen.tv\/fr\/program\/episode\/9750-james-trouble-deficitaire-de-lattention-tda-s00-e09","name":"James \/ Trouble d\u00e9ficitaire de l'attention (TDA) - MyZen TV","isPartOf":{"@id":"https:\/\/www.myzen.tv\/fr\/#website"},"primaryImageOfPage":{"@id":"https:\/\/www.myzen.tv\/fr\/program\/episode\/9750-james-trouble-deficitaire-de-lattention-tda-s00-e09#primaryimage"},"image":{"@id":"https:\/\/www.myzen.tv\/fr\/program\/episode\/9750-james-trouble-deficitaire-de-lattention-tda-s00-e09#primaryimage"},"thumbnailUrl":"https:\/\/www.myzen.tv\/wp-content\/uploads\/2020\/07\/1594638800-yogi-cameron.jpg","datePublished":"2021-02-17T14:52:31+00:00","dateModified":"2026-01-25T05:05:06+00:00","breadcrumb":{"@id":"https:\/\/www.myzen.tv\/fr\/program\/episode\/9750-james-trouble-deficitaire-de-lattention-tda-s00-e09#breadcrumb"},"inLanguage":"fr-FR","potentialAction":[{"@type":"ReadAction","target":["https:\/\/www.myzen.tv\/fr\/program\/episode\/9750-james-trouble-deficitaire-de-lattention-tda-s00-e09"]}]},{"@type":"ImageObject","inLanguage":"fr-FR","@id":"https:\/\/www.myzen.tv\/fr\/program\/episode\/9750-james-trouble-deficitaire-de-lattention-tda-s00-e09#primaryimage","url":"https:\/\/www.myzen.tv\/wp-content\/uploads\/2020\/07\/1594638800-yogi-cameron.jpg","contentUrl":"https:\/\/www.myzen.tv\/wp-content\/uploads\/2020\/07\/1594638800-yogi-cameron.jpg","width":1280,"height":720},{"@type":"BreadcrumbList","@id":"https:\/\/www.myzen.tv\/fr\/program\/episode\/9750-james-trouble-deficitaire-de-lattention-tda-s00-e09#breadcrumb","itemListElement":[{"@type":"ListItem","position":1,"name":"Home","item":"https:\/\/www.myzen.tv\/fr\/"},{"@type":"ListItem","position":2,"name":"Programs","item":"https:\/\/www.myzen.tv\/fr\/programs\/"},{"@type":"ListItem","position":3,"name":"Changements de vie","item":"https:\/\/www.myzen.tv\/fr\/categorie\/changements-de-vie\/"},{"@type":"ListItem","position":4,"name":"James \/ Trouble d\u00e9ficitaire de l&#8217;attention (TDA)"}]},{"@type":"WebSite","@id":"https:\/\/www.myzen.tv\/fr\/#website","url":"https:\/\/www.myzen.tv\/fr\/","name":"MyZen TV","description":"Your lifestyle and well-being channel","publisher":{"@id":"https:\/\/www.myzen.tv\/fr\/#organization"},"potentialAction":[{"@type":"SearchAction","target":{"@type":"EntryPoint","urlTemplate":"https:\/\/www.myzen.tv\/fr\/?s={search_term_string}"},"query-input":{"@type":"PropertyValueSpecification","valueRequired":true,"valueName":"search_term_string"}}],"inLanguage":"fr-FR"},{"@type":"Organization","@id":"https:\/\/www.myzen.tv\/fr\/#organization","name":"MyZen TV","url":"https:\/\/www.myzen.tv\/fr\/","logo":{"@type":"ImageObject","inLanguage":"fr-FR","@id":"https:\/\/www.myzen.tv\/fr\/#\/schema\/logo\/image\/","url":"https:\/\/www.myzen.tv\/wp-content\/uploads\/2021\/05\/cropped-ICON_MZtv-LOGO_firetv640-1-1.png","contentUrl":"https:\/\/www.myzen.tv\/wp-content\/uploads\/2021\/05\/cropped-ICON_MZtv-LOGO_firetv640-1-1.png","width":512,"height":512,"caption":"MyZen TV"},"image":{"@id":"https:\/\/www.myzen.tv\/fr\/#\/schema\/logo\/image\/"},"sameAs":["https:\/\/www.facebook.com\/myzen.tv.fr\/","https:\/\/www.instagram.com\/myzentv\/"]}]}},"status_options":[{"label":"Inactive","value":"inactive"}],"_links":{"self":[{"href":"https:\/\/www.myzen.tv\/fr\/wp-json\/wp\/v2\/programs\/1630757","targetHints":{"allow":["GET"]}}],"collection":[{"href":"https:\/\/www.myzen.tv\/fr\/wp-json\/wp\/v2\/programs"}],"about":[{"href":"https:\/\/www.myzen.tv\/fr\/wp-json\/wp\/v2\/types\/program"}],"wp:featuredmedia":[{"embeddable":true,"href":"https:\/\/www.myzen.tv\/fr\/wp-json\/wp\/v2\/media\/16365"}],"wp:attachment":[{"href":"https:\/\/www.myzen.tv\/fr\/wp-json\/wp\/v2\/media?parent=1630757"}],"wp:term":[{"taxonomy":"program_type","embeddable":true,"href":"https:\/\/www.myzen.tv\/fr\/wp-json\/wp\/v2\/program_type?post=1630757"},{"taxonomy":"group","embeddable":true,"href":"https:\/\/www.myzen.tv\/fr\/wp-json\/wp\/v2\/group?post=1630757"},{"taxonomy":"d_category","embeddable":true,"href":"https:\/\/www.myzen.tv\/fr\/wp-json\/wp\/v2\/d_category?post=1630757"},{"taxonomy":"genre","embeddable":true,"href":"https:\/\/www.myzen.tv\/fr\/wp-json\/wp\/v2\/genre?post=1630757"}],"curies":[{"name":"wp","href":"https:\/\/api.w.org\/{rel}","templated":true}]}}

James / Trouble déficitaire de l&rsquo;attention (TDA)

<p>James est aux prises avec un trouble déficitaire de l&rsquo;attention avec déficit d&rsquo;attention depuis cinq ans. Yogi Cameron détermine que la cause en est probablement une dépendance excessive des stimulants artificiels &#8211; trop de temps passé sur l&rsquo;ordinateur et à jouer à des jeux vidéo, sans exercice ni lien avec le monde naturel. La mauvaise alimentation de James le prive également du feu mental qu’il doit concentrer. Utilisant des traitements ayurvédiques traditionnels, notamment des herbes, la respiration, le yoga et la reconnexion spirituelle, Yogi Cameron l’aide à trouver la concentration et la paix mentale.</p>

<p>Faites la connaissance de Yogi Cameron, ancien top model et célébrité, devenu guérisseur ayurvédique et maître de yoga.</p>

<!-- This site is optimized with the Yoast SEO plugin v24.0 - https://yoast.com/wordpress/plugins/seo/ -->
<title>James / Trouble déficitaire de l&#039;attention (TDA) - MyZen TV</title>
<meta name="robots" content="index, follow, max-snippet:-1, max-image-preview:large, max-video-preview:-1" />
<link rel="canonical" href="https://www.myzen.tv/fr/program/episode/9750-james-trouble-deficitaire-de-lattention-tda-s00-e09/" />
<meta property="og:locale" content="fr_FR" />
<meta property="og:type" content="article" />
<meta property="og:title" content="James / Trouble déficitaire de l&#039;attention (TDA) - MyZen TV" />
<meta property="og:description" content="Faites la connaissance de Yogi Cameron, ancien top model et célébrité, devenu guérisseur ayurvédique et maître de yoga." />
<meta property="og:url" content="https://www.myzen.tv/fr/program/episode/9750-james-trouble-deficitaire-de-lattention-tda-s00-e09" />
<meta property="og:site_name" content="MyZen TV" />
<meta property="article:publisher" content="https://www.facebook.com/myzen.tv.fr/" />
<meta property="article:modified_time" content="2026-01-25T05:05:06+00:00" />
<meta property="og:image" content="https://www.myzen.tv/wp-content/uploads/2020/07/1594638800-yogi-cameron.jpg" />
	<meta property="og:image:width" content="1280" />
	<meta property="og:image:height" content="720" />
	<meta property="og:image:type" content="image/jpeg" />
<meta name="twitter:card" content="summary_large_image" />
<!-- / Yoast SEO plugin. -->

James / Trouble déficitaire de l'attention (TDA) - MyZen TV

Faites la connaissance de Yogi Cameron, ancien top model et célébrité, devenu guérisseur ayurvédique et maître de yoga.

James / Trouble déficitaire de l&#8217;attention (TDA)
