{"id":1630983,"date":"2021-03-10T23:08:32","date_gmt":"2021-03-10T23:08:32","guid":{"rendered":"https:\/\/www.myzen.tv\/?post_type=programs&#038;p=1630983"},"modified":"2025-12-31T05:15:00","modified_gmt":"2025-12-31T05:15:00","slug":"12498-astier-de-villate-s00-e22","status":"inactive","type":"program","link":"https:\/\/www.myzen.tv\/fr\/program\/episode\/12498-astier-de-villate-s00-e22","title":{"rendered":"Astier de Villate"},"content":{"rendered":"<p>Dans l\u2019\u00e9pisode d\u2019aujourd\u2019hui, on vous fera d\u00e9couvrir les v\u00e9los de la Maison Tamboite qui sont de v\u00e9ritables oeuvres d\u2019art faites 100% sur mesure. On parlera d\u2019Astier de Villate, la maison embl\u00e9matique de la c\u00e9ramique mais qui fait \u00e9galement de la papeterie, bougies, vaisselle\u2026 Cette maison sait tout faire et avec classe. Nous vous donnerons les adresses des artisans de Paris qui font perdurer les savoir-faire fran\u00e7ais. Cr\u00e8merie, \u00e9b\u00e9nisterie ou jardin botanique sont \u00e0 d\u00e9couvrir! Pour finir nous rencontrerons Lucie Richard qui nous pr\u00e9sentera ses cr\u00e9ations.<\/p>\n","protected":false},"excerpt":{"rendered":"<p>Dans cet \u00e9pisode, on d\u00e9couvrira les v\u00e9los de la maison Tamboite et on parlera de la maison embl\u00e9matique de la c\u00e9ramique, Astier de Villate. On vous donnera les bonnes adresses des artisans de Paris et Lucie Richard nous ouvrira ses portes.<\/p>\n","protected":false},"featured_media":1633885,"parent":0,"menu_order":0,"template":"","format":"standard","meta":{"episode_type":"","audio_file":"","cover_image":"","cover_image_id":"","duration":"00:26:00","filesize":"","date_recorded":"","explicit":"","block":"","itunes_episode_number":"","itunes_title":"","itunes_season_number":"","itunes_episode_type":"","filesize_raw":""},"program_type":[32],"group":[272],"d_category":[1172],"genre":[1373],"class_list":["post-1630983","program","type-program","status-inactive","format-standard","has-post-thumbnail","hentry","program_type-episode","group-well-being-health","d_category-daily-wellbeing","genre-documentary"],"yoast_head":"<!-- This site is optimized with the Yoast SEO plugin v24.0 - https:\/\/yoast.com\/wordpress\/plugins\/seo\/ -->\n<title>Astier de Villate - MyZen TV<\/title>\n<meta name=\"robots\" content=\"index, follow, max-snippet:-1, max-image-preview:large, max-video-preview:-1\" \/>\n<link rel=\"canonical\" href=\"https:\/\/www.myzen.tv\/fr\/program\/episode\/12498-astier-de-villate-s00-e22\/\" \/>\n<meta property=\"og:locale\" content=\"fr_FR\" \/>\n<meta property=\"og:type\" content=\"article\" \/>\n<meta property=\"og:title\" content=\"Astier de Villate - MyZen TV\" \/>\n<meta property=\"og:description\" content=\"Dans cet \u00e9pisode, on d\u00e9couvrira les v\u00e9los de la maison Tamboite et on parlera de la maison embl\u00e9matique de la c\u00e9ramique, Astier de Villate. On vous donnera les bonnes adresses des artisans de Paris et Lucie Richard nous ouvrira ses portes.\" \/>\n<meta property=\"og:url\" content=\"https:\/\/www.myzen.tv\/fr\/program\/episode\/12498-astier-de-villate-s00-e22\" \/>\n<meta property=\"og:site_name\" content=\"MyZen TV\" \/>\n<meta property=\"article:publisher\" content=\"https:\/\/www.facebook.com\/myzen.tv.fr\/\" \/>\n<meta property=\"article:modified_time\" content=\"2025-12-31T05:15:00+00:00\" \/>\n<meta property=\"og:image\" content=\"https:\/\/www.myzen.tv\/wp-content\/uploads\/2021\/03\/french-version-s3e22-astier-de-villate.jpg\" \/>\n\t<meta property=\"og:image:width\" content=\"1280\" \/>\n\t<meta property=\"og:image:height\" content=\"720\" \/>\n\t<meta property=\"og:image:type\" content=\"image\/jpeg\" \/>\n<meta name=\"twitter:card\" content=\"summary_large_image\" \/>\n<!-- \/ Yoast SEO plugin. -->","yoast_head_json":{"title":"Astier de Villate - MyZen TV","robots":{"index":"index","follow":"follow","max-snippet":"max-snippet:-1","max-image-preview":"max-image-preview:large","max-video-preview":"max-video-preview:-1"},"canonical":"https:\/\/www.myzen.tv\/fr\/program\/episode\/12498-astier-de-villate-s00-e22\/","og_locale":"fr_FR","og_type":"article","og_title":"Astier de Villate - MyZen TV","og_description":"Dans cet \u00e9pisode, on d\u00e9couvrira les v\u00e9los de la maison Tamboite et on parlera de la maison embl\u00e9matique de la c\u00e9ramique, Astier de Villate. On vous donnera les bonnes adresses des artisans de Paris et Lucie Richard nous ouvrira ses portes.","og_url":"https:\/\/www.myzen.tv\/fr\/program\/episode\/12498-astier-de-villate-s00-e22","og_site_name":"MyZen TV","article_publisher":"https:\/\/www.facebook.com\/myzen.tv.fr\/","article_modified_time":"2025-12-31T05:15:00+00:00","og_image":[{"width":1280,"height":720,"url":"https:\/\/www.myzen.tv\/wp-content\/uploads\/2021\/03\/french-version-s3e22-astier-de-villate.jpg","type":"image\/jpeg"}],"twitter_card":"summary_large_image","schema":{"@context":"https:\/\/schema.org","@graph":[{"@type":"WebPage","@id":"https:\/\/www.myzen.tv\/fr\/program\/episode\/12498-astier-de-villate-s00-e22","url":"https:\/\/www.myzen.tv\/fr\/program\/episode\/12498-astier-de-villate-s00-e22","name":"Astier de Villate - MyZen TV","isPartOf":{"@id":"https:\/\/www.myzen.tv\/fr\/#website"},"primaryImageOfPage":{"@id":"https:\/\/www.myzen.tv\/fr\/program\/episode\/12498-astier-de-villate-s00-e22#primaryimage"},"image":{"@id":"https:\/\/www.myzen.tv\/fr\/program\/episode\/12498-astier-de-villate-s00-e22#primaryimage"},"thumbnailUrl":"https:\/\/www.myzen.tv\/wp-content\/uploads\/2021\/03\/french-version-s3e22-astier-de-villate.jpg","datePublished":"2021-03-10T23:08:32+00:00","dateModified":"2025-12-31T05:15:00+00:00","breadcrumb":{"@id":"https:\/\/www.myzen.tv\/fr\/program\/episode\/12498-astier-de-villate-s00-e22#breadcrumb"},"inLanguage":"fr-FR","potentialAction":[{"@type":"ReadAction","target":["https:\/\/www.myzen.tv\/fr\/program\/episode\/12498-astier-de-villate-s00-e22"]}]},{"@type":"ImageObject","inLanguage":"fr-FR","@id":"https:\/\/www.myzen.tv\/fr\/program\/episode\/12498-astier-de-villate-s00-e22#primaryimage","url":"https:\/\/www.myzen.tv\/wp-content\/uploads\/2021\/03\/french-version-s3e22-astier-de-villate.jpg","contentUrl":"https:\/\/www.myzen.tv\/wp-content\/uploads\/2021\/03\/french-version-s3e22-astier-de-villate.jpg","width":1280,"height":720,"caption":"In this episode, we will discover the bikes of the Tamboite House, and we will talk about the emblematic house of ceramics, Astier de Villate. We will give you the good addresses of the craftsmen of Paris and Lucie Richard will show us her creations."},{"@type":"BreadcrumbList","@id":"https:\/\/www.myzen.tv\/fr\/program\/episode\/12498-astier-de-villate-s00-e22#breadcrumb","itemListElement":[{"@type":"ListItem","position":1,"name":"Home","item":"https:\/\/www.myzen.tv\/fr\/"},{"@type":"ListItem","position":2,"name":"Programs","item":"https:\/\/www.myzen.tv\/fr\/programs\/"},{"@type":"ListItem","position":3,"name":"Bien-\u00eatre au quotidien","item":"https:\/\/www.myzen.tv\/fr\/categorie\/bien-etre-au-quotidien\/"},{"@type":"ListItem","position":4,"name":"Astier de Villate"}]},{"@type":"WebSite","@id":"https:\/\/www.myzen.tv\/fr\/#website","url":"https:\/\/www.myzen.tv\/fr\/","name":"MyZen TV","description":"Your lifestyle and well-being channel","publisher":{"@id":"https:\/\/www.myzen.tv\/fr\/#organization"},"potentialAction":[{"@type":"SearchAction","target":{"@type":"EntryPoint","urlTemplate":"https:\/\/www.myzen.tv\/fr\/?s={search_term_string}"},"query-input":{"@type":"PropertyValueSpecification","valueRequired":true,"valueName":"search_term_string"}}],"inLanguage":"fr-FR"},{"@type":"Organization","@id":"https:\/\/www.myzen.tv\/fr\/#organization","name":"MyZen TV","url":"https:\/\/www.myzen.tv\/fr\/","logo":{"@type":"ImageObject","inLanguage":"fr-FR","@id":"https:\/\/www.myzen.tv\/fr\/#\/schema\/logo\/image\/","url":"https:\/\/www.myzen.tv\/wp-content\/uploads\/2021\/05\/cropped-ICON_MZtv-LOGO_firetv640-1-1.png","contentUrl":"https:\/\/www.myzen.tv\/wp-content\/uploads\/2021\/05\/cropped-ICON_MZtv-LOGO_firetv640-1-1.png","width":512,"height":512,"caption":"MyZen TV"},"image":{"@id":"https:\/\/www.myzen.tv\/fr\/#\/schema\/logo\/image\/"},"sameAs":["https:\/\/www.facebook.com\/myzen.tv.fr\/","https:\/\/www.instagram.com\/myzentv\/"]}]}},"status_options":[{"label":"Inactive","value":"inactive"}],"_links":{"self":[{"href":"https:\/\/www.myzen.tv\/fr\/wp-json\/wp\/v2\/programs\/1630983","targetHints":{"allow":["GET"]}}],"collection":[{"href":"https:\/\/www.myzen.tv\/fr\/wp-json\/wp\/v2\/programs"}],"about":[{"href":"https:\/\/www.myzen.tv\/fr\/wp-json\/wp\/v2\/types\/program"}],"wp:featuredmedia":[{"embeddable":true,"href":"https:\/\/www.myzen.tv\/fr\/wp-json\/wp\/v2\/media\/1633885"}],"wp:attachment":[{"href":"https:\/\/www.myzen.tv\/fr\/wp-json\/wp\/v2\/media?parent=1630983"}],"wp:term":[{"taxonomy":"program_type","embeddable":true,"href":"https:\/\/www.myzen.tv\/fr\/wp-json\/wp\/v2\/program_type?post=1630983"},{"taxonomy":"group","embeddable":true,"href":"https:\/\/www.myzen.tv\/fr\/wp-json\/wp\/v2\/group?post=1630983"},{"taxonomy":"d_category","embeddable":true,"href":"https:\/\/www.myzen.tv\/fr\/wp-json\/wp\/v2\/d_category?post=1630983"},{"taxonomy":"genre","embeddable":true,"href":"https:\/\/www.myzen.tv\/fr\/wp-json\/wp\/v2\/genre?post=1630983"}],"curies":[{"name":"wp","href":"https:\/\/api.w.org\/{rel}","templated":true}]}}

<p>Dans l’épisode d’aujourd’hui, on vous fera découvrir les vélos de la Maison Tamboite qui sont de véritables oeuvres d’art faites 100% sur mesure. On parlera d’Astier de Villate, la maison emblématique de la céramique mais qui fait également de la papeterie, bougies, vaisselle… Cette maison sait tout faire et avec classe. Nous vous donnerons les adresses des artisans de Paris qui font perdurer les savoir-faire français. Crèmerie, ébénisterie ou jardin botanique sont à découvrir! Pour finir nous rencontrerons Lucie Richard qui nous présentera ses créations.</p>

<p>Dans cet épisode, on découvrira les vélos de la maison Tamboite et on parlera de la maison emblématique de la céramique, Astier de Villate. On vous donnera les bonnes adresses des artisans de Paris et Lucie Richard nous ouvrira ses portes.</p>

<!-- This site is optimized with the Yoast SEO plugin v24.0 - https://yoast.com/wordpress/plugins/seo/ -->
<title>Astier de Villate - MyZen TV</title>
<meta name="robots" content="index, follow, max-snippet:-1, max-image-preview:large, max-video-preview:-1" />
<link rel="canonical" href="https://www.myzen.tv/fr/program/episode/12498-astier-de-villate-s00-e22/" />
<meta property="og:locale" content="fr_FR" />
<meta property="og:type" content="article" />
<meta property="og:title" content="Astier de Villate - MyZen TV" />
<meta property="og:description" content="Dans cet épisode, on découvrira les vélos de la maison Tamboite et on parlera de la maison emblématique de la céramique, Astier de Villate. On vous donnera les bonnes adresses des artisans de Paris et Lucie Richard nous ouvrira ses portes." />
<meta property="og:url" content="https://www.myzen.tv/fr/program/episode/12498-astier-de-villate-s00-e22" />
<meta property="og:site_name" content="MyZen TV" />
<meta property="article:publisher" content="https://www.facebook.com/myzen.tv.fr/" />
<meta property="article:modified_time" content="2025-12-31T05:15:00+00:00" />
<meta property="og:image" content="https://www.myzen.tv/wp-content/uploads/2021/03/french-version-s3e22-astier-de-villate.jpg" />
	<meta property="og:image:width" content="1280" />
	<meta property="og:image:height" content="720" />
	<meta property="og:image:type" content="image/jpeg" />
<meta name="twitter:card" content="summary_large_image" />
<!-- / Yoast SEO plugin. -->

Dans cet épisode, on découvrira les vélos de la maison Tamboite et on parlera de la maison emblématique de la céramique, Astier de Villate. On vous donnera les bonnes adresses des artisans de Paris et Lucie Richard nous ouvrira ses portes.

Bien-être au quotidien
