{"id":1631184,"date":"2021-05-07T18:48:33","date_gmt":"2021-05-07T18:48:33","guid":{"rendered":"https:\/\/www.myzen.tv\/?post_type=programs&#038;p=1631184"},"modified":"2026-04-28T09:55:03","modified_gmt":"2026-04-28T09:55:03","slug":"11237-les-vergers-de-malibu-s00-e17","status":"publish","type":"program","link":"https:\/\/www.myzen.tv\/fr\/program\/episode\/11237-les-vergers-de-malibu-s00-e17","title":{"rendered":"Les vergers de Malibu"},"content":{"rendered":"<p>Oubliez votre h\u00f4tel typique, Aujourd&rsquo;hui nous allons \u00e0 Malibu Orchads. Ce camping nomade chic permet aux voyageurs du monde entier de faire l&rsquo;exp\u00e9rience d&rsquo;une toute autre forme de vie en plein air. En s\u00e9journant dans cette propri\u00e9t\u00e9, pr\u00e9parez-vous \u00e0 rejoindre une famille dynamique et positive de voyageurs internationaux tout en profitant de moments paisibles dans de douillettes \u00ab maisons zen \u00bb en bois. Apr\u00e8s cette pause dans la nature, nous nous dirigeons vers \u00ab la qu\u00eate de l&rsquo;esprit \u00bb : une forme active de m\u00e9ditation qui vous relie aux forces de la nature.<\/p>\n","protected":false},"excerpt":{"rendered":"<p>cet \u00e9pisode, nous irons \u00e0 Malibu Orchads, un camping nomade chic, puis nous irons participer \u00e0 une s\u00e9ance de m\u00e9ditation active.<\/p>\n","protected":false},"featured_media":1648041,"parent":0,"menu_order":0,"template":"","format":"standard","meta":{"episode_type":"","audio_file":"","cover_image":"","cover_image_id":"","duration":"00:26:00","filesize":"","date_recorded":"","explicit":"","block":"","itunes_episode_number":"","itunes_title":"","itunes_season_number":"","itunes_episode_type":"","filesize_raw":""},"program_type":[32],"group":[319,272],"d_category":[1172],"genre":[1378],"class_list":["post-1631184","program","type-program","status-publish","format-standard","has-post-thumbnail","hentry","program_type-episode","group-bien-etre-sante","group-well-being-health","d_category-daily-wellbeing","genre-magazine"],"yoast_head":"<!-- This site is optimized with the Yoast SEO plugin v24.0 - https:\/\/yoast.com\/wordpress\/plugins\/seo\/ -->\n<title>Les vergers de Malibu - MyZen TV<\/title>\n<meta name=\"robots\" content=\"index, follow, max-snippet:-1, max-image-preview:large, max-video-preview:-1\" \/>\n<link rel=\"canonical\" href=\"https:\/\/www.myzen.tv\/fr\/program\/episode\/11237-les-vergers-de-malibu-s00-e17\/\" \/>\n<meta property=\"og:locale\" content=\"fr_FR\" \/>\n<meta property=\"og:type\" content=\"article\" \/>\n<meta property=\"og:title\" content=\"Les vergers de Malibu - MyZen TV\" \/>\n<meta property=\"og:description\" content=\"cet \u00e9pisode, nous irons \u00e0 Malibu Orchads, un camping nomade chic, puis nous irons participer \u00e0 une s\u00e9ance de m\u00e9ditation active.\" \/>\n<meta property=\"og:url\" content=\"https:\/\/www.myzen.tv\/fr\/program\/episode\/11237-les-vergers-de-malibu-s00-e17\" \/>\n<meta property=\"og:site_name\" content=\"MyZen TV\" \/>\n<meta property=\"article:publisher\" content=\"https:\/\/www.facebook.com\/myzen.tv.fr\/\" \/>\n<meta property=\"article:modified_time\" content=\"2026-04-28T09:55:03+00:00\" \/>\n<meta property=\"og:image\" content=\"https:\/\/www.myzen.tv\/wp-content\/uploads\/2021\/05\/my-zen-trendy-s1e17-malibu-orchards.jpeg\" \/>\n\t<meta property=\"og:image:width\" content=\"1280\" \/>\n\t<meta property=\"og:image:height\" content=\"720\" \/>\n\t<meta property=\"og:image:type\" content=\"image\/jpeg\" \/>\n<meta name=\"twitter:card\" content=\"summary_large_image\" \/>\n<!-- \/ Yoast SEO plugin. -->","yoast_head_json":{"title":"Les vergers de Malibu - MyZen TV","robots":{"index":"index","follow":"follow","max-snippet":"max-snippet:-1","max-image-preview":"max-image-preview:large","max-video-preview":"max-video-preview:-1"},"canonical":"https:\/\/www.myzen.tv\/fr\/program\/episode\/11237-les-vergers-de-malibu-s00-e17\/","og_locale":"fr_FR","og_type":"article","og_title":"Les vergers de Malibu - MyZen TV","og_description":"cet \u00e9pisode, nous irons \u00e0 Malibu Orchads, un camping nomade chic, puis nous irons participer \u00e0 une s\u00e9ance de m\u00e9ditation active.","og_url":"https:\/\/www.myzen.tv\/fr\/program\/episode\/11237-les-vergers-de-malibu-s00-e17","og_site_name":"MyZen TV","article_publisher":"https:\/\/www.facebook.com\/myzen.tv.fr\/","article_modified_time":"2026-04-28T09:55:03+00:00","og_image":[{"width":1280,"height":720,"url":"https:\/\/www.myzen.tv\/wp-content\/uploads\/2021\/05\/my-zen-trendy-s1e17-malibu-orchards.jpeg","type":"image\/jpeg"}],"twitter_card":"summary_large_image","schema":{"@context":"https:\/\/schema.org","@graph":[{"@type":"WebPage","@id":"https:\/\/www.myzen.tv\/fr\/program\/episode\/11237-les-vergers-de-malibu-s00-e17","url":"https:\/\/www.myzen.tv\/fr\/program\/episode\/11237-les-vergers-de-malibu-s00-e17","name":"Les vergers de Malibu - MyZen TV","isPartOf":{"@id":"https:\/\/www.myzen.tv\/fr\/#website"},"primaryImageOfPage":{"@id":"https:\/\/www.myzen.tv\/fr\/program\/episode\/11237-les-vergers-de-malibu-s00-e17#primaryimage"},"image":{"@id":"https:\/\/www.myzen.tv\/fr\/program\/episode\/11237-les-vergers-de-malibu-s00-e17#primaryimage"},"thumbnailUrl":"https:\/\/www.myzen.tv\/wp-content\/uploads\/2021\/05\/my-zen-trendy-s1e17-malibu-orchards.jpeg","datePublished":"2021-05-07T18:48:33+00:00","dateModified":"2026-04-28T09:55:03+00:00","breadcrumb":{"@id":"https:\/\/www.myzen.tv\/fr\/program\/episode\/11237-les-vergers-de-malibu-s00-e17#breadcrumb"},"inLanguage":"fr-FR","potentialAction":[{"@type":"ReadAction","target":["https:\/\/www.myzen.tv\/fr\/program\/episode\/11237-les-vergers-de-malibu-s00-e17"]}]},{"@type":"ImageObject","inLanguage":"fr-FR","@id":"https:\/\/www.myzen.tv\/fr\/program\/episode\/11237-les-vergers-de-malibu-s00-e17#primaryimage","url":"https:\/\/www.myzen.tv\/wp-content\/uploads\/2021\/05\/my-zen-trendy-s1e17-malibu-orchards.jpeg","contentUrl":"https:\/\/www.myzen.tv\/wp-content\/uploads\/2021\/05\/my-zen-trendy-s1e17-malibu-orchards.jpeg","width":1280,"height":720,"caption":"In this episode, we'll go to Malibu Orchads, a chic nomadic campsite, and then go to an active meditation session."},{"@type":"BreadcrumbList","@id":"https:\/\/www.myzen.tv\/fr\/program\/episode\/11237-les-vergers-de-malibu-s00-e17#breadcrumb","itemListElement":[{"@type":"ListItem","position":1,"name":"Home","item":"https:\/\/www.myzen.tv\/fr\/"},{"@type":"ListItem","position":2,"name":"Programs","item":"https:\/\/www.myzen.tv\/fr\/programs\/"},{"@type":"ListItem","position":3,"name":"Les vergers de Malibu"}]},{"@type":"WebSite","@id":"https:\/\/www.myzen.tv\/fr\/#website","url":"https:\/\/www.myzen.tv\/fr\/","name":"MyZen TV","description":"Your lifestyle and well-being channel","publisher":{"@id":"https:\/\/www.myzen.tv\/fr\/#organization"},"potentialAction":[{"@type":"SearchAction","target":{"@type":"EntryPoint","urlTemplate":"https:\/\/www.myzen.tv\/fr\/?s={search_term_string}"},"query-input":{"@type":"PropertyValueSpecification","valueRequired":true,"valueName":"search_term_string"}}],"inLanguage":"fr-FR"},{"@type":"Organization","@id":"https:\/\/www.myzen.tv\/fr\/#organization","name":"MyZen TV","url":"https:\/\/www.myzen.tv\/fr\/","logo":{"@type":"ImageObject","inLanguage":"fr-FR","@id":"https:\/\/www.myzen.tv\/fr\/#\/schema\/logo\/image\/","url":"https:\/\/www.myzen.tv\/wp-content\/uploads\/2021\/05\/cropped-ICON_MZtv-LOGO_firetv640-1-1.png","contentUrl":"https:\/\/www.myzen.tv\/wp-content\/uploads\/2021\/05\/cropped-ICON_MZtv-LOGO_firetv640-1-1.png","width":512,"height":512,"caption":"MyZen TV"},"image":{"@id":"https:\/\/www.myzen.tv\/fr\/#\/schema\/logo\/image\/"},"sameAs":["https:\/\/www.facebook.com\/myzen.tv.fr\/","https:\/\/www.instagram.com\/myzentv\/"]}]}},"status_options":[{"label":"Inactive","value":"inactive"}],"_links":{"self":[{"href":"https:\/\/www.myzen.tv\/fr\/wp-json\/wp\/v2\/programs\/1631184","targetHints":{"allow":["GET"]}}],"collection":[{"href":"https:\/\/www.myzen.tv\/fr\/wp-json\/wp\/v2\/programs"}],"about":[{"href":"https:\/\/www.myzen.tv\/fr\/wp-json\/wp\/v2\/types\/program"}],"wp:featuredmedia":[{"embeddable":true,"href":"https:\/\/www.myzen.tv\/fr\/wp-json\/wp\/v2\/media\/1648041"}],"wp:attachment":[{"href":"https:\/\/www.myzen.tv\/fr\/wp-json\/wp\/v2\/media?parent=1631184"}],"wp:term":[{"taxonomy":"program_type","embeddable":true,"href":"https:\/\/www.myzen.tv\/fr\/wp-json\/wp\/v2\/program_type?post=1631184"},{"taxonomy":"group","embeddable":true,"href":"https:\/\/www.myzen.tv\/fr\/wp-json\/wp\/v2\/group?post=1631184"},{"taxonomy":"d_category","embeddable":true,"href":"https:\/\/www.myzen.tv\/fr\/wp-json\/wp\/v2\/d_category?post=1631184"},{"taxonomy":"genre","embeddable":true,"href":"https:\/\/www.myzen.tv\/fr\/wp-json\/wp\/v2\/genre?post=1631184"}],"curies":[{"name":"wp","href":"https:\/\/api.w.org\/{rel}","templated":true}]}}

<p>Oubliez votre hôtel typique, Aujourd&rsquo;hui nous allons à Malibu Orchads. Ce camping nomade chic permet aux voyageurs du monde entier de faire l&rsquo;expérience d&rsquo;une toute autre forme de vie en plein air. En séjournant dans cette propriété, préparez-vous à rejoindre une famille dynamique et positive de voyageurs internationaux tout en profitant de moments paisibles dans de douillettes « maisons zen » en bois. Après cette pause dans la nature, nous nous dirigeons vers « la quête de l&rsquo;esprit » : une forme active de méditation qui vous relie aux forces de la nature.</p>

<p>cet épisode, nous irons à Malibu Orchads, un camping nomade chic, puis nous irons participer à une séance de méditation active.</p>

<!-- This site is optimized with the Yoast SEO plugin v24.0 - https://yoast.com/wordpress/plugins/seo/ -->
<title>Les vergers de Malibu - MyZen TV</title>
<meta name="robots" content="index, follow, max-snippet:-1, max-image-preview:large, max-video-preview:-1" />
<link rel="canonical" href="https://www.myzen.tv/fr/program/episode/11237-les-vergers-de-malibu-s00-e17/" />
<meta property="og:locale" content="fr_FR" />
<meta property="og:type" content="article" />
<meta property="og:title" content="Les vergers de Malibu - MyZen TV" />
<meta property="og:description" content="cet épisode, nous irons à Malibu Orchads, un camping nomade chic, puis nous irons participer à une séance de méditation active." />
<meta property="og:url" content="https://www.myzen.tv/fr/program/episode/11237-les-vergers-de-malibu-s00-e17" />
<meta property="og:site_name" content="MyZen TV" />
<meta property="article:publisher" content="https://www.facebook.com/myzen.tv.fr/" />
<meta property="article:modified_time" content="2026-04-28T09:55:03+00:00" />
<meta property="og:image" content="https://www.myzen.tv/wp-content/uploads/2021/05/my-zen-trendy-s1e17-malibu-orchards.jpeg" />
	<meta property="og:image:width" content="1280" />
	<meta property="og:image:height" content="720" />
	<meta property="og:image:type" content="image/jpeg" />
<meta name="twitter:card" content="summary_large_image" />
<!-- / Yoast SEO plugin. -->

cet épisode, nous irons à Malibu Orchads, un camping nomade chic, puis nous irons participer à une séance de méditation active.
