{"id":1631328,"date":"2021-02-17T14:55:15","date_gmt":"2021-02-17T14:55:15","guid":{"rendered":"https:\/\/www.myzen.tv\/programs\/%types_program%s\/10898-saladeria-s01-e16-2\/"},"modified":"2026-05-01T12:40:21","modified_gmt":"2026-05-01T12:40:21","slug":"10898-salade-cesar-au-poulet-s00-e16","status":"inactive","type":"program","link":"https:\/\/www.myzen.tv\/fr\/program\/episode\/10898-salade-cesar-au-poulet-s00-e16","title":{"rendered":"Salade C\u00e9sar au poulet"},"content":{"rendered":"<p>Dans cet \u00e9pisode, nous allons pr\u00e9parer une salade c\u00e9sar au poulet. Pour cela, il vous faudra entre autres de la poitrine de poulet, de la laitue iceberg, des tomates cerises, et de la laitue romaine. C\u2019est une salade gourmande qui a \u00e9t\u00e9 cr\u00e9\u00e9e en 1924 par le chef cuisinier italo-am\u00e9ricain Caesar Cardini.<\/p>\n","protected":false},"excerpt":{"rendered":"<p>Dans cet \u00e9pisode, nous allons pr\u00e9parer une salade c\u00e9sar au poulet.<\/p>\n","protected":false},"featured_media":1659204,"parent":0,"menu_order":0,"template":"","format":"standard","meta":{"episode_type":"","audio_file":"","cover_image":"","cover_image_id":"","duration":"00:04:00","filesize":"","date_recorded":"","explicit":"","block":"","itunes_episode_number":"","itunes_title":"","itunes_season_number":"","itunes_episode_type":"","filesize_raw":""},"program_type":[32],"group":[261],"d_category":[1172],"genre":[1372],"class_list":["post-1631328","program","type-program","status-inactive","format-standard","has-post-thumbnail","hentry","program_type-episode","group-cooking","d_category-daily-wellbeing","genre-do-it-yourself"],"yoast_head":"<!-- This site is optimized with the Yoast SEO plugin v24.0 - https:\/\/yoast.com\/wordpress\/plugins\/seo\/ -->\n<title>Salade C\u00e9sar au poulet - MyZen TV<\/title>\n<meta name=\"robots\" content=\"index, follow, max-snippet:-1, max-image-preview:large, max-video-preview:-1\" \/>\n<link rel=\"canonical\" href=\"https:\/\/www.myzen.tv\/fr\/program\/episode\/10898-salade-cesar-au-poulet-s00-e16\/\" \/>\n<meta property=\"og:locale\" content=\"fr_FR\" \/>\n<meta property=\"og:type\" content=\"article\" \/>\n<meta property=\"og:title\" content=\"Salade C\u00e9sar au poulet - MyZen TV\" \/>\n<meta property=\"og:description\" content=\"Dans cet \u00e9pisode, nous allons pr\u00e9parer une salade c\u00e9sar au poulet.\" \/>\n<meta property=\"og:url\" content=\"https:\/\/www.myzen.tv\/fr\/program\/episode\/10898-salade-cesar-au-poulet-s00-e16\" \/>\n<meta property=\"og:site_name\" content=\"MyZen TV\" \/>\n<meta property=\"article:publisher\" content=\"https:\/\/www.facebook.com\/myzen.tv.fr\/\" \/>\n<meta property=\"article:modified_time\" content=\"2026-05-01T12:40:21+00:00\" \/>\n<meta property=\"og:image\" content=\"https:\/\/www.myzen.tv\/wp-content\/uploads\/2021\/07\/saladeria-s1e16-salade-cesar-au-poulet.jpg\" \/>\n\t<meta property=\"og:image:width\" content=\"1280\" \/>\n\t<meta property=\"og:image:height\" content=\"720\" \/>\n\t<meta property=\"og:image:type\" content=\"image\/jpeg\" \/>\n<meta name=\"twitter:card\" content=\"summary_large_image\" \/>\n<!-- \/ Yoast SEO plugin. -->","yoast_head_json":{"title":"Salade C\u00e9sar au poulet - MyZen TV","robots":{"index":"index","follow":"follow","max-snippet":"max-snippet:-1","max-image-preview":"max-image-preview:large","max-video-preview":"max-video-preview:-1"},"canonical":"https:\/\/www.myzen.tv\/fr\/program\/episode\/10898-salade-cesar-au-poulet-s00-e16\/","og_locale":"fr_FR","og_type":"article","og_title":"Salade C\u00e9sar au poulet - MyZen TV","og_description":"Dans cet \u00e9pisode, nous allons pr\u00e9parer une salade c\u00e9sar au poulet.","og_url":"https:\/\/www.myzen.tv\/fr\/program\/episode\/10898-salade-cesar-au-poulet-s00-e16","og_site_name":"MyZen TV","article_publisher":"https:\/\/www.facebook.com\/myzen.tv.fr\/","article_modified_time":"2026-05-01T12:40:21+00:00","og_image":[{"width":1280,"height":720,"url":"https:\/\/www.myzen.tv\/wp-content\/uploads\/2021\/07\/saladeria-s1e16-salade-cesar-au-poulet.jpg","type":"image\/jpeg"}],"twitter_card":"summary_large_image","schema":{"@context":"https:\/\/schema.org","@graph":[{"@type":"WebPage","@id":"https:\/\/www.myzen.tv\/fr\/program\/episode\/10898-salade-cesar-au-poulet-s00-e16","url":"https:\/\/www.myzen.tv\/fr\/program\/episode\/10898-salade-cesar-au-poulet-s00-e16","name":"Salade C\u00e9sar au poulet - MyZen TV","isPartOf":{"@id":"https:\/\/www.myzen.tv\/fr\/#website"},"primaryImageOfPage":{"@id":"https:\/\/www.myzen.tv\/fr\/program\/episode\/10898-salade-cesar-au-poulet-s00-e16#primaryimage"},"image":{"@id":"https:\/\/www.myzen.tv\/fr\/program\/episode\/10898-salade-cesar-au-poulet-s00-e16#primaryimage"},"thumbnailUrl":"https:\/\/www.myzen.tv\/wp-content\/uploads\/2021\/07\/saladeria-s1e16-salade-cesar-au-poulet.jpg","datePublished":"2021-02-17T14:55:15+00:00","dateModified":"2026-05-01T12:40:21+00:00","breadcrumb":{"@id":"https:\/\/www.myzen.tv\/fr\/program\/episode\/10898-salade-cesar-au-poulet-s00-e16#breadcrumb"},"inLanguage":"fr-FR","potentialAction":[{"@type":"ReadAction","target":["https:\/\/www.myzen.tv\/fr\/program\/episode\/10898-salade-cesar-au-poulet-s00-e16"]}]},{"@type":"ImageObject","inLanguage":"fr-FR","@id":"https:\/\/www.myzen.tv\/fr\/program\/episode\/10898-salade-cesar-au-poulet-s00-e16#primaryimage","url":"https:\/\/www.myzen.tv\/wp-content\/uploads\/2021\/07\/saladeria-s1e16-salade-cesar-au-poulet.jpg","contentUrl":"https:\/\/www.myzen.tv\/wp-content\/uploads\/2021\/07\/saladeria-s1e16-salade-cesar-au-poulet.jpg","width":1280,"height":720,"caption":"Dans cet \u00e9pisode, nous allons pr\u00e9parer une salade c\u00e9sar au poulet."},{"@type":"BreadcrumbList","@id":"https:\/\/www.myzen.tv\/fr\/program\/episode\/10898-salade-cesar-au-poulet-s00-e16#breadcrumb","itemListElement":[{"@type":"ListItem","position":1,"name":"Home","item":"https:\/\/www.myzen.tv\/fr\/"},{"@type":"ListItem","position":2,"name":"Programs","item":"https:\/\/www.myzen.tv\/fr\/programs\/"},{"@type":"ListItem","position":3,"name":"Salade C\u00e9sar au poulet"}]},{"@type":"WebSite","@id":"https:\/\/www.myzen.tv\/fr\/#website","url":"https:\/\/www.myzen.tv\/fr\/","name":"MyZen TV","description":"Your lifestyle and well-being channel","publisher":{"@id":"https:\/\/www.myzen.tv\/fr\/#organization"},"potentialAction":[{"@type":"SearchAction","target":{"@type":"EntryPoint","urlTemplate":"https:\/\/www.myzen.tv\/fr\/?s={search_term_string}"},"query-input":{"@type":"PropertyValueSpecification","valueRequired":true,"valueName":"search_term_string"}}],"inLanguage":"fr-FR"},{"@type":"Organization","@id":"https:\/\/www.myzen.tv\/fr\/#organization","name":"MyZen TV","url":"https:\/\/www.myzen.tv\/fr\/","logo":{"@type":"ImageObject","inLanguage":"fr-FR","@id":"https:\/\/www.myzen.tv\/fr\/#\/schema\/logo\/image\/","url":"https:\/\/www.myzen.tv\/wp-content\/uploads\/2021\/05\/cropped-ICON_MZtv-LOGO_firetv640-1-1.png","contentUrl":"https:\/\/www.myzen.tv\/wp-content\/uploads\/2021\/05\/cropped-ICON_MZtv-LOGO_firetv640-1-1.png","width":512,"height":512,"caption":"MyZen TV"},"image":{"@id":"https:\/\/www.myzen.tv\/fr\/#\/schema\/logo\/image\/"},"sameAs":["https:\/\/www.facebook.com\/myzen.tv.fr\/","https:\/\/www.instagram.com\/myzentv\/"]}]}},"status_options":[{"label":"Inactive","value":"inactive"}],"_links":{"self":[{"href":"https:\/\/www.myzen.tv\/fr\/wp-json\/wp\/v2\/programs\/1631328","targetHints":{"allow":["GET"]}}],"collection":[{"href":"https:\/\/www.myzen.tv\/fr\/wp-json\/wp\/v2\/programs"}],"about":[{"href":"https:\/\/www.myzen.tv\/fr\/wp-json\/wp\/v2\/types\/program"}],"wp:featuredmedia":[{"embeddable":true,"href":"https:\/\/www.myzen.tv\/fr\/wp-json\/wp\/v2\/media\/1659204"}],"wp:attachment":[{"href":"https:\/\/www.myzen.tv\/fr\/wp-json\/wp\/v2\/media?parent=1631328"}],"wp:term":[{"taxonomy":"program_type","embeddable":true,"href":"https:\/\/www.myzen.tv\/fr\/wp-json\/wp\/v2\/program_type?post=1631328"},{"taxonomy":"group","embeddable":true,"href":"https:\/\/www.myzen.tv\/fr\/wp-json\/wp\/v2\/group?post=1631328"},{"taxonomy":"d_category","embeddable":true,"href":"https:\/\/www.myzen.tv\/fr\/wp-json\/wp\/v2\/d_category?post=1631328"},{"taxonomy":"genre","embeddable":true,"href":"https:\/\/www.myzen.tv\/fr\/wp-json\/wp\/v2\/genre?post=1631328"}],"curies":[{"name":"wp","href":"https:\/\/api.w.org\/{rel}","templated":true}]}}

Salade César au poulet

<p>Dans cet épisode, nous allons préparer une salade césar au poulet. Pour cela, il vous faudra entre autres de la poitrine de poulet, de la laitue iceberg, des tomates cerises, et de la laitue romaine. C’est une salade gourmande qui a été créée en 1924 par le chef cuisinier italo-américain Caesar Cardini.</p>

<p>Dans cet épisode, nous allons préparer une salade césar au poulet.</p>

<!-- This site is optimized with the Yoast SEO plugin v24.0 - https://yoast.com/wordpress/plugins/seo/ -->
<title>Salade César au poulet - MyZen TV</title>
<meta name="robots" content="index, follow, max-snippet:-1, max-image-preview:large, max-video-preview:-1" />
<link rel="canonical" href="https://www.myzen.tv/fr/program/episode/10898-salade-cesar-au-poulet-s00-e16/" />
<meta property="og:locale" content="fr_FR" />
<meta property="og:type" content="article" />
<meta property="og:title" content="Salade César au poulet - MyZen TV" />
<meta property="og:description" content="Dans cet épisode, nous allons préparer une salade césar au poulet." />
<meta property="og:url" content="https://www.myzen.tv/fr/program/episode/10898-salade-cesar-au-poulet-s00-e16" />
<meta property="og:site_name" content="MyZen TV" />
<meta property="article:publisher" content="https://www.facebook.com/myzen.tv.fr/" />
<meta property="article:modified_time" content="2026-05-01T12:40:21+00:00" />
<meta property="og:image" content="https://www.myzen.tv/wp-content/uploads/2021/07/saladeria-s1e16-salade-cesar-au-poulet.jpg" />
	<meta property="og:image:width" content="1280" />
	<meta property="og:image:height" content="720" />
	<meta property="og:image:type" content="image/jpeg" />
<meta name="twitter:card" content="summary_large_image" />
<!-- / Yoast SEO plugin. -->

Salade César au poulet - MyZen TV

Dans cet épisode, nous allons préparer une salade césar au poulet.
