{"id":1631892,"date":"2021-02-17T14:56:50","date_gmt":"2021-02-17T14:56:50","guid":{"rendered":"https:\/\/www.myzen.tv\/programs\/%types_program%s\/10246-enjoying-rio-s01-e01-2\/"},"modified":"2025-12-31T04:35:54","modified_gmt":"2025-12-31T04:35:54","slug":"10246-le-guide-de-lextreme-de-rio-s00-e01","status":"inactive","type":"program","link":"https:\/\/www.myzen.tv\/fr\/program\/episode\/10246-le-guide-de-lextreme-de-rio-s00-e01","title":{"rendered":"Le Guide de l&rsquo;extr\u00eame de Rio"},"content":{"rendered":"<p>C\u2019est un jour plein d\u2019aventures alors que Hylka est rejointe par Jan, son invit\u00e9 en provenance du Kazakhstan. Ensemble, ils explorent \u00e0 jet ski les petites \u00eeles aux alentours du canal de Marapendi. Ils d\u00e9jeunent dans l\u2019un des restaurants de l\u2019\u00eele, qu\u2019ils rejoignent \u00e0 bord d\u2019un pittoresque bateau en bois utilis\u00e9 par les locaux et les touristes. Apr\u00e8s s\u2019\u00eatre aventur\u00e9s dans l\u2019eau, c\u2019est le moment pour eux de d\u00e9couvrir Rio par la voie des airs. Hylka et Jan se lancent en deltaplane au-dessus de la ville, une exp\u00e9rience \u00e0 couper le souffle. Apr\u00e8s autant d\u2019adr\u00e9naline, ils se relaxent \u00e0 un kiosque de bord de mer o\u00f9 ils d\u00e9gustent un \u201cacai\u201d glac\u00e9 (un fruit typique de l\u2019Amazone). Ils finissent la journ\u00e9e avec style : un toast \u00e0 base de boissons sophistiqu\u00e9es dans un bar tr\u00e8s \u00e0 la mode, le Kult Kolector, la destination parfaite pour les amoureux de Rock n\u2019 Roll.<\/p>\n","protected":false},"excerpt":{"rendered":"<p>Hylka et son ami Jan explorent les petites \u00eeles aux alentours du canal de Marapendi. Apr\u00e8s un bon d\u00e9jeuner, ils survolent la ville en deltaplane, et finissent leur journ\u00e9e dans le Kult Kolector, un bar \u00e0 la mode.<\/p>\n","protected":false},"featured_media":17023,"parent":0,"menu_order":0,"template":"","format":"standard","meta":{"episode_type":"","audio_file":"","cover_image":"","cover_image_id":"","duration":"00:26:00","filesize":"","date_recorded":"","explicit":"","block":"","itunes_episode_number":"","itunes_title":"","itunes_season_number":"","itunes_episode_type":"","filesize_raw":""},"program_type":[32],"group":[271],"d_category":[1171],"genre":[1378],"class_list":["post-1631892","program","type-program","status-inactive","format-standard","has-post-thumbnail","hentry","program_type-episode","group-travel","d_category-evasion","genre-magazine"],"yoast_head":"<!-- This site is optimized with the Yoast SEO plugin v24.0 - https:\/\/yoast.com\/wordpress\/plugins\/seo\/ -->\n<title>Le Guide de l&#039;extr\u00eame de Rio - MyZen TV<\/title>\n<meta name=\"robots\" content=\"index, follow, max-snippet:-1, max-image-preview:large, max-video-preview:-1\" \/>\n<link rel=\"canonical\" href=\"https:\/\/www.myzen.tv\/fr\/program\/episode\/10246-le-guide-de-lextreme-de-rio-s00-e01\/\" \/>\n<meta property=\"og:locale\" content=\"fr_FR\" \/>\n<meta property=\"og:type\" content=\"article\" \/>\n<meta property=\"og:title\" content=\"Le Guide de l&#039;extr\u00eame de Rio - MyZen TV\" \/>\n<meta property=\"og:description\" content=\"Hylka et son ami Jan explorent les petites \u00eeles aux alentours du canal de Marapendi. Apr\u00e8s un bon d\u00e9jeuner, ils survolent la ville en deltaplane, et finissent leur journ\u00e9e dans le Kult Kolector, un bar \u00e0 la mode.\" \/>\n<meta property=\"og:url\" content=\"https:\/\/www.myzen.tv\/fr\/program\/episode\/10246-le-guide-de-lextreme-de-rio-s00-e01\" \/>\n<meta property=\"og:site_name\" content=\"MyZen TV\" \/>\n<meta property=\"article:publisher\" content=\"https:\/\/www.facebook.com\/myzen.tv.fr\/\" \/>\n<meta property=\"article:modified_time\" content=\"2025-12-31T04:35:54+00:00\" \/>\n<meta property=\"og:image\" content=\"https:\/\/www.myzen.tv\/wp-content\/uploads\/2020\/07\/1594639380-enjoying-rio.jpg\" \/>\n\t<meta property=\"og:image:width\" content=\"1280\" \/>\n\t<meta property=\"og:image:height\" content=\"720\" \/>\n\t<meta property=\"og:image:type\" content=\"image\/jpeg\" \/>\n<meta name=\"twitter:card\" content=\"summary_large_image\" \/>\n<meta name=\"twitter:label1\" content=\"Dur\u00e9e de lecture estim\u00e9e\" \/>\n\t<meta name=\"twitter:data1\" content=\"1 minute\" \/>\n<!-- \/ Yoast SEO plugin. -->","yoast_head_json":{"title":"Le Guide de l'extr\u00eame de Rio - MyZen TV","robots":{"index":"index","follow":"follow","max-snippet":"max-snippet:-1","max-image-preview":"max-image-preview:large","max-video-preview":"max-video-preview:-1"},"canonical":"https:\/\/www.myzen.tv\/fr\/program\/episode\/10246-le-guide-de-lextreme-de-rio-s00-e01\/","og_locale":"fr_FR","og_type":"article","og_title":"Le Guide de l'extr\u00eame de Rio - MyZen TV","og_description":"Hylka et son ami Jan explorent les petites \u00eeles aux alentours du canal de Marapendi. Apr\u00e8s un bon d\u00e9jeuner, ils survolent la ville en deltaplane, et finissent leur journ\u00e9e dans le Kult Kolector, un bar \u00e0 la mode.","og_url":"https:\/\/www.myzen.tv\/fr\/program\/episode\/10246-le-guide-de-lextreme-de-rio-s00-e01","og_site_name":"MyZen TV","article_publisher":"https:\/\/www.facebook.com\/myzen.tv.fr\/","article_modified_time":"2025-12-31T04:35:54+00:00","og_image":[{"width":1280,"height":720,"url":"https:\/\/www.myzen.tv\/wp-content\/uploads\/2020\/07\/1594639380-enjoying-rio.jpg","type":"image\/jpeg"}],"twitter_card":"summary_large_image","twitter_misc":{"Dur\u00e9e de lecture estim\u00e9e":"1 minute"},"schema":{"@context":"https:\/\/schema.org","@graph":[{"@type":"WebPage","@id":"https:\/\/www.myzen.tv\/fr\/program\/episode\/10246-le-guide-de-lextreme-de-rio-s00-e01","url":"https:\/\/www.myzen.tv\/fr\/program\/episode\/10246-le-guide-de-lextreme-de-rio-s00-e01","name":"Le Guide de l'extr\u00eame de Rio - MyZen TV","isPartOf":{"@id":"https:\/\/www.myzen.tv\/fr\/#website"},"primaryImageOfPage":{"@id":"https:\/\/www.myzen.tv\/fr\/program\/episode\/10246-le-guide-de-lextreme-de-rio-s00-e01#primaryimage"},"image":{"@id":"https:\/\/www.myzen.tv\/fr\/program\/episode\/10246-le-guide-de-lextreme-de-rio-s00-e01#primaryimage"},"thumbnailUrl":"https:\/\/www.myzen.tv\/wp-content\/uploads\/2020\/07\/1594639380-enjoying-rio.jpg","datePublished":"2021-02-17T14:56:50+00:00","dateModified":"2025-12-31T04:35:54+00:00","breadcrumb":{"@id":"https:\/\/www.myzen.tv\/fr\/program\/episode\/10246-le-guide-de-lextreme-de-rio-s00-e01#breadcrumb"},"inLanguage":"fr-FR","potentialAction":[{"@type":"ReadAction","target":["https:\/\/www.myzen.tv\/fr\/program\/episode\/10246-le-guide-de-lextreme-de-rio-s00-e01"]}]},{"@type":"ImageObject","inLanguage":"fr-FR","@id":"https:\/\/www.myzen.tv\/fr\/program\/episode\/10246-le-guide-de-lextreme-de-rio-s00-e01#primaryimage","url":"https:\/\/www.myzen.tv\/wp-content\/uploads\/2020\/07\/1594639380-enjoying-rio.jpg","contentUrl":"https:\/\/www.myzen.tv\/wp-content\/uploads\/2020\/07\/1594639380-enjoying-rio.jpg","width":1280,"height":720},{"@type":"BreadcrumbList","@id":"https:\/\/www.myzen.tv\/fr\/program\/episode\/10246-le-guide-de-lextreme-de-rio-s00-e01#breadcrumb","itemListElement":[{"@type":"ListItem","position":1,"name":"Home","item":"https:\/\/www.myzen.tv\/fr\/"},{"@type":"ListItem","position":2,"name":"Programs","item":"https:\/\/www.myzen.tv\/fr\/programs\/"},{"@type":"ListItem","position":3,"name":"\u00c9vasion","item":"https:\/\/www.myzen.tv\/fr\/categorie\/evasion\/"},{"@type":"ListItem","position":4,"name":"Le Guide de l&#8217;extr\u00eame de Rio"}]},{"@type":"WebSite","@id":"https:\/\/www.myzen.tv\/fr\/#website","url":"https:\/\/www.myzen.tv\/fr\/","name":"MyZen TV","description":"Your lifestyle and well-being channel","publisher":{"@id":"https:\/\/www.myzen.tv\/fr\/#organization"},"potentialAction":[{"@type":"SearchAction","target":{"@type":"EntryPoint","urlTemplate":"https:\/\/www.myzen.tv\/fr\/?s={search_term_string}"},"query-input":{"@type":"PropertyValueSpecification","valueRequired":true,"valueName":"search_term_string"}}],"inLanguage":"fr-FR"},{"@type":"Organization","@id":"https:\/\/www.myzen.tv\/fr\/#organization","name":"MyZen TV","url":"https:\/\/www.myzen.tv\/fr\/","logo":{"@type":"ImageObject","inLanguage":"fr-FR","@id":"https:\/\/www.myzen.tv\/fr\/#\/schema\/logo\/image\/","url":"https:\/\/www.myzen.tv\/wp-content\/uploads\/2021\/05\/cropped-ICON_MZtv-LOGO_firetv640-1-1.png","contentUrl":"https:\/\/www.myzen.tv\/wp-content\/uploads\/2021\/05\/cropped-ICON_MZtv-LOGO_firetv640-1-1.png","width":512,"height":512,"caption":"MyZen TV"},"image":{"@id":"https:\/\/www.myzen.tv\/fr\/#\/schema\/logo\/image\/"},"sameAs":["https:\/\/www.facebook.com\/myzen.tv.fr\/","https:\/\/www.instagram.com\/myzentv\/"]}]}},"status_options":[{"label":"Inactive","value":"inactive"}],"_links":{"self":[{"href":"https:\/\/www.myzen.tv\/fr\/wp-json\/wp\/v2\/programs\/1631892","targetHints":{"allow":["GET"]}}],"collection":[{"href":"https:\/\/www.myzen.tv\/fr\/wp-json\/wp\/v2\/programs"}],"about":[{"href":"https:\/\/www.myzen.tv\/fr\/wp-json\/wp\/v2\/types\/program"}],"wp:featuredmedia":[{"embeddable":true,"href":"https:\/\/www.myzen.tv\/fr\/wp-json\/wp\/v2\/media\/17023"}],"wp:attachment":[{"href":"https:\/\/www.myzen.tv\/fr\/wp-json\/wp\/v2\/media?parent=1631892"}],"wp:term":[{"taxonomy":"program_type","embeddable":true,"href":"https:\/\/www.myzen.tv\/fr\/wp-json\/wp\/v2\/program_type?post=1631892"},{"taxonomy":"group","embeddable":true,"href":"https:\/\/www.myzen.tv\/fr\/wp-json\/wp\/v2\/group?post=1631892"},{"taxonomy":"d_category","embeddable":true,"href":"https:\/\/www.myzen.tv\/fr\/wp-json\/wp\/v2\/d_category?post=1631892"},{"taxonomy":"genre","embeddable":true,"href":"https:\/\/www.myzen.tv\/fr\/wp-json\/wp\/v2\/genre?post=1631892"}],"curies":[{"name":"wp","href":"https:\/\/api.w.org\/{rel}","templated":true}]}}

Le Guide de l&rsquo;extrême de Rio

<p>C’est un jour plein d’aventures alors que Hylka est rejointe par Jan, son invité en provenance du Kazakhstan. Ensemble, ils explorent à jet ski les petites îles aux alentours du canal de Marapendi. Ils déjeunent dans l’un des restaurants de l’île, qu’ils rejoignent à bord d’un pittoresque bateau en bois utilisé par les locaux et les touristes. Après s’être aventurés dans l’eau, c’est le moment pour eux de découvrir Rio par la voie des airs. Hylka et Jan se lancent en deltaplane au-dessus de la ville, une expérience à couper le souffle. Après autant d’adrénaline, ils se relaxent à un kiosque de bord de mer où ils dégustent un “acai” glacé (un fruit typique de l’Amazone). Ils finissent la journée avec style : un toast à base de boissons sophistiquées dans un bar très à la mode, le Kult Kolector, la destination parfaite pour les amoureux de Rock n’ Roll.</p>

<p>Hylka et son ami Jan explorent les petites îles aux alentours du canal de Marapendi. Après un bon déjeuner, ils survolent la ville en deltaplane, et finissent leur journée dans le Kult Kolector, un bar à la mode.</p>

<!-- This site is optimized with the Yoast SEO plugin v24.0 - https://yoast.com/wordpress/plugins/seo/ -->
<title>Le Guide de l&#039;extrême de Rio - MyZen TV</title>
<meta name="robots" content="index, follow, max-snippet:-1, max-image-preview:large, max-video-preview:-1" />
<link rel="canonical" href="https://www.myzen.tv/fr/program/episode/10246-le-guide-de-lextreme-de-rio-s00-e01/" />
<meta property="og:locale" content="fr_FR" />
<meta property="og:type" content="article" />
<meta property="og:title" content="Le Guide de l&#039;extrême de Rio - MyZen TV" />
<meta property="og:description" content="Hylka et son ami Jan explorent les petites îles aux alentours du canal de Marapendi. Après un bon déjeuner, ils survolent la ville en deltaplane, et finissent leur journée dans le Kult Kolector, un bar à la mode." />
<meta property="og:url" content="https://www.myzen.tv/fr/program/episode/10246-le-guide-de-lextreme-de-rio-s00-e01" />
<meta property="og:site_name" content="MyZen TV" />
<meta property="article:publisher" content="https://www.facebook.com/myzen.tv.fr/" />
<meta property="article:modified_time" content="2025-12-31T04:35:54+00:00" />
<meta property="og:image" content="https://www.myzen.tv/wp-content/uploads/2020/07/1594639380-enjoying-rio.jpg" />
	<meta property="og:image:width" content="1280" />
	<meta property="og:image:height" content="720" />
	<meta property="og:image:type" content="image/jpeg" />
<meta name="twitter:card" content="summary_large_image" />
<meta name="twitter:label1" content="Durée de lecture estimée" />
	<meta name="twitter:data1" content="1 minute" />
<!-- / Yoast SEO plugin. -->

Le Guide de l'extrême de Rio - MyZen TV

Hylka et son ami Jan explorent les petites îles aux alentours du canal de Marapendi. Après un bon déjeuner, ils survolent la ville en deltaplane, et finissent leur journée dans le Kult Kolector, un bar à la mode.

Évasion

Le Guide de l&#8217;extrême de Rio
