{"id":1651091,"date":"2021-05-21T10:06:59","date_gmt":"2021-05-21T10:06:59","guid":{"rendered":"https:\/\/www.myzen.tv\/?post_type=programs&#038;p=1651091"},"modified":"2025-12-31T04:41:38","modified_gmt":"2025-12-31T04:41:38","slug":"12426-palestine-s00-e26","status":"inactive","type":"program","link":"https:\/\/www.myzen.tv\/fr\/program\/episode\/12426-palestine-s00-e26","title":{"rendered":"Palestine"},"content":{"rendered":"<p>Au c\u0153ur des territoires palestiniens, Bethl\u00e9em est une terre pleine d&rsquo;histoire et de ferveur religieuse. Une terre o\u00f9 les cloches des \u00e9glises sonnent en m\u00eame temps que le chant du muezzin s&rsquo;\u00e9l\u00e8ve, et o\u00f9, depuis des si\u00e8cles, chr\u00e9tiens et musulmans cohabitent en harmonie. Une terre pleine de symboles religieux et aussi objet d&rsquo;une bataille politique. Les Palestiniens ont des milliers de moyens de pr\u00e9server leur culture. Sophie y rencontrera Maha, qui lui montrera des robes de mari\u00e9e traditionnelles qu&rsquo;elle brode encore elle-m\u00eame afin de maintenir un \u00e9tat d&rsquo;union entre la Palestine d&rsquo;hier et celle d&rsquo;aujourd&rsquo;hui.<\/p>\n","protected":false},"excerpt":{"rendered":"<p>Dans cet \u00e9pisode, Sophie se rendra en Palestine \u00e0 Bethl\u00e9em, une terre charg\u00e9e d\u2019histoire et de ferveur religieuse.<\/p>\n","protected":false},"featured_media":1643057,"parent":0,"menu_order":0,"template":"","format":"standard","meta":{"episode_type":"","audio_file":"","cover_image":"","cover_image_id":"","duration":"00:26:00","filesize":"","date_recorded":"","explicit":"","block":"","itunes_episode_number":"","itunes_title":"","itunes_season_number":"","itunes_episode_type":"","filesize_raw":""},"program_type":[32],"group":[271,318],"d_category":[1171],"genre":[1383],"class_list":["post-1651091","program","type-program","status-inactive","format-standard","has-post-thumbnail","hentry","program_type-episode","group-travel","group-voyage","d_category-evasion","genre-reality-show"],"yoast_head":"<!-- This site is optimized with the Yoast SEO plugin v24.0 - https:\/\/yoast.com\/wordpress\/plugins\/seo\/ -->\n<title>Palestine - MyZen TV<\/title>\n<meta name=\"robots\" content=\"index, follow, max-snippet:-1, max-image-preview:large, max-video-preview:-1\" \/>\n<link rel=\"canonical\" href=\"https:\/\/www.myzen.tv\/fr\/program\/episode\/12426-palestine-s00-e26\/\" \/>\n<meta property=\"og:locale\" content=\"fr_FR\" \/>\n<meta property=\"og:type\" content=\"article\" \/>\n<meta property=\"og:title\" content=\"Palestine - MyZen TV\" \/>\n<meta property=\"og:description\" content=\"Dans cet \u00e9pisode, Sophie se rendra en Palestine \u00e0 Bethl\u00e9em, une terre charg\u00e9e d\u2019histoire et de ferveur religieuse.\" \/>\n<meta property=\"og:url\" content=\"https:\/\/www.myzen.tv\/fr\/program\/episode\/12426-palestine-s00-e26\" \/>\n<meta property=\"og:site_name\" content=\"MyZen TV\" \/>\n<meta property=\"article:publisher\" content=\"https:\/\/www.facebook.com\/myzen.tv.fr\/\" \/>\n<meta property=\"article:modified_time\" content=\"2025-12-31T04:41:38+00:00\" \/>\n<meta property=\"og:image\" content=\"https:\/\/www.myzen.tv\/wp-content\/uploads\/2021\/03\/dans-tes-yeuxe26-palestine.jpeg\" \/>\n\t<meta property=\"og:image:width\" content=\"1280\" \/>\n\t<meta property=\"og:image:height\" content=\"720\" \/>\n\t<meta property=\"og:image:type\" content=\"image\/jpeg\" \/>\n<meta name=\"twitter:card\" content=\"summary_large_image\" \/>\n<meta name=\"twitter:label1\" content=\"Dur\u00e9e de lecture estim\u00e9e\" \/>\n\t<meta name=\"twitter:data1\" content=\"1 minute\" \/>\n<!-- \/ Yoast SEO plugin. -->","yoast_head_json":{"title":"Palestine - MyZen TV","robots":{"index":"index","follow":"follow","max-snippet":"max-snippet:-1","max-image-preview":"max-image-preview:large","max-video-preview":"max-video-preview:-1"},"canonical":"https:\/\/www.myzen.tv\/fr\/program\/episode\/12426-palestine-s00-e26\/","og_locale":"fr_FR","og_type":"article","og_title":"Palestine - MyZen TV","og_description":"Dans cet \u00e9pisode, Sophie se rendra en Palestine \u00e0 Bethl\u00e9em, une terre charg\u00e9e d\u2019histoire et de ferveur religieuse.","og_url":"https:\/\/www.myzen.tv\/fr\/program\/episode\/12426-palestine-s00-e26","og_site_name":"MyZen TV","article_publisher":"https:\/\/www.facebook.com\/myzen.tv.fr\/","article_modified_time":"2025-12-31T04:41:38+00:00","og_image":[{"width":1280,"height":720,"url":"https:\/\/www.myzen.tv\/wp-content\/uploads\/2021\/03\/dans-tes-yeuxe26-palestine.jpeg","type":"image\/jpeg"}],"twitter_card":"summary_large_image","twitter_misc":{"Dur\u00e9e de lecture estim\u00e9e":"1 minute"},"schema":{"@context":"https:\/\/schema.org","@graph":[{"@type":"WebPage","@id":"https:\/\/www.myzen.tv\/fr\/program\/episode\/12426-palestine-s00-e26","url":"https:\/\/www.myzen.tv\/fr\/program\/episode\/12426-palestine-s00-e26","name":"Palestine - MyZen TV","isPartOf":{"@id":"https:\/\/www.myzen.tv\/fr\/#website"},"primaryImageOfPage":{"@id":"https:\/\/www.myzen.tv\/fr\/program\/episode\/12426-palestine-s00-e26#primaryimage"},"image":{"@id":"https:\/\/www.myzen.tv\/fr\/program\/episode\/12426-palestine-s00-e26#primaryimage"},"thumbnailUrl":"https:\/\/www.myzen.tv\/wp-content\/uploads\/2021\/03\/dans-tes-yeuxe26-palestine.jpeg","datePublished":"2021-05-21T10:06:59+00:00","dateModified":"2025-12-31T04:41:38+00:00","breadcrumb":{"@id":"https:\/\/www.myzen.tv\/fr\/program\/episode\/12426-palestine-s00-e26#breadcrumb"},"inLanguage":"fr-FR","potentialAction":[{"@type":"ReadAction","target":["https:\/\/www.myzen.tv\/fr\/program\/episode\/12426-palestine-s00-e26"]}]},{"@type":"ImageObject","inLanguage":"fr-FR","@id":"https:\/\/www.myzen.tv\/fr\/program\/episode\/12426-palestine-s00-e26#primaryimage","url":"https:\/\/www.myzen.tv\/wp-content\/uploads\/2021\/03\/dans-tes-yeuxe26-palestine.jpeg","contentUrl":"https:\/\/www.myzen.tv\/wp-content\/uploads\/2021\/03\/dans-tes-yeuxe26-palestine.jpeg","width":1280,"height":720,"caption":"Dans cet \u00e9pisode, Sophie se rendra en Palestine \u00e0 Bethl\u00e9em, une terre charg\u00e9e d\u2019histoire et de ferveur religieuse."},{"@type":"BreadcrumbList","@id":"https:\/\/www.myzen.tv\/fr\/program\/episode\/12426-palestine-s00-e26#breadcrumb","itemListElement":[{"@type":"ListItem","position":1,"name":"Home","item":"https:\/\/www.myzen.tv\/fr\/"},{"@type":"ListItem","position":2,"name":"Programs","item":"https:\/\/www.myzen.tv\/fr\/programs\/"},{"@type":"ListItem","position":3,"name":"\u00c9vasion","item":"https:\/\/www.myzen.tv\/fr\/categorie\/evasion\/"},{"@type":"ListItem","position":4,"name":"Palestine"}]},{"@type":"WebSite","@id":"https:\/\/www.myzen.tv\/fr\/#website","url":"https:\/\/www.myzen.tv\/fr\/","name":"MyZen TV","description":"Your lifestyle and well-being channel","publisher":{"@id":"https:\/\/www.myzen.tv\/fr\/#organization"},"potentialAction":[{"@type":"SearchAction","target":{"@type":"EntryPoint","urlTemplate":"https:\/\/www.myzen.tv\/fr\/?s={search_term_string}"},"query-input":{"@type":"PropertyValueSpecification","valueRequired":true,"valueName":"search_term_string"}}],"inLanguage":"fr-FR"},{"@type":"Organization","@id":"https:\/\/www.myzen.tv\/fr\/#organization","name":"MyZen TV","url":"https:\/\/www.myzen.tv\/fr\/","logo":{"@type":"ImageObject","inLanguage":"fr-FR","@id":"https:\/\/www.myzen.tv\/fr\/#\/schema\/logo\/image\/","url":"https:\/\/www.myzen.tv\/wp-content\/uploads\/2021\/05\/cropped-ICON_MZtv-LOGO_firetv640-1-1.png","contentUrl":"https:\/\/www.myzen.tv\/wp-content\/uploads\/2021\/05\/cropped-ICON_MZtv-LOGO_firetv640-1-1.png","width":512,"height":512,"caption":"MyZen TV"},"image":{"@id":"https:\/\/www.myzen.tv\/fr\/#\/schema\/logo\/image\/"},"sameAs":["https:\/\/www.facebook.com\/myzen.tv.fr\/","https:\/\/www.instagram.com\/myzentv\/"]}]}},"status_options":[{"label":"Inactive","value":"inactive"}],"_links":{"self":[{"href":"https:\/\/www.myzen.tv\/fr\/wp-json\/wp\/v2\/programs\/1651091","targetHints":{"allow":["GET"]}}],"collection":[{"href":"https:\/\/www.myzen.tv\/fr\/wp-json\/wp\/v2\/programs"}],"about":[{"href":"https:\/\/www.myzen.tv\/fr\/wp-json\/wp\/v2\/types\/program"}],"wp:featuredmedia":[{"embeddable":true,"href":"https:\/\/www.myzen.tv\/fr\/wp-json\/wp\/v2\/media\/1643057"}],"wp:attachment":[{"href":"https:\/\/www.myzen.tv\/fr\/wp-json\/wp\/v2\/media?parent=1651091"}],"wp:term":[{"taxonomy":"program_type","embeddable":true,"href":"https:\/\/www.myzen.tv\/fr\/wp-json\/wp\/v2\/program_type?post=1651091"},{"taxonomy":"group","embeddable":true,"href":"https:\/\/www.myzen.tv\/fr\/wp-json\/wp\/v2\/group?post=1651091"},{"taxonomy":"d_category","embeddable":true,"href":"https:\/\/www.myzen.tv\/fr\/wp-json\/wp\/v2\/d_category?post=1651091"},{"taxonomy":"genre","embeddable":true,"href":"https:\/\/www.myzen.tv\/fr\/wp-json\/wp\/v2\/genre?post=1651091"}],"curies":[{"name":"wp","href":"https:\/\/api.w.org\/{rel}","templated":true}]}}

<p>Au cœur des territoires palestiniens, Bethléem est une terre pleine d&rsquo;histoire et de ferveur religieuse. Une terre où les cloches des églises sonnent en même temps que le chant du muezzin s&rsquo;élève, et où, depuis des siècles, chrétiens et musulmans cohabitent en harmonie. Une terre pleine de symboles religieux et aussi objet d&rsquo;une bataille politique. Les Palestiniens ont des milliers de moyens de préserver leur culture. Sophie y rencontrera Maha, qui lui montrera des robes de mariée traditionnelles qu&rsquo;elle brode encore elle-même afin de maintenir un état d&rsquo;union entre la Palestine d&rsquo;hier et celle d&rsquo;aujourd&rsquo;hui.</p>

<p>Dans cet épisode, Sophie se rendra en Palestine à Bethléem, une terre chargée d’histoire et de ferveur religieuse.</p>

<!-- This site is optimized with the Yoast SEO plugin v24.0 - https://yoast.com/wordpress/plugins/seo/ -->
<title>Palestine - MyZen TV</title>
<meta name="robots" content="index, follow, max-snippet:-1, max-image-preview:large, max-video-preview:-1" />
<link rel="canonical" href="https://www.myzen.tv/fr/program/episode/12426-palestine-s00-e26/" />
<meta property="og:locale" content="fr_FR" />
<meta property="og:type" content="article" />
<meta property="og:title" content="Palestine - MyZen TV" />
<meta property="og:description" content="Dans cet épisode, Sophie se rendra en Palestine à Bethléem, une terre chargée d’histoire et de ferveur religieuse." />
<meta property="og:url" content="https://www.myzen.tv/fr/program/episode/12426-palestine-s00-e26" />
<meta property="og:site_name" content="MyZen TV" />
<meta property="article:publisher" content="https://www.facebook.com/myzen.tv.fr/" />
<meta property="article:modified_time" content="2025-12-31T04:41:38+00:00" />
<meta property="og:image" content="https://www.myzen.tv/wp-content/uploads/2021/03/dans-tes-yeuxe26-palestine.jpeg" />
	<meta property="og:image:width" content="1280" />
	<meta property="og:image:height" content="720" />
	<meta property="og:image:type" content="image/jpeg" />
<meta name="twitter:card" content="summary_large_image" />
<meta name="twitter:label1" content="Durée de lecture estimée" />
	<meta name="twitter:data1" content="1 minute" />
<!-- / Yoast SEO plugin. -->

Dans cet épisode, Sophie se rendra en Palestine à Bethléem, une terre chargée d’histoire et de ferveur religieuse.

Évasion
