{"id":1652095,"date":"2021-05-21T10:08:11","date_gmt":"2021-05-21T10:08:11","guid":{"rendered":"https:\/\/www.myzen.tv\/?post_type=programs&#038;p=1652095"},"modified":"2026-01-25T05:31:45","modified_gmt":"2026-01-25T05:31:45","slug":"11978-daccord-pour-ne-pas-etre-daccord-s00-e05","status":"inactive","type":"program","link":"https:\/\/www.myzen.tv\/fr\/program\/episode\/11978-daccord-pour-ne-pas-etre-daccord-s00-e05","title":{"rendered":"D\u2019accord pour ne pas \u00eatre d\u2019accord"},"content":{"rendered":"<p>Le c\u0153ur de tout projet estampill\u00e9 \u00ab Sarah Richardson \u00bb est la cuisine, et celle-ci ne fait pas exception \u00e0 la r\u00e8gle avec ses dimensions XXL. Sarah et Tommy se retrouvent \u00e0 couteaux tir\u00e9s, qu\u2019il s\u2019agisse de l\u2019arrangement de la pi\u00e8ce ou des audacieux choix de couleur de Tommy. <\/p>\n","protected":false},"excerpt":{"rendered":"<p>Le c\u0153ur de tout projet estampill\u00e9 \u00ab Sarah Richardson \u00bb est la cuisine, et celle-ci ne fait pas exception \u00e0 la r\u00e8gle avec ses dimensions XXL. <\/p>\n","protected":false},"featured_media":1535897,"parent":0,"menu_order":0,"template":"","format":"standard","meta":{"episode_type":"","audio_file":"","cover_image":"","cover_image_id":"","duration":"00:42:00","filesize":"","date_recorded":"","explicit":"","block":"","itunes_episode_number":"","itunes_title":"","itunes_season_number":"","itunes_episode_type":"","filesize_raw":""},"program_type":[32],"group":[269,316],"d_category":[1174],"genre":[1374],"class_list":["post-1652095","program","type-program","status-inactive","format-standard","has-post-thumbnail","hentry","program_type-episode","group-home-garden","group-maison-jardin","d_category-life-changes","genre-entertainement"],"yoast_head":"<!-- This site is optimized with the Yoast SEO plugin v24.0 - https:\/\/yoast.com\/wordpress\/plugins\/seo\/ -->\n<title>D\u2019accord pour ne pas \u00eatre d\u2019accord - MyZen TV<\/title>\n<meta name=\"robots\" content=\"index, follow, max-snippet:-1, max-image-preview:large, max-video-preview:-1\" \/>\n<link rel=\"canonical\" href=\"https:\/\/www.myzen.tv\/fr\/program\/episode\/11978-daccord-pour-ne-pas-etre-daccord-s00-e05\/\" \/>\n<meta property=\"og:locale\" content=\"fr_FR\" \/>\n<meta property=\"og:type\" content=\"article\" \/>\n<meta property=\"og:title\" content=\"D\u2019accord pour ne pas \u00eatre d\u2019accord - MyZen TV\" \/>\n<meta property=\"og:description\" content=\"Le c\u0153ur de tout projet estampill\u00e9 \u00ab Sarah Richardson \u00bb est la cuisine, et celle-ci ne fait pas exception \u00e0 la r\u00e8gle avec ses dimensions XXL.\" \/>\n<meta property=\"og:url\" content=\"https:\/\/www.myzen.tv\/fr\/program\/episode\/11978-daccord-pour-ne-pas-etre-daccord-s00-e05\" \/>\n<meta property=\"og:site_name\" content=\"MyZen TV\" \/>\n<meta property=\"article:publisher\" content=\"https:\/\/www.facebook.com\/myzen.tv.fr\/\" \/>\n<meta property=\"article:modified_time\" content=\"2026-01-25T05:31:45+00:00\" \/>\n<meta property=\"og:image\" content=\"https:\/\/www.myzen.tv\/wp-content\/uploads\/2020\/12\/1607523094-sarah-off-the-grid.jpg\" \/>\n\t<meta property=\"og:image:width\" content=\"1280\" \/>\n\t<meta property=\"og:image:height\" content=\"720\" \/>\n\t<meta property=\"og:image:type\" content=\"image\/jpeg\" \/>\n<meta name=\"twitter:card\" content=\"summary_large_image\" \/>\n<!-- \/ Yoast SEO plugin. -->","yoast_head_json":{"title":"D\u2019accord pour ne pas \u00eatre d\u2019accord - MyZen TV","robots":{"index":"index","follow":"follow","max-snippet":"max-snippet:-1","max-image-preview":"max-image-preview:large","max-video-preview":"max-video-preview:-1"},"canonical":"https:\/\/www.myzen.tv\/fr\/program\/episode\/11978-daccord-pour-ne-pas-etre-daccord-s00-e05\/","og_locale":"fr_FR","og_type":"article","og_title":"D\u2019accord pour ne pas \u00eatre d\u2019accord - MyZen TV","og_description":"Le c\u0153ur de tout projet estampill\u00e9 \u00ab Sarah Richardson \u00bb est la cuisine, et celle-ci ne fait pas exception \u00e0 la r\u00e8gle avec ses dimensions XXL.","og_url":"https:\/\/www.myzen.tv\/fr\/program\/episode\/11978-daccord-pour-ne-pas-etre-daccord-s00-e05","og_site_name":"MyZen TV","article_publisher":"https:\/\/www.facebook.com\/myzen.tv.fr\/","article_modified_time":"2026-01-25T05:31:45+00:00","og_image":[{"width":1280,"height":720,"url":"https:\/\/www.myzen.tv\/wp-content\/uploads\/2020\/12\/1607523094-sarah-off-the-grid.jpg","type":"image\/jpeg"}],"twitter_card":"summary_large_image","schema":{"@context":"https:\/\/schema.org","@graph":[{"@type":"WebPage","@id":"https:\/\/www.myzen.tv\/fr\/program\/episode\/11978-daccord-pour-ne-pas-etre-daccord-s00-e05","url":"https:\/\/www.myzen.tv\/fr\/program\/episode\/11978-daccord-pour-ne-pas-etre-daccord-s00-e05","name":"D\u2019accord pour ne pas \u00eatre d\u2019accord - MyZen TV","isPartOf":{"@id":"https:\/\/www.myzen.tv\/fr\/#website"},"primaryImageOfPage":{"@id":"https:\/\/www.myzen.tv\/fr\/program\/episode\/11978-daccord-pour-ne-pas-etre-daccord-s00-e05#primaryimage"},"image":{"@id":"https:\/\/www.myzen.tv\/fr\/program\/episode\/11978-daccord-pour-ne-pas-etre-daccord-s00-e05#primaryimage"},"thumbnailUrl":"https:\/\/www.myzen.tv\/wp-content\/uploads\/2020\/12\/1607523094-sarah-off-the-grid.jpg","datePublished":"2021-05-21T10:08:11+00:00","dateModified":"2026-01-25T05:31:45+00:00","breadcrumb":{"@id":"https:\/\/www.myzen.tv\/fr\/program\/episode\/11978-daccord-pour-ne-pas-etre-daccord-s00-e05#breadcrumb"},"inLanguage":"fr-FR","potentialAction":[{"@type":"ReadAction","target":["https:\/\/www.myzen.tv\/fr\/program\/episode\/11978-daccord-pour-ne-pas-etre-daccord-s00-e05"]}]},{"@type":"ImageObject","inLanguage":"fr-FR","@id":"https:\/\/www.myzen.tv\/fr\/program\/episode\/11978-daccord-pour-ne-pas-etre-daccord-s00-e05#primaryimage","url":"https:\/\/www.myzen.tv\/wp-content\/uploads\/2020\/12\/1607523094-sarah-off-the-grid.jpg","contentUrl":"https:\/\/www.myzen.tv\/wp-content\/uploads\/2020\/12\/1607523094-sarah-off-the-grid.jpg","width":1280,"height":720},{"@type":"BreadcrumbList","@id":"https:\/\/www.myzen.tv\/fr\/program\/episode\/11978-daccord-pour-ne-pas-etre-daccord-s00-e05#breadcrumb","itemListElement":[{"@type":"ListItem","position":1,"name":"Home","item":"https:\/\/www.myzen.tv\/fr\/"},{"@type":"ListItem","position":2,"name":"Programs","item":"https:\/\/www.myzen.tv\/fr\/programs\/"},{"@type":"ListItem","position":3,"name":"D\u2019accord pour ne pas \u00eatre d\u2019accord"}]},{"@type":"WebSite","@id":"https:\/\/www.myzen.tv\/fr\/#website","url":"https:\/\/www.myzen.tv\/fr\/","name":"MyZen TV","description":"Your lifestyle and well-being channel","publisher":{"@id":"https:\/\/www.myzen.tv\/fr\/#organization"},"potentialAction":[{"@type":"SearchAction","target":{"@type":"EntryPoint","urlTemplate":"https:\/\/www.myzen.tv\/fr\/?s={search_term_string}"},"query-input":{"@type":"PropertyValueSpecification","valueRequired":true,"valueName":"search_term_string"}}],"inLanguage":"fr-FR"},{"@type":"Organization","@id":"https:\/\/www.myzen.tv\/fr\/#organization","name":"MyZen TV","url":"https:\/\/www.myzen.tv\/fr\/","logo":{"@type":"ImageObject","inLanguage":"fr-FR","@id":"https:\/\/www.myzen.tv\/fr\/#\/schema\/logo\/image\/","url":"https:\/\/www.myzen.tv\/wp-content\/uploads\/2021\/05\/cropped-ICON_MZtv-LOGO_firetv640-1-1.png","contentUrl":"https:\/\/www.myzen.tv\/wp-content\/uploads\/2021\/05\/cropped-ICON_MZtv-LOGO_firetv640-1-1.png","width":512,"height":512,"caption":"MyZen TV"},"image":{"@id":"https:\/\/www.myzen.tv\/fr\/#\/schema\/logo\/image\/"},"sameAs":["https:\/\/www.facebook.com\/myzen.tv.fr\/","https:\/\/www.instagram.com\/myzentv\/"]}]}},"status_options":[{"label":"Inactive","value":"inactive"}],"_links":{"self":[{"href":"https:\/\/www.myzen.tv\/fr\/wp-json\/wp\/v2\/programs\/1652095","targetHints":{"allow":["GET"]}}],"collection":[{"href":"https:\/\/www.myzen.tv\/fr\/wp-json\/wp\/v2\/programs"}],"about":[{"href":"https:\/\/www.myzen.tv\/fr\/wp-json\/wp\/v2\/types\/program"}],"wp:featuredmedia":[{"embeddable":true,"href":"https:\/\/www.myzen.tv\/fr\/wp-json\/wp\/v2\/media\/1535897"}],"wp:attachment":[{"href":"https:\/\/www.myzen.tv\/fr\/wp-json\/wp\/v2\/media?parent=1652095"}],"wp:term":[{"taxonomy":"program_type","embeddable":true,"href":"https:\/\/www.myzen.tv\/fr\/wp-json\/wp\/v2\/program_type?post=1652095"},{"taxonomy":"group","embeddable":true,"href":"https:\/\/www.myzen.tv\/fr\/wp-json\/wp\/v2\/group?post=1652095"},{"taxonomy":"d_category","embeddable":true,"href":"https:\/\/www.myzen.tv\/fr\/wp-json\/wp\/v2\/d_category?post=1652095"},{"taxonomy":"genre","embeddable":true,"href":"https:\/\/www.myzen.tv\/fr\/wp-json\/wp\/v2\/genre?post=1652095"}],"curies":[{"name":"wp","href":"https:\/\/api.w.org\/{rel}","templated":true}]}}

D’accord pour ne pas être d’accord

<p>Le cœur de tout projet estampillé « Sarah Richardson » est la cuisine, et celle-ci ne fait pas exception à la règle avec ses dimensions XXL. Sarah et Tommy se retrouvent à couteaux tirés, qu’il s’agisse de l’arrangement de la pièce ou des audacieux choix de couleur de Tommy. </p>

<p>Le cœur de tout projet estampillé « Sarah Richardson » est la cuisine, et celle-ci ne fait pas exception à la règle avec ses dimensions XXL. </p>

<!-- This site is optimized with the Yoast SEO plugin v24.0 - https://yoast.com/wordpress/plugins/seo/ -->
<title>D’accord pour ne pas être d’accord - MyZen TV</title>
<meta name="robots" content="index, follow, max-snippet:-1, max-image-preview:large, max-video-preview:-1" />
<link rel="canonical" href="https://www.myzen.tv/fr/program/episode/11978-daccord-pour-ne-pas-etre-daccord-s00-e05/" />
<meta property="og:locale" content="fr_FR" />
<meta property="og:type" content="article" />
<meta property="og:title" content="D’accord pour ne pas être d’accord - MyZen TV" />
<meta property="og:description" content="Le cœur de tout projet estampillé « Sarah Richardson » est la cuisine, et celle-ci ne fait pas exception à la règle avec ses dimensions XXL." />
<meta property="og:url" content="https://www.myzen.tv/fr/program/episode/11978-daccord-pour-ne-pas-etre-daccord-s00-e05" />
<meta property="og:site_name" content="MyZen TV" />
<meta property="article:publisher" content="https://www.facebook.com/myzen.tv.fr/" />
<meta property="article:modified_time" content="2026-01-25T05:31:45+00:00" />
<meta property="og:image" content="https://www.myzen.tv/wp-content/uploads/2020/12/1607523094-sarah-off-the-grid.jpg" />
	<meta property="og:image:width" content="1280" />
	<meta property="og:image:height" content="720" />
	<meta property="og:image:type" content="image/jpeg" />
<meta name="twitter:card" content="summary_large_image" />
<!-- / Yoast SEO plugin. -->

D’accord pour ne pas être d’accord - MyZen TV

Le cœur de tout projet estampillé « Sarah Richardson » est la cuisine, et celle-ci ne fait pas exception à la règle avec ses dimensions XXL.
