{"id":1652118,"date":"2021-05-21T10:08:15","date_gmt":"2021-05-21T10:08:15","guid":{"rendered":"https:\/\/www.myzen.tv\/?post_type=programs&#038;p=1652118"},"modified":"2026-01-25T05:27:34","modified_gmt":"2026-01-25T05:27:34","slug":"11962-chambre-principale-revetements-s00-e03","status":"inactive","type":"program","link":"https:\/\/www.myzen.tv\/fr\/program\/episode\/11962-chambre-principale-revetements-s00-e03","title":{"rendered":"Chambre principale, rev\u00eatements"},"content":{"rendered":"<p>Cette chambre principale a une merveilleuse charpente, avec un large plafond vo\u00fbt\u00e9 et de nombreuses fen\u00eatres. Sarah et Tommy utilisent le pouvoir de la peinture pour \u00e9claircir l\u2019espace et remettre en valeur les meubles encastr\u00e9s. C\u2019est le jour et la nuit compar\u00e9 aux d\u00e9fis pos\u00e9s par l\u2019ext\u00e9rieur du cottage, o\u00f9 des poutres pourries doivent \u00eatre remplac\u00e9es, tout comme un bardage qui s\u2019effeuille et se d\u00e9sagr\u00e8ge.<\/p>\n","protected":false},"excerpt":{"rendered":"<p>Sarah Richardson ram\u00e8ne \u00e0 la vie un cottage familial des ann\u00e9es 50 construit sur une \u00eele isol\u00e9e.<\/p>\n","protected":false},"featured_media":1535833,"parent":0,"menu_order":0,"template":"","format":"standard","meta":{"episode_type":"","audio_file":"","cover_image":"","cover_image_id":"","duration":"00:20:00","filesize":"","date_recorded":"","explicit":"","block":"","itunes_episode_number":"","itunes_title":"","itunes_season_number":"","itunes_episode_type":"","filesize_raw":""},"program_type":[32],"group":[269,316],"d_category":[1174],"genre":[1374],"class_list":["post-1652118","program","type-program","status-inactive","format-standard","has-post-thumbnail","hentry","program_type-episode","group-home-garden","group-maison-jardin","d_category-life-changes","genre-entertainement"],"yoast_head":"<!-- This site is optimized with the Yoast SEO plugin v24.0 - https:\/\/yoast.com\/wordpress\/plugins\/seo\/ -->\n<title>Chambre principale, rev\u00eatements - MyZen TV<\/title>\n<meta name=\"robots\" content=\"index, follow, max-snippet:-1, max-image-preview:large, max-video-preview:-1\" \/>\n<link rel=\"canonical\" href=\"https:\/\/www.myzen.tv\/fr\/program\/episode\/11962-chambre-principale-revetements-s00-e03\/\" \/>\n<meta property=\"og:locale\" content=\"fr_FR\" \/>\n<meta property=\"og:type\" content=\"article\" \/>\n<meta property=\"og:title\" content=\"Chambre principale, rev\u00eatements - MyZen TV\" \/>\n<meta property=\"og:description\" content=\"Sarah Richardson ram\u00e8ne \u00e0 la vie un cottage familial des ann\u00e9es 50 construit sur une \u00eele isol\u00e9e.\" \/>\n<meta property=\"og:url\" content=\"https:\/\/www.myzen.tv\/fr\/program\/episode\/11962-chambre-principale-revetements-s00-e03\" \/>\n<meta property=\"og:site_name\" content=\"MyZen TV\" \/>\n<meta property=\"article:publisher\" content=\"https:\/\/www.facebook.com\/myzen.tv.fr\/\" \/>\n<meta property=\"article:modified_time\" content=\"2026-01-25T05:27:34+00:00\" \/>\n<meta property=\"og:image\" content=\"https:\/\/www.myzen.tv\/wp-content\/uploads\/2020\/12\/1607523079-sarahs-cottage-rental.jpg\" \/>\n\t<meta property=\"og:image:width\" content=\"1280\" \/>\n\t<meta property=\"og:image:height\" content=\"720\" \/>\n\t<meta property=\"og:image:type\" content=\"image\/jpeg\" \/>\n<meta name=\"twitter:card\" content=\"summary_large_image\" \/>\n<!-- \/ Yoast SEO plugin. -->","yoast_head_json":{"title":"Chambre principale, rev\u00eatements - MyZen TV","robots":{"index":"index","follow":"follow","max-snippet":"max-snippet:-1","max-image-preview":"max-image-preview:large","max-video-preview":"max-video-preview:-1"},"canonical":"https:\/\/www.myzen.tv\/fr\/program\/episode\/11962-chambre-principale-revetements-s00-e03\/","og_locale":"fr_FR","og_type":"article","og_title":"Chambre principale, rev\u00eatements - MyZen TV","og_description":"Sarah Richardson ram\u00e8ne \u00e0 la vie un cottage familial des ann\u00e9es 50 construit sur une \u00eele isol\u00e9e.","og_url":"https:\/\/www.myzen.tv\/fr\/program\/episode\/11962-chambre-principale-revetements-s00-e03","og_site_name":"MyZen TV","article_publisher":"https:\/\/www.facebook.com\/myzen.tv.fr\/","article_modified_time":"2026-01-25T05:27:34+00:00","og_image":[{"width":1280,"height":720,"url":"https:\/\/www.myzen.tv\/wp-content\/uploads\/2020\/12\/1607523079-sarahs-cottage-rental.jpg","type":"image\/jpeg"}],"twitter_card":"summary_large_image","schema":{"@context":"https:\/\/schema.org","@graph":[{"@type":"WebPage","@id":"https:\/\/www.myzen.tv\/fr\/program\/episode\/11962-chambre-principale-revetements-s00-e03","url":"https:\/\/www.myzen.tv\/fr\/program\/episode\/11962-chambre-principale-revetements-s00-e03","name":"Chambre principale, rev\u00eatements - MyZen TV","isPartOf":{"@id":"https:\/\/www.myzen.tv\/fr\/#website"},"primaryImageOfPage":{"@id":"https:\/\/www.myzen.tv\/fr\/program\/episode\/11962-chambre-principale-revetements-s00-e03#primaryimage"},"image":{"@id":"https:\/\/www.myzen.tv\/fr\/program\/episode\/11962-chambre-principale-revetements-s00-e03#primaryimage"},"thumbnailUrl":"https:\/\/www.myzen.tv\/wp-content\/uploads\/2020\/12\/1607523079-sarahs-cottage-rental.jpg","datePublished":"2021-05-21T10:08:15+00:00","dateModified":"2026-01-25T05:27:34+00:00","breadcrumb":{"@id":"https:\/\/www.myzen.tv\/fr\/program\/episode\/11962-chambre-principale-revetements-s00-e03#breadcrumb"},"inLanguage":"fr-FR","potentialAction":[{"@type":"ReadAction","target":["https:\/\/www.myzen.tv\/fr\/program\/episode\/11962-chambre-principale-revetements-s00-e03"]}]},{"@type":"ImageObject","inLanguage":"fr-FR","@id":"https:\/\/www.myzen.tv\/fr\/program\/episode\/11962-chambre-principale-revetements-s00-e03#primaryimage","url":"https:\/\/www.myzen.tv\/wp-content\/uploads\/2020\/12\/1607523079-sarahs-cottage-rental.jpg","contentUrl":"https:\/\/www.myzen.tv\/wp-content\/uploads\/2020\/12\/1607523079-sarahs-cottage-rental.jpg","width":1280,"height":720},{"@type":"BreadcrumbList","@id":"https:\/\/www.myzen.tv\/fr\/program\/episode\/11962-chambre-principale-revetements-s00-e03#breadcrumb","itemListElement":[{"@type":"ListItem","position":1,"name":"Home","item":"https:\/\/www.myzen.tv\/fr\/"},{"@type":"ListItem","position":2,"name":"Programs","item":"https:\/\/www.myzen.tv\/fr\/programs\/"},{"@type":"ListItem","position":3,"name":"Chambre principale, rev\u00eatements"}]},{"@type":"WebSite","@id":"https:\/\/www.myzen.tv\/fr\/#website","url":"https:\/\/www.myzen.tv\/fr\/","name":"MyZen TV","description":"Your lifestyle and well-being channel","publisher":{"@id":"https:\/\/www.myzen.tv\/fr\/#organization"},"potentialAction":[{"@type":"SearchAction","target":{"@type":"EntryPoint","urlTemplate":"https:\/\/www.myzen.tv\/fr\/?s={search_term_string}"},"query-input":{"@type":"PropertyValueSpecification","valueRequired":true,"valueName":"search_term_string"}}],"inLanguage":"fr-FR"},{"@type":"Organization","@id":"https:\/\/www.myzen.tv\/fr\/#organization","name":"MyZen TV","url":"https:\/\/www.myzen.tv\/fr\/","logo":{"@type":"ImageObject","inLanguage":"fr-FR","@id":"https:\/\/www.myzen.tv\/fr\/#\/schema\/logo\/image\/","url":"https:\/\/www.myzen.tv\/wp-content\/uploads\/2021\/05\/cropped-ICON_MZtv-LOGO_firetv640-1-1.png","contentUrl":"https:\/\/www.myzen.tv\/wp-content\/uploads\/2021\/05\/cropped-ICON_MZtv-LOGO_firetv640-1-1.png","width":512,"height":512,"caption":"MyZen TV"},"image":{"@id":"https:\/\/www.myzen.tv\/fr\/#\/schema\/logo\/image\/"},"sameAs":["https:\/\/www.facebook.com\/myzen.tv.fr\/","https:\/\/www.instagram.com\/myzentv\/"]}]}},"status_options":[{"label":"Inactive","value":"inactive"}],"_links":{"self":[{"href":"https:\/\/www.myzen.tv\/fr\/wp-json\/wp\/v2\/programs\/1652118","targetHints":{"allow":["GET"]}}],"collection":[{"href":"https:\/\/www.myzen.tv\/fr\/wp-json\/wp\/v2\/programs"}],"about":[{"href":"https:\/\/www.myzen.tv\/fr\/wp-json\/wp\/v2\/types\/program"}],"wp:featuredmedia":[{"embeddable":true,"href":"https:\/\/www.myzen.tv\/fr\/wp-json\/wp\/v2\/media\/1535833"}],"wp:attachment":[{"href":"https:\/\/www.myzen.tv\/fr\/wp-json\/wp\/v2\/media?parent=1652118"}],"wp:term":[{"taxonomy":"program_type","embeddable":true,"href":"https:\/\/www.myzen.tv\/fr\/wp-json\/wp\/v2\/program_type?post=1652118"},{"taxonomy":"group","embeddable":true,"href":"https:\/\/www.myzen.tv\/fr\/wp-json\/wp\/v2\/group?post=1652118"},{"taxonomy":"d_category","embeddable":true,"href":"https:\/\/www.myzen.tv\/fr\/wp-json\/wp\/v2\/d_category?post=1652118"},{"taxonomy":"genre","embeddable":true,"href":"https:\/\/www.myzen.tv\/fr\/wp-json\/wp\/v2\/genre?post=1652118"}],"curies":[{"name":"wp","href":"https:\/\/api.w.org\/{rel}","templated":true}]}}

Chambre principale, revêtements

<p>Cette chambre principale a une merveilleuse charpente, avec un large plafond voûté et de nombreuses fenêtres. Sarah et Tommy utilisent le pouvoir de la peinture pour éclaircir l’espace et remettre en valeur les meubles encastrés. C’est le jour et la nuit comparé aux défis posés par l’extérieur du cottage, où des poutres pourries doivent être remplacées, tout comme un bardage qui s’effeuille et se désagrège.</p>

<p>Sarah Richardson ramène à la vie un cottage familial des années 50 construit sur une île isolée.</p>

<!-- This site is optimized with the Yoast SEO plugin v24.0 - https://yoast.com/wordpress/plugins/seo/ -->
<title>Chambre principale, revêtements - MyZen TV</title>
<meta name="robots" content="index, follow, max-snippet:-1, max-image-preview:large, max-video-preview:-1" />
<link rel="canonical" href="https://www.myzen.tv/fr/program/episode/11962-chambre-principale-revetements-s00-e03/" />
<meta property="og:locale" content="fr_FR" />
<meta property="og:type" content="article" />
<meta property="og:title" content="Chambre principale, revêtements - MyZen TV" />
<meta property="og:description" content="Sarah Richardson ramène à la vie un cottage familial des années 50 construit sur une île isolée." />
<meta property="og:url" content="https://www.myzen.tv/fr/program/episode/11962-chambre-principale-revetements-s00-e03" />
<meta property="og:site_name" content="MyZen TV" />
<meta property="article:publisher" content="https://www.facebook.com/myzen.tv.fr/" />
<meta property="article:modified_time" content="2026-01-25T05:27:34+00:00" />
<meta property="og:image" content="https://www.myzen.tv/wp-content/uploads/2020/12/1607523079-sarahs-cottage-rental.jpg" />
	<meta property="og:image:width" content="1280" />
	<meta property="og:image:height" content="720" />
	<meta property="og:image:type" content="image/jpeg" />
<meta name="twitter:card" content="summary_large_image" />
<!-- / Yoast SEO plugin. -->

Chambre principale, revêtements - MyZen TV

Sarah Richardson ramène à la vie un cottage familial des années 50 construit sur une île isolée.
