{"id":1652528,"date":"2021-05-19T17:07:27","date_gmt":"2021-05-19T17:07:27","guid":{"rendered":"https:\/\/www.myzen.tv\/programs\/%types_program%s\/9335-my-zen-people-2\/"},"modified":"2026-01-25T04:46:35","modified_gmt":"2026-01-25T04:46:35","slug":"9335-my-zen-people","status":"inactive","type":"program","link":"https:\/\/www.myzen.tv\/fr\/program\/standalone\/9335-my-zen-people","title":{"rendered":"My Zen People"},"content":{"rendered":"<p>\u00abWanderlust, des corps \u00e9trangers en transit\u00bb est un documentaire autobiographique de deux femmes sur leur voyage par terre et par mer d\u2019Egypte en Allemagne. Deux femmes d&rsquo;origines diff\u00e9rentes (Argentine-Allemagne) pr\u00e9sentant deux perspectives du m\u00eame voyage. En traversant 13 fronti\u00e8res et 14 pays, ils enqu\u00eatent sur le \u00abcorps f\u00e9minin en transit\u00bb, leur relation avec les personnes rencontr\u00e9es, les diff\u00e9rents paysages et les divers contextes culturels, \u00e9conomiques et religieux. Gr\u00e2ce \u00e0 des entretiens entre eux et avec d\u2019autres personnes rencontr\u00e9es sur la route, ils explorent leur propre exp\u00e9rience en tant que voyageuses. Le film tente d\u2019offrir un point de vue diff\u00e9rent sur la perception et l\u2019exp\u00e9rience du corps par rapport aux r\u00e9cits de voyage traditionnels, qui ont souvent \u00e9t\u00e9 domin\u00e9s par des cin\u00e9astes masculins. Sous la forme d&rsquo;un dialogue, les deux perspectives sont mixtes et se chevauchent, mais s\u00e9parent souvent la r\u00e9flexion sur elles-m\u00eames et leur parcours commun \u00e0 travers leur propre \u00aboptique\u00bb.<\/p>\n","protected":false},"excerpt":{"rendered":"<p>\u00abWanderlust, des corps \u00e9trangers en transit\u00bb est un documentaire autobiographique de deux femmes sur leur voyage par terre et par mer d\u2019Egypte en Allemagne. Deux femmes d&rsquo;origines diff\u00e9rentes (Argentine-Allemagne) pr\u00e9sentant deux perspect[&#8230;]<\/p>\n","protected":false},"featured_media":15949,"parent":0,"menu_order":0,"template":"","format":"standard","meta":{"episode_type":"","audio_file":"","cover_image":"","cover_image_id":"","duration":"01:37:00","filesize":"","date_recorded":"","explicit":"","block":"","itunes_episode_number":"","itunes_title":"","itunes_season_number":"","itunes_episode_type":"","filesize_raw":""},"program_type":[33],"group":[],"d_category":[1174],"genre":[1373],"class_list":["post-1652528","program","type-program","status-inactive","format-standard","has-post-thumbnail","hentry","program_type-standalone","d_category-life-changes","genre-documentary"],"yoast_head":"<!-- This site is optimized with the Yoast SEO plugin v24.0 - https:\/\/yoast.com\/wordpress\/plugins\/seo\/ -->\n<title>My Zen People - MyZen TV<\/title>\n<meta name=\"robots\" content=\"index, follow, max-snippet:-1, max-image-preview:large, max-video-preview:-1\" \/>\n<link rel=\"canonical\" href=\"https:\/\/www.myzen.tv\/fr\/program\/standalone\/9335-my-zen-people\/\" \/>\n<meta property=\"og:locale\" content=\"fr_FR\" \/>\n<meta property=\"og:type\" content=\"article\" \/>\n<meta property=\"og:title\" content=\"My Zen People - MyZen TV\" \/>\n<meta property=\"og:description\" content=\"\u00abWanderlust, des corps \u00e9trangers en transit\u00bb est un documentaire autobiographique de deux femmes sur leur voyage par terre et par mer d\u2019Egypte en Allemagne. Deux femmes d&#039;origines diff\u00e9rentes (Argentine-Allemagne) pr\u00e9sentant deux perspect[...]\" \/>\n<meta property=\"og:url\" content=\"https:\/\/www.myzen.tv\/fr\/program\/standalone\/9335-my-zen-people\" \/>\n<meta property=\"og:site_name\" content=\"MyZen TV\" \/>\n<meta property=\"article:publisher\" content=\"https:\/\/www.facebook.com\/myzen.tv.fr\/\" \/>\n<meta property=\"article:modified_time\" content=\"2026-01-25T04:46:35+00:00\" \/>\n<meta property=\"og:image\" content=\"https:\/\/www.myzen.tv\/wp-content\/uploads\/2020\/07\/1594638406-my-zen-people.jpg\" \/>\n\t<meta property=\"og:image:width\" content=\"1280\" \/>\n\t<meta property=\"og:image:height\" content=\"720\" \/>\n\t<meta property=\"og:image:type\" content=\"image\/jpeg\" \/>\n<meta name=\"twitter:card\" content=\"summary_large_image\" \/>\n<meta name=\"twitter:label1\" content=\"Dur\u00e9e de lecture estim\u00e9e\" \/>\n\t<meta name=\"twitter:data1\" content=\"1 minute\" \/>\n<!-- \/ Yoast SEO plugin. -->","yoast_head_json":{"title":"My Zen People - MyZen TV","robots":{"index":"index","follow":"follow","max-snippet":"max-snippet:-1","max-image-preview":"max-image-preview:large","max-video-preview":"max-video-preview:-1"},"canonical":"https:\/\/www.myzen.tv\/fr\/program\/standalone\/9335-my-zen-people\/","og_locale":"fr_FR","og_type":"article","og_title":"My Zen People - MyZen TV","og_description":"\u00abWanderlust, des corps \u00e9trangers en transit\u00bb est un documentaire autobiographique de deux femmes sur leur voyage par terre et par mer d\u2019Egypte en Allemagne. Deux femmes d'origines diff\u00e9rentes (Argentine-Allemagne) pr\u00e9sentant deux perspect[...]","og_url":"https:\/\/www.myzen.tv\/fr\/program\/standalone\/9335-my-zen-people","og_site_name":"MyZen TV","article_publisher":"https:\/\/www.facebook.com\/myzen.tv.fr\/","article_modified_time":"2026-01-25T04:46:35+00:00","og_image":[{"width":1280,"height":720,"url":"https:\/\/www.myzen.tv\/wp-content\/uploads\/2020\/07\/1594638406-my-zen-people.jpg","type":"image\/jpeg"}],"twitter_card":"summary_large_image","twitter_misc":{"Dur\u00e9e de lecture estim\u00e9e":"1 minute"},"schema":{"@context":"https:\/\/schema.org","@graph":[{"@type":"WebPage","@id":"https:\/\/www.myzen.tv\/fr\/program\/standalone\/9335-my-zen-people","url":"https:\/\/www.myzen.tv\/fr\/program\/standalone\/9335-my-zen-people","name":"My Zen People - MyZen TV","isPartOf":{"@id":"https:\/\/www.myzen.tv\/fr\/#website"},"primaryImageOfPage":{"@id":"https:\/\/www.myzen.tv\/fr\/program\/standalone\/9335-my-zen-people#primaryimage"},"image":{"@id":"https:\/\/www.myzen.tv\/fr\/program\/standalone\/9335-my-zen-people#primaryimage"},"thumbnailUrl":"https:\/\/www.myzen.tv\/wp-content\/uploads\/2020\/07\/1594638406-my-zen-people.jpg","datePublished":"2021-05-19T17:07:27+00:00","dateModified":"2026-01-25T04:46:35+00:00","breadcrumb":{"@id":"https:\/\/www.myzen.tv\/fr\/program\/standalone\/9335-my-zen-people#breadcrumb"},"inLanguage":"fr-FR","potentialAction":[{"@type":"ReadAction","target":["https:\/\/www.myzen.tv\/fr\/program\/standalone\/9335-my-zen-people"]}]},{"@type":"ImageObject","inLanguage":"fr-FR","@id":"https:\/\/www.myzen.tv\/fr\/program\/standalone\/9335-my-zen-people#primaryimage","url":"https:\/\/www.myzen.tv\/wp-content\/uploads\/2020\/07\/1594638406-my-zen-people.jpg","contentUrl":"https:\/\/www.myzen.tv\/wp-content\/uploads\/2020\/07\/1594638406-my-zen-people.jpg","width":1280,"height":720},{"@type":"BreadcrumbList","@id":"https:\/\/www.myzen.tv\/fr\/program\/standalone\/9335-my-zen-people#breadcrumb","itemListElement":[{"@type":"ListItem","position":1,"name":"Home","item":"https:\/\/www.myzen.tv\/fr\/"},{"@type":"ListItem","position":2,"name":"Programs","item":"https:\/\/www.myzen.tv\/fr\/programs\/"},{"@type":"ListItem","position":3,"name":"My Zen People"}]},{"@type":"WebSite","@id":"https:\/\/www.myzen.tv\/fr\/#website","url":"https:\/\/www.myzen.tv\/fr\/","name":"MyZen TV","description":"Your lifestyle and well-being channel","publisher":{"@id":"https:\/\/www.myzen.tv\/fr\/#organization"},"potentialAction":[{"@type":"SearchAction","target":{"@type":"EntryPoint","urlTemplate":"https:\/\/www.myzen.tv\/fr\/?s={search_term_string}"},"query-input":{"@type":"PropertyValueSpecification","valueRequired":true,"valueName":"search_term_string"}}],"inLanguage":"fr-FR"},{"@type":"Organization","@id":"https:\/\/www.myzen.tv\/fr\/#organization","name":"MyZen TV","url":"https:\/\/www.myzen.tv\/fr\/","logo":{"@type":"ImageObject","inLanguage":"fr-FR","@id":"https:\/\/www.myzen.tv\/fr\/#\/schema\/logo\/image\/","url":"https:\/\/www.myzen.tv\/wp-content\/uploads\/2021\/05\/cropped-ICON_MZtv-LOGO_firetv640-1-1.png","contentUrl":"https:\/\/www.myzen.tv\/wp-content\/uploads\/2021\/05\/cropped-ICON_MZtv-LOGO_firetv640-1-1.png","width":512,"height":512,"caption":"MyZen TV"},"image":{"@id":"https:\/\/www.myzen.tv\/fr\/#\/schema\/logo\/image\/"},"sameAs":["https:\/\/www.facebook.com\/myzen.tv.fr\/","https:\/\/www.instagram.com\/myzentv\/"]}]}},"status_options":[{"label":"Inactive","value":"inactive"}],"_links":{"self":[{"href":"https:\/\/www.myzen.tv\/fr\/wp-json\/wp\/v2\/programs\/1652528","targetHints":{"allow":["GET"]}}],"collection":[{"href":"https:\/\/www.myzen.tv\/fr\/wp-json\/wp\/v2\/programs"}],"about":[{"href":"https:\/\/www.myzen.tv\/fr\/wp-json\/wp\/v2\/types\/program"}],"wp:featuredmedia":[{"embeddable":true,"href":"https:\/\/www.myzen.tv\/fr\/wp-json\/wp\/v2\/media\/15949"}],"wp:attachment":[{"href":"https:\/\/www.myzen.tv\/fr\/wp-json\/wp\/v2\/media?parent=1652528"}],"wp:term":[{"taxonomy":"program_type","embeddable":true,"href":"https:\/\/www.myzen.tv\/fr\/wp-json\/wp\/v2\/program_type?post=1652528"},{"taxonomy":"group","embeddable":true,"href":"https:\/\/www.myzen.tv\/fr\/wp-json\/wp\/v2\/group?post=1652528"},{"taxonomy":"d_category","embeddable":true,"href":"https:\/\/www.myzen.tv\/fr\/wp-json\/wp\/v2\/d_category?post=1652528"},{"taxonomy":"genre","embeddable":true,"href":"https:\/\/www.myzen.tv\/fr\/wp-json\/wp\/v2\/genre?post=1652528"}],"curies":[{"name":"wp","href":"https:\/\/api.w.org\/{rel}","templated":true}]}}

<p>«Wanderlust, des corps étrangers en transit» est un documentaire autobiographique de deux femmes sur leur voyage par terre et par mer d’Egypte en Allemagne. Deux femmes d&rsquo;origines différentes (Argentine-Allemagne) présentant deux perspectives du même voyage. En traversant 13 frontières et 14 pays, ils enquêtent sur le «corps féminin en transit», leur relation avec les personnes rencontrées, les différents paysages et les divers contextes culturels, économiques et religieux. Grâce à des entretiens entre eux et avec d’autres personnes rencontrées sur la route, ils explorent leur propre expérience en tant que voyageuses. Le film tente d’offrir un point de vue différent sur la perception et l’expérience du corps par rapport aux récits de voyage traditionnels, qui ont souvent été dominés par des cinéastes masculins. Sous la forme d&rsquo;un dialogue, les deux perspectives sont mixtes et se chevauchent, mais séparent souvent la réflexion sur elles-mêmes et leur parcours commun à travers leur propre «optique».</p>

<p>«Wanderlust, des corps étrangers en transit» est un documentaire autobiographique de deux femmes sur leur voyage par terre et par mer d’Egypte en Allemagne. Deux femmes d&rsquo;origines différentes (Argentine-Allemagne) présentant deux perspect[&#8230;]</p>

<!-- This site is optimized with the Yoast SEO plugin v24.0 - https://yoast.com/wordpress/plugins/seo/ -->
<title>My Zen People - MyZen TV</title>
<meta name="robots" content="index, follow, max-snippet:-1, max-image-preview:large, max-video-preview:-1" />
<link rel="canonical" href="https://www.myzen.tv/fr/program/standalone/9335-my-zen-people/" />
<meta property="og:locale" content="fr_FR" />
<meta property="og:type" content="article" />
<meta property="og:title" content="My Zen People - MyZen TV" />
<meta property="og:description" content="«Wanderlust, des corps étrangers en transit» est un documentaire autobiographique de deux femmes sur leur voyage par terre et par mer d’Egypte en Allemagne. Deux femmes d&#039;origines différentes (Argentine-Allemagne) présentant deux perspect[...]" />
<meta property="og:url" content="https://www.myzen.tv/fr/program/standalone/9335-my-zen-people" />
<meta property="og:site_name" content="MyZen TV" />
<meta property="article:publisher" content="https://www.facebook.com/myzen.tv.fr/" />
<meta property="article:modified_time" content="2026-01-25T04:46:35+00:00" />
<meta property="og:image" content="https://www.myzen.tv/wp-content/uploads/2020/07/1594638406-my-zen-people.jpg" />
	<meta property="og:image:width" content="1280" />
	<meta property="og:image:height" content="720" />
	<meta property="og:image:type" content="image/jpeg" />
<meta name="twitter:card" content="summary_large_image" />
<meta name="twitter:label1" content="Durée de lecture estimée" />
	<meta name="twitter:data1" content="1 minute" />
<!-- / Yoast SEO plugin. -->

«Wanderlust, des corps étrangers en transit» est un documentaire autobiographique de deux femmes sur leur voyage par terre et par mer d’Egypte en Allemagne. Deux femmes d'origines différentes (Argentine-Allemagne) présentant deux perspect[...]
