{"id":1682006,"date":"2023-06-20T09:40:42","date_gmt":"2023-06-20T09:40:42","guid":{"rendered":"https:\/\/www.myzen.tv\/?post_type=program&#038;p=1682006"},"modified":"2025-12-31T05:23:38","modified_gmt":"2025-12-31T05:23:38","slug":"13152-salade-de-conchiglie-a-lavocat-et-aux-poivrons-marines-s00-e30","status":"inactive","type":"program","link":"https:\/\/www.myzen.tv\/fr\/program\/episode\/13152-salade-de-conchiglie-a-lavocat-et-aux-poivrons-marines-s00-e30","title":{"rendered":"Salade de conchiglie \u00e0 l&rsquo;avocat et aux poivrons marin\u00e9s"},"content":{"rendered":"<p>Dans cette recette fra\u00eeche et g\u00e9n\u00e9reuse de salade de conchiglie \u00e0 l&rsquo;avocat et aux poivrons marin\u00e9s. Vous aurez besoin de p\u00e2tes conchiglie ainsi qu\u2019un oignon, des tomates s\u00e9ch\u00e9es, un poivron, un citron, un avocat et feuilles de laitue. Le tout est accompagn\u00e9 d\u2019un assaisonnement italien avec huile d\u2019olive s\u00e9same, sel, poivre et du citron.<\/p>\n","protected":false},"excerpt":{"rendered":"<p>Dans cette recette fra\u00eeche et g\u00e9n\u00e9reuse de salade de conchiglie \u00e0 l&rsquo;avocat et aux poivrons marin\u00e9s. Vous aurez besoin de p\u00e2tes conchiglie ainsi qu\u2019un oignon, des tomates s\u00e9ch\u00e9es, un poivron, un citron, un avocat et feuilles de laitue.<\/p>\n","protected":false},"featured_media":1688304,"parent":0,"menu_order":0,"template":"","format":"standard","meta":{"episode_type":"","audio_file":"","cover_image":"","cover_image_id":"","duration":"00:05:00","filesize":"","date_recorded":"","explicit":"","block":"","itunes_episode_number":"","itunes_title":"","itunes_season_number":"","itunes_episode_type":"","filesize_raw":""},"program_type":[32],"group":[261,314],"d_category":[1172],"genre":[1372],"class_list":["post-1682006","program","type-program","status-inactive","format-standard","has-post-thumbnail","hentry","program_type-episode","group-cooking","group-cuisine","d_category-daily-wellbeing","genre-do-it-yourself"],"yoast_head":"<!-- This site is optimized with the Yoast SEO plugin v24.0 - https:\/\/yoast.com\/wordpress\/plugins\/seo\/ -->\n<title>Salade de conchiglie \u00e0 l&#039;avocat et aux poivrons marin\u00e9s - MyZen TV<\/title>\n<meta name=\"robots\" content=\"index, follow, max-snippet:-1, max-image-preview:large, max-video-preview:-1\" \/>\n<link rel=\"canonical\" href=\"https:\/\/www.myzen.tv\/fr\/program\/episode\/13152-salade-de-conchiglie-a-lavocat-et-aux-poivrons-marines-s00-e30\/\" \/>\n<meta property=\"og:locale\" content=\"fr_FR\" \/>\n<meta property=\"og:type\" content=\"article\" \/>\n<meta property=\"og:title\" content=\"Salade de conchiglie \u00e0 l&#039;avocat et aux poivrons marin\u00e9s - MyZen TV\" \/>\n<meta property=\"og:description\" content=\"Dans cette recette fra\u00eeche et g\u00e9n\u00e9reuse de salade de conchiglie \u00e0 l&#039;avocat et aux poivrons marin\u00e9s. Vous aurez besoin de p\u00e2tes conchiglie ainsi qu\u2019un oignon, des tomates s\u00e9ch\u00e9es, un poivron, un citron, un avocat et feuilles de laitue.\" \/>\n<meta property=\"og:url\" content=\"https:\/\/www.myzen.tv\/fr\/program\/episode\/13152-salade-de-conchiglie-a-lavocat-et-aux-poivrons-marines-s00-e30\" \/>\n<meta property=\"og:site_name\" content=\"MyZen TV\" \/>\n<meta property=\"article:publisher\" content=\"https:\/\/www.facebook.com\/myzen.tv.fr\/\" \/>\n<meta property=\"article:modified_time\" content=\"2025-12-31T05:23:38+00:00\" \/>\n<meta property=\"og:image\" content=\"https:\/\/www.myzen.tv\/wp-content\/uploads\/2022\/08\/pastateca-conchiglie-salad-with-avocado-and-marinated-peppers63074176627e1.jpg\" \/>\n\t<meta property=\"og:image:width\" content=\"1920\" \/>\n\t<meta property=\"og:image:height\" content=\"1080\" \/>\n\t<meta property=\"og:image:type\" content=\"image\/jpeg\" \/>\n<meta name=\"twitter:card\" content=\"summary_large_image\" \/>\n<!-- \/ Yoast SEO plugin. -->","yoast_head_json":{"title":"Salade de conchiglie \u00e0 l'avocat et aux poivrons marin\u00e9s - MyZen TV","robots":{"index":"index","follow":"follow","max-snippet":"max-snippet:-1","max-image-preview":"max-image-preview:large","max-video-preview":"max-video-preview:-1"},"canonical":"https:\/\/www.myzen.tv\/fr\/program\/episode\/13152-salade-de-conchiglie-a-lavocat-et-aux-poivrons-marines-s00-e30\/","og_locale":"fr_FR","og_type":"article","og_title":"Salade de conchiglie \u00e0 l'avocat et aux poivrons marin\u00e9s - MyZen TV","og_description":"Dans cette recette fra\u00eeche et g\u00e9n\u00e9reuse de salade de conchiglie \u00e0 l'avocat et aux poivrons marin\u00e9s. Vous aurez besoin de p\u00e2tes conchiglie ainsi qu\u2019un oignon, des tomates s\u00e9ch\u00e9es, un poivron, un citron, un avocat et feuilles de laitue.","og_url":"https:\/\/www.myzen.tv\/fr\/program\/episode\/13152-salade-de-conchiglie-a-lavocat-et-aux-poivrons-marines-s00-e30","og_site_name":"MyZen TV","article_publisher":"https:\/\/www.facebook.com\/myzen.tv.fr\/","article_modified_time":"2025-12-31T05:23:38+00:00","og_image":[{"width":1920,"height":1080,"url":"https:\/\/www.myzen.tv\/wp-content\/uploads\/2022\/08\/pastateca-conchiglie-salad-with-avocado-and-marinated-peppers63074176627e1.jpg","type":"image\/jpeg"}],"twitter_card":"summary_large_image","schema":{"@context":"https:\/\/schema.org","@graph":[{"@type":"WebPage","@id":"https:\/\/www.myzen.tv\/fr\/program\/episode\/13152-salade-de-conchiglie-a-lavocat-et-aux-poivrons-marines-s00-e30","url":"https:\/\/www.myzen.tv\/fr\/program\/episode\/13152-salade-de-conchiglie-a-lavocat-et-aux-poivrons-marines-s00-e30","name":"Salade de conchiglie \u00e0 l'avocat et aux poivrons marin\u00e9s - MyZen TV","isPartOf":{"@id":"https:\/\/www.myzen.tv\/fr\/#website"},"primaryImageOfPage":{"@id":"https:\/\/www.myzen.tv\/fr\/program\/episode\/13152-salade-de-conchiglie-a-lavocat-et-aux-poivrons-marines-s00-e30#primaryimage"},"image":{"@id":"https:\/\/www.myzen.tv\/fr\/program\/episode\/13152-salade-de-conchiglie-a-lavocat-et-aux-poivrons-marines-s00-e30#primaryimage"},"thumbnailUrl":"https:\/\/www.myzen.tv\/wp-content\/uploads\/2022\/08\/pastateca-conchiglie-salad-with-avocado-and-marinated-peppers63074176627e1.jpg","datePublished":"2023-06-20T09:40:42+00:00","dateModified":"2025-12-31T05:23:38+00:00","breadcrumb":{"@id":"https:\/\/www.myzen.tv\/fr\/program\/episode\/13152-salade-de-conchiglie-a-lavocat-et-aux-poivrons-marines-s00-e30#breadcrumb"},"inLanguage":"fr-FR","potentialAction":[{"@type":"ReadAction","target":["https:\/\/www.myzen.tv\/fr\/program\/episode\/13152-salade-de-conchiglie-a-lavocat-et-aux-poivrons-marines-s00-e30"]}]},{"@type":"ImageObject","inLanguage":"fr-FR","@id":"https:\/\/www.myzen.tv\/fr\/program\/episode\/13152-salade-de-conchiglie-a-lavocat-et-aux-poivrons-marines-s00-e30#primaryimage","url":"https:\/\/www.myzen.tv\/wp-content\/uploads\/2022\/08\/pastateca-conchiglie-salad-with-avocado-and-marinated-peppers63074176627e1.jpg","contentUrl":"https:\/\/www.myzen.tv\/wp-content\/uploads\/2022\/08\/pastateca-conchiglie-salad-with-avocado-and-marinated-peppers63074176627e1.jpg","width":1920,"height":1080,"caption":"Discover our pasta recipes from the simplest to the most elaborate. There will be something good for everyone taste!"},{"@type":"BreadcrumbList","@id":"https:\/\/www.myzen.tv\/fr\/program\/episode\/13152-salade-de-conchiglie-a-lavocat-et-aux-poivrons-marines-s00-e30#breadcrumb","itemListElement":[{"@type":"ListItem","position":1,"name":"Home","item":"https:\/\/www.myzen.tv\/fr\/"},{"@type":"ListItem","position":2,"name":"Programs","item":"https:\/\/www.myzen.tv\/fr\/programs\/"},{"@type":"ListItem","position":3,"name":"Salade de conchiglie \u00e0 l&#8217;avocat et aux poivrons marin\u00e9s"}]},{"@type":"WebSite","@id":"https:\/\/www.myzen.tv\/fr\/#website","url":"https:\/\/www.myzen.tv\/fr\/","name":"MyZen TV","description":"Your lifestyle and well-being channel","publisher":{"@id":"https:\/\/www.myzen.tv\/fr\/#organization"},"potentialAction":[{"@type":"SearchAction","target":{"@type":"EntryPoint","urlTemplate":"https:\/\/www.myzen.tv\/fr\/?s={search_term_string}"},"query-input":{"@type":"PropertyValueSpecification","valueRequired":true,"valueName":"search_term_string"}}],"inLanguage":"fr-FR"},{"@type":"Organization","@id":"https:\/\/www.myzen.tv\/fr\/#organization","name":"MyZen TV","url":"https:\/\/www.myzen.tv\/fr\/","logo":{"@type":"ImageObject","inLanguage":"fr-FR","@id":"https:\/\/www.myzen.tv\/fr\/#\/schema\/logo\/image\/","url":"https:\/\/www.myzen.tv\/wp-content\/uploads\/2021\/05\/cropped-ICON_MZtv-LOGO_firetv640-1-1.png","contentUrl":"https:\/\/www.myzen.tv\/wp-content\/uploads\/2021\/05\/cropped-ICON_MZtv-LOGO_firetv640-1-1.png","width":512,"height":512,"caption":"MyZen TV"},"image":{"@id":"https:\/\/www.myzen.tv\/fr\/#\/schema\/logo\/image\/"},"sameAs":["https:\/\/www.facebook.com\/myzen.tv.fr\/","https:\/\/www.instagram.com\/myzentv\/"]}]}},"status_options":[{"label":"Inactive","value":"inactive"}],"_links":{"self":[{"href":"https:\/\/www.myzen.tv\/fr\/wp-json\/wp\/v2\/programs\/1682006","targetHints":{"allow":["GET"]}}],"collection":[{"href":"https:\/\/www.myzen.tv\/fr\/wp-json\/wp\/v2\/programs"}],"about":[{"href":"https:\/\/www.myzen.tv\/fr\/wp-json\/wp\/v2\/types\/program"}],"wp:featuredmedia":[{"embeddable":true,"href":"https:\/\/www.myzen.tv\/fr\/wp-json\/wp\/v2\/media\/1688304"}],"wp:attachment":[{"href":"https:\/\/www.myzen.tv\/fr\/wp-json\/wp\/v2\/media?parent=1682006"}],"wp:term":[{"taxonomy":"program_type","embeddable":true,"href":"https:\/\/www.myzen.tv\/fr\/wp-json\/wp\/v2\/program_type?post=1682006"},{"taxonomy":"group","embeddable":true,"href":"https:\/\/www.myzen.tv\/fr\/wp-json\/wp\/v2\/group?post=1682006"},{"taxonomy":"d_category","embeddable":true,"href":"https:\/\/www.myzen.tv\/fr\/wp-json\/wp\/v2\/d_category?post=1682006"},{"taxonomy":"genre","embeddable":true,"href":"https:\/\/www.myzen.tv\/fr\/wp-json\/wp\/v2\/genre?post=1682006"}],"curies":[{"name":"wp","href":"https:\/\/api.w.org\/{rel}","templated":true}]}}

Salade de conchiglie à l&rsquo;avocat et aux poivrons marinés

<p>Dans cette recette fraîche et généreuse de salade de conchiglie à l&rsquo;avocat et aux poivrons marinés. Vous aurez besoin de pâtes conchiglie ainsi qu’un oignon, des tomates séchées, un poivron, un citron, un avocat et feuilles de laitue. Le tout est accompagné d’un assaisonnement italien avec huile d’olive sésame, sel, poivre et du citron.</p>

<p>Dans cette recette fraîche et généreuse de salade de conchiglie à l&rsquo;avocat et aux poivrons marinés. Vous aurez besoin de pâtes conchiglie ainsi qu’un oignon, des tomates séchées, un poivron, un citron, un avocat et feuilles de laitue.</p>

<!-- This site is optimized with the Yoast SEO plugin v24.0 - https://yoast.com/wordpress/plugins/seo/ -->
<title>Salade de conchiglie à l&#039;avocat et aux poivrons marinés - MyZen TV</title>
<meta name="robots" content="index, follow, max-snippet:-1, max-image-preview:large, max-video-preview:-1" />
<link rel="canonical" href="https://www.myzen.tv/fr/program/episode/13152-salade-de-conchiglie-a-lavocat-et-aux-poivrons-marines-s00-e30/" />
<meta property="og:locale" content="fr_FR" />
<meta property="og:type" content="article" />
<meta property="og:title" content="Salade de conchiglie à l&#039;avocat et aux poivrons marinés - MyZen TV" />
<meta property="og:description" content="Dans cette recette fraîche et généreuse de salade de conchiglie à l&#039;avocat et aux poivrons marinés. Vous aurez besoin de pâtes conchiglie ainsi qu’un oignon, des tomates séchées, un poivron, un citron, un avocat et feuilles de laitue." />
<meta property="og:url" content="https://www.myzen.tv/fr/program/episode/13152-salade-de-conchiglie-a-lavocat-et-aux-poivrons-marines-s00-e30" />
<meta property="og:site_name" content="MyZen TV" />
<meta property="article:publisher" content="https://www.facebook.com/myzen.tv.fr/" />
<meta property="article:modified_time" content="2025-12-31T05:23:38+00:00" />
<meta property="og:image" content="https://www.myzen.tv/wp-content/uploads/2022/08/pastateca-conchiglie-salad-with-avocado-and-marinated-peppers63074176627e1.jpg" />
	<meta property="og:image:width" content="1920" />
	<meta property="og:image:height" content="1080" />
	<meta property="og:image:type" content="image/jpeg" />
<meta name="twitter:card" content="summary_large_image" />
<!-- / Yoast SEO plugin. -->

Salade de conchiglie à l'avocat et aux poivrons marinés - MyZen TV

Dans cette recette fraîche et généreuse de salade de conchiglie à l'avocat et aux poivrons marinés. Vous aurez besoin de pâtes conchiglie ainsi qu’un oignon, des tomates séchées, un poivron, un citron, un avocat et feuilles de laitue.

Salade de conchiglie à l&#8217;avocat et aux poivrons marinés
