{"id":1690740,"date":"2022-11-17T14:25:51","date_gmt":"2022-11-17T14:25:51","guid":{"rendered":"https:\/\/www.myzen.tv\/program\/\/13396-bien-dans-son-corps-bien-dans-sa-tete"},"modified":"2026-01-23T05:06:22","modified_gmt":"2026-01-23T05:06:22","slug":"13396-bien-dans-son-corps-bien-dans-sa-tete","status":"publish","type":"program","link":"https:\/\/www.myzen.tv\/fr\/program\/serie\/13396-bien-dans-son-corps-bien-dans-sa-tete","title":{"rendered":"Bien dans son corps, bien dans sa t\u00eate"},"content":{"rendered":"<p>En compagnie de Micha\u00ebl Thomas, notre coach sant\u00e9, d\u00e9veloppez vos connaissances et votre confiance en vous afin d\u2019\u00eatre \u00ab Bien dans son corps, bien dans sa t\u00eate ! \u00bb. Passionn\u00e9 de sport, de nutrition et de bien-\u00eatre depuis plus de 20 ans, il vous partagera son exp\u00e9rience. C\u2019est en Bretagne qu\u2019il accueillera nos invit\u00e9s pour les accompagner dans leur recherche int\u00e9rieure et les aider \u00e0 combattre le stress et l\u2019anxi\u00e9t\u00e9 avec des astuces accessibles \u00e0 tous.<\/p>\n","protected":false},"excerpt":{"rendered":"<p>En compagnie de Micha\u00ebl Thomas, notre coach sant\u00e9, d\u00e9veloppez vos connaissances et votre confiance en vous afin d\u2019\u00eatre \u00ab Bien dans son corps, bien dans sa t\u00eate ! \u00bb<\/p>\n","protected":false},"featured_media":1690741,"parent":0,"menu_order":0,"template":"","format":"standard","meta":{"episode_type":"","audio_file":"","cover_image":"","cover_image_id":"","duration":"00:29:00","filesize":"","date_recorded":"","explicit":"","block":"","itunes_episode_number":"","itunes_title":"","itunes_season_number":"","itunes_episode_type":"","filesize_raw":""},"program_type":[30],"group":[319,272],"d_category":[1172],"genre":[1378],"class_list":["post-1690740","program","type-program","status-publish","format-standard","has-post-thumbnail","hentry","program_type-serie","group-bien-etre-sante","group-well-being-health","d_category-daily-wellbeing","genre-magazine"],"yoast_head":"<!-- This site is optimized with the Yoast SEO plugin v24.0 - https:\/\/yoast.com\/wordpress\/plugins\/seo\/ -->\n<title>Bien dans son corps, bien dans sa t\u00eate - MyZen TV<\/title>\n<meta name=\"robots\" content=\"index, follow, max-snippet:-1, max-image-preview:large, max-video-preview:-1\" \/>\n<link rel=\"canonical\" href=\"https:\/\/www.myzen.tv\/fr\/program\/serie\/13396-bien-dans-son-corps-bien-dans-sa-tete\/\" \/>\n<meta property=\"og:locale\" content=\"fr_FR\" \/>\n<meta property=\"og:type\" content=\"article\" \/>\n<meta property=\"og:title\" content=\"Bien dans son corps, bien dans sa t\u00eate - MyZen TV\" \/>\n<meta property=\"og:description\" content=\"En compagnie de Micha\u00ebl Thomas, notre coach sant\u00e9, d\u00e9veloppez vos connaissances et votre confiance en vous afin d\u2019\u00eatre \u00ab Bien dans son corps, bien dans sa t\u00eate ! \u00bb\" \/>\n<meta property=\"og:url\" content=\"https:\/\/www.myzen.tv\/fr\/program\/serie\/13396-bien-dans-son-corps-bien-dans-sa-tete\" \/>\n<meta property=\"og:site_name\" content=\"MyZen TV\" \/>\n<meta property=\"article:publisher\" content=\"https:\/\/www.facebook.com\/myzen.tv.fr\/\" \/>\n<meta property=\"article:modified_time\" content=\"2026-01-23T05:06:22+00:00\" \/>\n<meta property=\"og:image\" content=\"https:\/\/www.myzen.tv\/wp-content\/uploads\/2022\/09\/bien-dans-son-corps-bien-dans-sa-tete632a8dbb5deef.jpg\" \/>\n\t<meta property=\"og:image:width\" content=\"1920\" \/>\n\t<meta property=\"og:image:height\" content=\"1080\" \/>\n\t<meta property=\"og:image:type\" content=\"image\/jpeg\" \/>\n<meta name=\"twitter:card\" content=\"summary_large_image\" \/>\n<!-- \/ Yoast SEO plugin. -->","yoast_head_json":{"title":"Bien dans son corps, bien dans sa t\u00eate - MyZen TV","robots":{"index":"index","follow":"follow","max-snippet":"max-snippet:-1","max-image-preview":"max-image-preview:large","max-video-preview":"max-video-preview:-1"},"canonical":"https:\/\/www.myzen.tv\/fr\/program\/serie\/13396-bien-dans-son-corps-bien-dans-sa-tete\/","og_locale":"fr_FR","og_type":"article","og_title":"Bien dans son corps, bien dans sa t\u00eate - MyZen TV","og_description":"En compagnie de Micha\u00ebl Thomas, notre coach sant\u00e9, d\u00e9veloppez vos connaissances et votre confiance en vous afin d\u2019\u00eatre \u00ab Bien dans son corps, bien dans sa t\u00eate ! \u00bb","og_url":"https:\/\/www.myzen.tv\/fr\/program\/serie\/13396-bien-dans-son-corps-bien-dans-sa-tete","og_site_name":"MyZen TV","article_publisher":"https:\/\/www.facebook.com\/myzen.tv.fr\/","article_modified_time":"2026-01-23T05:06:22+00:00","og_image":[{"width":1920,"height":1080,"url":"https:\/\/www.myzen.tv\/wp-content\/uploads\/2022\/09\/bien-dans-son-corps-bien-dans-sa-tete632a8dbb5deef.jpg","type":"image\/jpeg"}],"twitter_card":"summary_large_image","schema":{"@context":"https:\/\/schema.org","@graph":[{"@type":"WebPage","@id":"https:\/\/www.myzen.tv\/fr\/program\/serie\/13396-bien-dans-son-corps-bien-dans-sa-tete","url":"https:\/\/www.myzen.tv\/fr\/program\/serie\/13396-bien-dans-son-corps-bien-dans-sa-tete","name":"Bien dans son corps, bien dans sa t\u00eate - MyZen TV","isPartOf":{"@id":"https:\/\/www.myzen.tv\/fr\/#website"},"primaryImageOfPage":{"@id":"https:\/\/www.myzen.tv\/fr\/program\/serie\/13396-bien-dans-son-corps-bien-dans-sa-tete#primaryimage"},"image":{"@id":"https:\/\/www.myzen.tv\/fr\/program\/serie\/13396-bien-dans-son-corps-bien-dans-sa-tete#primaryimage"},"thumbnailUrl":"https:\/\/www.myzen.tv\/wp-content\/uploads\/2022\/09\/bien-dans-son-corps-bien-dans-sa-tete632a8dbb5deef.jpg","datePublished":"2022-11-17T14:25:51+00:00","dateModified":"2026-01-23T05:06:22+00:00","breadcrumb":{"@id":"https:\/\/www.myzen.tv\/fr\/program\/serie\/13396-bien-dans-son-corps-bien-dans-sa-tete#breadcrumb"},"inLanguage":"fr-FR","potentialAction":[{"@type":"ReadAction","target":["https:\/\/www.myzen.tv\/fr\/program\/serie\/13396-bien-dans-son-corps-bien-dans-sa-tete"]}]},{"@type":"ImageObject","inLanguage":"fr-FR","@id":"https:\/\/www.myzen.tv\/fr\/program\/serie\/13396-bien-dans-son-corps-bien-dans-sa-tete#primaryimage","url":"https:\/\/www.myzen.tv\/wp-content\/uploads\/2022\/09\/bien-dans-son-corps-bien-dans-sa-tete632a8dbb5deef.jpg","contentUrl":"https:\/\/www.myzen.tv\/wp-content\/uploads\/2022\/09\/bien-dans-son-corps-bien-dans-sa-tete632a8dbb5deef.jpg","width":1920,"height":1080,"caption":"En compagnie de Micha\u00ebl Thomas, notre coach sant\u00e9, d\u00e9veloppez vos connaissances et votre confiance en vous afin d\u2019\u00eatre \u00ab Bien dans son corps, bien dans sa t\u00eate ! \u00bb"},{"@type":"BreadcrumbList","@id":"https:\/\/www.myzen.tv\/fr\/program\/serie\/13396-bien-dans-son-corps-bien-dans-sa-tete#breadcrumb","itemListElement":[{"@type":"ListItem","position":1,"name":"Home","item":"https:\/\/www.myzen.tv\/fr\/"},{"@type":"ListItem","position":2,"name":"Programs","item":"https:\/\/www.myzen.tv\/fr\/programs\/"},{"@type":"ListItem","position":3,"name":"Bien dans son corps, bien dans sa t\u00eate"}]},{"@type":"WebSite","@id":"https:\/\/www.myzen.tv\/fr\/#website","url":"https:\/\/www.myzen.tv\/fr\/","name":"MyZen TV","description":"Your lifestyle and well-being channel","publisher":{"@id":"https:\/\/www.myzen.tv\/fr\/#organization"},"potentialAction":[{"@type":"SearchAction","target":{"@type":"EntryPoint","urlTemplate":"https:\/\/www.myzen.tv\/fr\/?s={search_term_string}"},"query-input":{"@type":"PropertyValueSpecification","valueRequired":true,"valueName":"search_term_string"}}],"inLanguage":"fr-FR"},{"@type":"Organization","@id":"https:\/\/www.myzen.tv\/fr\/#organization","name":"MyZen TV","url":"https:\/\/www.myzen.tv\/fr\/","logo":{"@type":"ImageObject","inLanguage":"fr-FR","@id":"https:\/\/www.myzen.tv\/fr\/#\/schema\/logo\/image\/","url":"https:\/\/www.myzen.tv\/wp-content\/uploads\/2021\/05\/cropped-ICON_MZtv-LOGO_firetv640-1-1.png","contentUrl":"https:\/\/www.myzen.tv\/wp-content\/uploads\/2021\/05\/cropped-ICON_MZtv-LOGO_firetv640-1-1.png","width":512,"height":512,"caption":"MyZen TV"},"image":{"@id":"https:\/\/www.myzen.tv\/fr\/#\/schema\/logo\/image\/"},"sameAs":["https:\/\/www.facebook.com\/myzen.tv.fr\/","https:\/\/www.instagram.com\/myzentv\/"]}]}},"status_options":[{"label":"Inactive","value":"inactive"}],"_links":{"self":[{"href":"https:\/\/www.myzen.tv\/fr\/wp-json\/wp\/v2\/programs\/1690740","targetHints":{"allow":["GET"]}}],"collection":[{"href":"https:\/\/www.myzen.tv\/fr\/wp-json\/wp\/v2\/programs"}],"about":[{"href":"https:\/\/www.myzen.tv\/fr\/wp-json\/wp\/v2\/types\/program"}],"wp:featuredmedia":[{"embeddable":true,"href":"https:\/\/www.myzen.tv\/fr\/wp-json\/wp\/v2\/media\/1690741"}],"wp:attachment":[{"href":"https:\/\/www.myzen.tv\/fr\/wp-json\/wp\/v2\/media?parent=1690740"}],"wp:term":[{"taxonomy":"program_type","embeddable":true,"href":"https:\/\/www.myzen.tv\/fr\/wp-json\/wp\/v2\/program_type?post=1690740"},{"taxonomy":"group","embeddable":true,"href":"https:\/\/www.myzen.tv\/fr\/wp-json\/wp\/v2\/group?post=1690740"},{"taxonomy":"d_category","embeddable":true,"href":"https:\/\/www.myzen.tv\/fr\/wp-json\/wp\/v2\/d_category?post=1690740"},{"taxonomy":"genre","embeddable":true,"href":"https:\/\/www.myzen.tv\/fr\/wp-json\/wp\/v2\/genre?post=1690740"}],"curies":[{"name":"wp","href":"https:\/\/api.w.org\/{rel}","templated":true}]}}

Bien dans son corps, bien dans sa tête

<p>En compagnie de Michaël Thomas, notre coach santé, développez vos connaissances et votre confiance en vous afin d’être « Bien dans son corps, bien dans sa tête ! ». Passionné de sport, de nutrition et de bien-être depuis plus de 20 ans, il vous partagera son expérience. C’est en Bretagne qu’il accueillera nos invités pour les accompagner dans leur recherche intérieure et les aider à combattre le stress et l’anxiété avec des astuces accessibles à tous.</p>

<p>En compagnie de Michaël Thomas, notre coach santé, développez vos connaissances et votre confiance en vous afin d’être « Bien dans son corps, bien dans sa tête ! »</p>

<!-- This site is optimized with the Yoast SEO plugin v24.0 - https://yoast.com/wordpress/plugins/seo/ -->
<title>Bien dans son corps, bien dans sa tête - MyZen TV</title>
<meta name="robots" content="index, follow, max-snippet:-1, max-image-preview:large, max-video-preview:-1" />
<link rel="canonical" href="https://www.myzen.tv/fr/program/serie/13396-bien-dans-son-corps-bien-dans-sa-tete/" />
<meta property="og:locale" content="fr_FR" />
<meta property="og:type" content="article" />
<meta property="og:title" content="Bien dans son corps, bien dans sa tête - MyZen TV" />
<meta property="og:description" content="En compagnie de Michaël Thomas, notre coach santé, développez vos connaissances et votre confiance en vous afin d’être « Bien dans son corps, bien dans sa tête ! »" />
<meta property="og:url" content="https://www.myzen.tv/fr/program/serie/13396-bien-dans-son-corps-bien-dans-sa-tete" />
<meta property="og:site_name" content="MyZen TV" />
<meta property="article:publisher" content="https://www.facebook.com/myzen.tv.fr/" />
<meta property="article:modified_time" content="2026-01-23T05:06:22+00:00" />
<meta property="og:image" content="https://www.myzen.tv/wp-content/uploads/2022/09/bien-dans-son-corps-bien-dans-sa-tete632a8dbb5deef.jpg" />
	<meta property="og:image:width" content="1920" />
	<meta property="og:image:height" content="1080" />
	<meta property="og:image:type" content="image/jpeg" />
<meta name="twitter:card" content="summary_large_image" />
<!-- / Yoast SEO plugin. -->

Bien dans son corps, bien dans sa tête - MyZen TV

En compagnie de Michaël Thomas, notre coach santé, développez vos connaissances et votre confiance en vous afin d’être « Bien dans son corps, bien dans sa tête ! »
