{"id":1697365,"date":"2023-02-28T17:56:22","date_gmt":"2023-02-28T17:56:22","guid":{"rendered":"https:\/\/www.myzen.tv\/program\/\/13610-defendre-leau-cest-defendre-la-vie-partie-1-s00-e03"},"modified":"2026-04-28T09:48:31","modified_gmt":"2026-04-28T09:48:31","slug":"13610-defendre-leau-cest-defendre-la-vie-partie-1-s00-e03","status":"publish","type":"program","link":"https:\/\/www.myzen.tv\/fr\/program\/episode\/13610-defendre-leau-cest-defendre-la-vie-partie-1-s00-e03","title":{"rendered":"D\u00e9fendre l\u2019eau c\u2019est d\u00e9fendre la vie &#8211; Partie 1"},"content":{"rendered":"<p> Il nous fait de\u0301couvrir Petra, en Jordanie. On de\u0301couvre comment les Nabate\u0301ens e\u0301taient devenus des spe\u0301cialistes de la re\u0301cupe\u0301ration de l\u2019eau de pluie qu\u2019ils ge\u0301raient minutieusement. Puis, on se retrouve \u00e0 Las Vegas, au bord de la pe\u0301nurie et \u00e0 Amman en Jordanie pour de\u0301couvrir les difficulte\u0301 quotidiennes lie\u0301es a\u0300 la pe\u0301nurie et au rationnement de l\u2019eau. En Isra\u00ebl, la mer Morte est en train de disparai\u0302tre. Pour cause d\u2019agriculture intensive, le Jourdain et les autres cours d\u2019eau ne l\u2019alimentent plus assez. En France, la Loire est pour les amoureux de la nature, aujourd\u2019hui, une multitude d\u2019espe\u0300ces est venue recoloniser le fleuve, dont le fameux saumon sauvage. En Jordanie dans le de\u0301sert rouge de Wadi Rum \u00e0 la rencontre de Khaleel Maiteq, qui nous partage sa vie et celle de ses animaux en milieu de\u0301sertique ou\u0300 l\u2019eau est une denre\u0301e tre\u0300s rare.  <\/p>\n","protected":false},"excerpt":{"rendered":"<p>L&rsquo;eau douce est la plus pr\u00e9cieuse richesse de notre plan\u00e8te, la plus recherch\u00e9e et la plus maltrait\u00e9e par l\u2019homme. Yann nous propose des images spectaculaires tourn\u00e9es travers le monde.<\/p>\n","protected":false},"featured_media":1697366,"parent":0,"menu_order":0,"template":"","format":"standard","meta":{"episode_type":"","audio_file":"","cover_image":"","cover_image_id":"","duration":"00:48:00","filesize":"","date_recorded":"","explicit":"","block":"","itunes_episode_number":"","itunes_title":"","itunes_season_number":"","itunes_episode_type":"","filesize_raw":""},"program_type":[32],"group":[271,318],"d_category":[1171],"genre":[1373],"class_list":["post-1697365","program","type-program","status-publish","format-standard","has-post-thumbnail","hentry","program_type-episode","group-travel","group-voyage","d_category-evasion","genre-documentary"],"yoast_head":"<!-- This site is optimized with the Yoast SEO plugin v24.0 - https:\/\/yoast.com\/wordpress\/plugins\/seo\/ -->\n<title>D\u00e9fendre l\u2019eau c\u2019est d\u00e9fendre la vie - Partie 1 - MyZen TV<\/title>\n<meta name=\"robots\" content=\"index, follow, max-snippet:-1, max-image-preview:large, max-video-preview:-1\" \/>\n<link rel=\"canonical\" href=\"https:\/\/www.myzen.tv\/fr\/program\/episode\/13610-defendre-leau-cest-defendre-la-vie-partie-1-s00-e03\/\" \/>\n<meta property=\"og:locale\" content=\"fr_FR\" \/>\n<meta property=\"og:type\" content=\"article\" \/>\n<meta property=\"og:title\" content=\"D\u00e9fendre l\u2019eau c\u2019est d\u00e9fendre la vie - Partie 1 - MyZen TV\" \/>\n<meta property=\"og:description\" content=\"L&#039;eau douce est la plus pr\u00e9cieuse richesse de notre plan\u00e8te, la plus recherch\u00e9e et la plus maltrait\u00e9e par l\u2019homme. Yann nous propose des images spectaculaires tourn\u00e9es travers le monde.\" \/>\n<meta property=\"og:url\" content=\"https:\/\/www.myzen.tv\/fr\/program\/episode\/13610-defendre-leau-cest-defendre-la-vie-partie-1-s00-e03\" \/>\n<meta property=\"og:site_name\" content=\"MyZen TV\" \/>\n<meta property=\"article:publisher\" content=\"https:\/\/www.facebook.com\/myzen.tv.fr\/\" \/>\n<meta property=\"article:modified_time\" content=\"2026-04-28T09:48:31+00:00\" \/>\n<meta property=\"og:image\" content=\"https:\/\/www.myzen.tv\/wp-content\/uploads\/2023\/02\/vu-du-ciel-saison-1-defendre-leau-cest-defendre-la-vie-partie-163fe40462adb8-scaled.jpg\" \/>\n\t<meta property=\"og:image:width\" content=\"2560\" \/>\n\t<meta property=\"og:image:height\" content=\"1704\" \/>\n\t<meta property=\"og:image:type\" content=\"image\/jpeg\" \/>\n<meta name=\"twitter:card\" content=\"summary_large_image\" \/>\n<meta name=\"twitter:label1\" content=\"Dur\u00e9e de lecture estim\u00e9e\" \/>\n\t<meta name=\"twitter:data1\" content=\"1 minute\" \/>\n<!-- \/ Yoast SEO plugin. -->","yoast_head_json":{"title":"D\u00e9fendre l\u2019eau c\u2019est d\u00e9fendre la vie - Partie 1 - MyZen TV","robots":{"index":"index","follow":"follow","max-snippet":"max-snippet:-1","max-image-preview":"max-image-preview:large","max-video-preview":"max-video-preview:-1"},"canonical":"https:\/\/www.myzen.tv\/fr\/program\/episode\/13610-defendre-leau-cest-defendre-la-vie-partie-1-s00-e03\/","og_locale":"fr_FR","og_type":"article","og_title":"D\u00e9fendre l\u2019eau c\u2019est d\u00e9fendre la vie - Partie 1 - MyZen TV","og_description":"L'eau douce est la plus pr\u00e9cieuse richesse de notre plan\u00e8te, la plus recherch\u00e9e et la plus maltrait\u00e9e par l\u2019homme. Yann nous propose des images spectaculaires tourn\u00e9es travers le monde.","og_url":"https:\/\/www.myzen.tv\/fr\/program\/episode\/13610-defendre-leau-cest-defendre-la-vie-partie-1-s00-e03","og_site_name":"MyZen TV","article_publisher":"https:\/\/www.facebook.com\/myzen.tv.fr\/","article_modified_time":"2026-04-28T09:48:31+00:00","og_image":[{"width":2560,"height":1704,"url":"https:\/\/www.myzen.tv\/wp-content\/uploads\/2023\/02\/vu-du-ciel-saison-1-defendre-leau-cest-defendre-la-vie-partie-163fe40462adb8-scaled.jpg","type":"image\/jpeg"}],"twitter_card":"summary_large_image","twitter_misc":{"Dur\u00e9e de lecture estim\u00e9e":"1 minute"},"schema":{"@context":"https:\/\/schema.org","@graph":[{"@type":"WebPage","@id":"https:\/\/www.myzen.tv\/fr\/program\/episode\/13610-defendre-leau-cest-defendre-la-vie-partie-1-s00-e03","url":"https:\/\/www.myzen.tv\/fr\/program\/episode\/13610-defendre-leau-cest-defendre-la-vie-partie-1-s00-e03","name":"D\u00e9fendre l\u2019eau c\u2019est d\u00e9fendre la vie - Partie 1 - MyZen TV","isPartOf":{"@id":"https:\/\/www.myzen.tv\/fr\/#website"},"primaryImageOfPage":{"@id":"https:\/\/www.myzen.tv\/fr\/program\/episode\/13610-defendre-leau-cest-defendre-la-vie-partie-1-s00-e03#primaryimage"},"image":{"@id":"https:\/\/www.myzen.tv\/fr\/program\/episode\/13610-defendre-leau-cest-defendre-la-vie-partie-1-s00-e03#primaryimage"},"thumbnailUrl":"https:\/\/www.myzen.tv\/wp-content\/uploads\/2023\/02\/vu-du-ciel-saison-1-defendre-leau-cest-defendre-la-vie-partie-163fe40462adb8-scaled.jpg","datePublished":"2023-02-28T17:56:22+00:00","dateModified":"2026-04-28T09:48:31+00:00","breadcrumb":{"@id":"https:\/\/www.myzen.tv\/fr\/program\/episode\/13610-defendre-leau-cest-defendre-la-vie-partie-1-s00-e03#breadcrumb"},"inLanguage":"fr-FR","potentialAction":[{"@type":"ReadAction","target":["https:\/\/www.myzen.tv\/fr\/program\/episode\/13610-defendre-leau-cest-defendre-la-vie-partie-1-s00-e03"]}]},{"@type":"ImageObject","inLanguage":"fr-FR","@id":"https:\/\/www.myzen.tv\/fr\/program\/episode\/13610-defendre-leau-cest-defendre-la-vie-partie-1-s00-e03#primaryimage","url":"https:\/\/www.myzen.tv\/wp-content\/uploads\/2023\/02\/vu-du-ciel-saison-1-defendre-leau-cest-defendre-la-vie-partie-163fe40462adb8-scaled.jpg","contentUrl":"https:\/\/www.myzen.tv\/wp-content\/uploads\/2023\/02\/vu-du-ciel-saison-1-defendre-leau-cest-defendre-la-vie-partie-163fe40462adb8-scaled.jpg","width":2560,"height":1704,"caption":"L'eau douce est la plus pr\u00e9cieuse richesse de notre plan\u00e8te, la plus recherch\u00e9e et la plus maltrait\u00e9e par l\u2019homme. Yann nous propose des images spectaculaires tourn\u00e9es travers le monde."},{"@type":"BreadcrumbList","@id":"https:\/\/www.myzen.tv\/fr\/program\/episode\/13610-defendre-leau-cest-defendre-la-vie-partie-1-s00-e03#breadcrumb","itemListElement":[{"@type":"ListItem","position":1,"name":"Home","item":"https:\/\/www.myzen.tv\/fr\/"},{"@type":"ListItem","position":2,"name":"Programs","item":"https:\/\/www.myzen.tv\/fr\/programs\/"},{"@type":"ListItem","position":3,"name":"D\u00e9fendre l\u2019eau c\u2019est d\u00e9fendre la vie &#8211; Partie 1"}]},{"@type":"WebSite","@id":"https:\/\/www.myzen.tv\/fr\/#website","url":"https:\/\/www.myzen.tv\/fr\/","name":"MyZen TV","description":"Your lifestyle and well-being channel","publisher":{"@id":"https:\/\/www.myzen.tv\/fr\/#organization"},"potentialAction":[{"@type":"SearchAction","target":{"@type":"EntryPoint","urlTemplate":"https:\/\/www.myzen.tv\/fr\/?s={search_term_string}"},"query-input":{"@type":"PropertyValueSpecification","valueRequired":true,"valueName":"search_term_string"}}],"inLanguage":"fr-FR"},{"@type":"Organization","@id":"https:\/\/www.myzen.tv\/fr\/#organization","name":"MyZen TV","url":"https:\/\/www.myzen.tv\/fr\/","logo":{"@type":"ImageObject","inLanguage":"fr-FR","@id":"https:\/\/www.myzen.tv\/fr\/#\/schema\/logo\/image\/","url":"https:\/\/www.myzen.tv\/wp-content\/uploads\/2021\/05\/cropped-ICON_MZtv-LOGO_firetv640-1-1.png","contentUrl":"https:\/\/www.myzen.tv\/wp-content\/uploads\/2021\/05\/cropped-ICON_MZtv-LOGO_firetv640-1-1.png","width":512,"height":512,"caption":"MyZen TV"},"image":{"@id":"https:\/\/www.myzen.tv\/fr\/#\/schema\/logo\/image\/"},"sameAs":["https:\/\/www.facebook.com\/myzen.tv.fr\/","https:\/\/www.instagram.com\/myzentv\/"]}]}},"status_options":[{"label":"Inactive","value":"inactive"}],"_links":{"self":[{"href":"https:\/\/www.myzen.tv\/fr\/wp-json\/wp\/v2\/programs\/1697365","targetHints":{"allow":["GET"]}}],"collection":[{"href":"https:\/\/www.myzen.tv\/fr\/wp-json\/wp\/v2\/programs"}],"about":[{"href":"https:\/\/www.myzen.tv\/fr\/wp-json\/wp\/v2\/types\/program"}],"wp:featuredmedia":[{"embeddable":true,"href":"https:\/\/www.myzen.tv\/fr\/wp-json\/wp\/v2\/media\/1697366"}],"wp:attachment":[{"href":"https:\/\/www.myzen.tv\/fr\/wp-json\/wp\/v2\/media?parent=1697365"}],"wp:term":[{"taxonomy":"program_type","embeddable":true,"href":"https:\/\/www.myzen.tv\/fr\/wp-json\/wp\/v2\/program_type?post=1697365"},{"taxonomy":"group","embeddable":true,"href":"https:\/\/www.myzen.tv\/fr\/wp-json\/wp\/v2\/group?post=1697365"},{"taxonomy":"d_category","embeddable":true,"href":"https:\/\/www.myzen.tv\/fr\/wp-json\/wp\/v2\/d_category?post=1697365"},{"taxonomy":"genre","embeddable":true,"href":"https:\/\/www.myzen.tv\/fr\/wp-json\/wp\/v2\/genre?post=1697365"}],"curies":[{"name":"wp","href":"https:\/\/api.w.org\/{rel}","templated":true}]}}

Défendre l’eau c’est défendre la vie &#8211; Partie 1

<p> Il nous fait découvrir Petra, en Jordanie. On découvre comment les Nabatéens étaient devenus des spécialistes de la récupération de l’eau de pluie qu’ils géraient minutieusement. Puis, on se retrouve à Las Vegas, au bord de la pénurie et à Amman en Jordanie pour découvrir les difficulté quotidiennes liées à la pénurie et au rationnement de l’eau. En Israël, la mer Morte est en train de disparaître. Pour cause d’agriculture intensive, le Jourdain et les autres cours d’eau ne l’alimentent plus assez. En France, la Loire est pour les amoureux de la nature, aujourd’hui, une multitude d’espèces est venue recoloniser le fleuve, dont le fameux saumon sauvage. En Jordanie dans le désert rouge de Wadi Rum à la rencontre de Khaleel Maiteq, qui nous partage sa vie et celle de ses animaux en milieu désertique où l’eau est une denrée très rare.  </p>

<p>L&rsquo;eau douce est la plus précieuse richesse de notre planète, la plus recherchée et la plus maltraitée par l’homme. Yann nous propose des images spectaculaires tournées travers le monde.</p>

<!-- This site is optimized with the Yoast SEO plugin v24.0 - https://yoast.com/wordpress/plugins/seo/ -->
<title>Défendre l’eau c’est défendre la vie - Partie 1 - MyZen TV</title>
<meta name="robots" content="index, follow, max-snippet:-1, max-image-preview:large, max-video-preview:-1" />
<link rel="canonical" href="https://www.myzen.tv/fr/program/episode/13610-defendre-leau-cest-defendre-la-vie-partie-1-s00-e03/" />
<meta property="og:locale" content="fr_FR" />
<meta property="og:type" content="article" />
<meta property="og:title" content="Défendre l’eau c’est défendre la vie - Partie 1 - MyZen TV" />
<meta property="og:description" content="L&#039;eau douce est la plus précieuse richesse de notre planète, la plus recherchée et la plus maltraitée par l’homme. Yann nous propose des images spectaculaires tournées travers le monde." />
<meta property="og:url" content="https://www.myzen.tv/fr/program/episode/13610-defendre-leau-cest-defendre-la-vie-partie-1-s00-e03" />
<meta property="og:site_name" content="MyZen TV" />
<meta property="article:publisher" content="https://www.facebook.com/myzen.tv.fr/" />
<meta property="article:modified_time" content="2026-04-28T09:48:31+00:00" />
<meta property="og:image" content="https://www.myzen.tv/wp-content/uploads/2023/02/vu-du-ciel-saison-1-defendre-leau-cest-defendre-la-vie-partie-163fe40462adb8-scaled.jpg" />
	<meta property="og:image:width" content="2560" />
	<meta property="og:image:height" content="1704" />
	<meta property="og:image:type" content="image/jpeg" />
<meta name="twitter:card" content="summary_large_image" />
<meta name="twitter:label1" content="Durée de lecture estimée" />
	<meta name="twitter:data1" content="1 minute" />
<!-- / Yoast SEO plugin. -->

Défendre l’eau c’est défendre la vie - Partie 1 - MyZen TV

L'eau douce est la plus précieuse richesse de notre planète, la plus recherchée et la plus maltraitée par l’homme. Yann nous propose des images spectaculaires tournées travers le monde.
