{"id":1698004,"date":"2023-07-21T14:18:23","date_gmt":"2023-07-21T14:18:23","guid":{"rendered":"https:\/\/www.myzen.tv\/program\/\/13559-semaine-03-jour-02-s00-e12"},"modified":"2026-04-28T10:02:12","modified_gmt":"2026-04-28T10:02:12","slug":"13559-semaine-03-jour-02-s00-e12","status":"publish","type":"program","link":"https:\/\/www.myzen.tv\/fr\/program\/episode\/13559-semaine-03-jour-02-s00-e12","title":{"rendered":"Semaine 03 &#8211; Jour 02"},"content":{"rendered":"<p>Aujourd&rsquo;hui, c&rsquo;est Gladys, une artiste autodidacte de 60 ans, qui entre dans la course. Et cette Li\u00e9geoise pure souche compte bien se d\u00e9marquer avec son p\u00e9ch\u00e9 mignon : la r\u00e9cup\u00e9ration. Oui, parce que si cette professeure de chant a bien une marque de fabrique, c&rsquo;est sa fantaisie. Et dans son style boh\u00e8me assum\u00e9, elle met beaucoup de folie. Mais l&rsquo;important c&rsquo;est de respecter le th\u00e8me \u201cdes chiffres et des lettres\u201d et de plaire \u00e0 Alain, propri\u00e9taire de la pi\u00e8ce \u00e0 red\u00e9corer. Ce d\u00e9l\u00e9gu\u00e9 commercial tient \u00e0 sa maison de 200 ans d&rsquo;\u00e2ge comme \u00e0 la prunelle de ses yeux. Et il sait ce qu&rsquo;il veut, surtout pour l&rsquo;am\u00e9nagement de son int\u00e9rieur. Et notre d\u00e9coratrice est pr\u00eate \u00e0 relever tous les d\u00e9fis ! <\/p>\n","protected":false},"excerpt":{"rendered":"<p>Aujourd&rsquo;hui, c&rsquo;est Gladys, une artiste autodidacte de 60 ans, qui entre dans la course. Et cette Li\u00e9geoise pure souche compte bien se d\u00e9marquer avec son p\u00e9ch\u00e9 mignon : la r\u00e9cup\u00e9ration.<\/p>\n","protected":false},"featured_media":1758728,"parent":0,"menu_order":0,"template":"","format":"standard","meta":{"episode_type":"","audio_file":"","cover_image":"","cover_image_id":"","duration":"00:52:00","filesize":"","date_recorded":"","explicit":"","block":"","itunes_episode_number":"","itunes_title":"","itunes_season_number":"","itunes_episode_type":"","filesize_raw":""},"program_type":[32],"group":[269],"d_category":[1172],"genre":[1374],"class_list":["post-1698004","program","type-program","status-publish","format-standard","has-post-thumbnail","hentry","program_type-episode","group-home-garden","d_category-daily-wellbeing","genre-entertainement"],"yoast_head":"<!-- This site is optimized with the Yoast SEO plugin v24.0 - https:\/\/yoast.com\/wordpress\/plugins\/seo\/ -->\n<title>Semaine 03 - Jour 02 - MyZen TV<\/title>\n<meta name=\"robots\" content=\"index, follow, max-snippet:-1, max-image-preview:large, max-video-preview:-1\" \/>\n<link rel=\"canonical\" href=\"https:\/\/www.myzen.tv\/fr\/program\/episode\/13559-semaine-03-jour-02-s00-e12\/\" \/>\n<meta property=\"og:locale\" content=\"fr_FR\" \/>\n<meta property=\"og:type\" content=\"article\" \/>\n<meta property=\"og:title\" content=\"Semaine 03 - Jour 02 - MyZen TV\" \/>\n<meta property=\"og:description\" content=\"Aujourd&#039;hui, c&#039;est Gladys, une artiste autodidacte de 60 ans, qui entre dans la course. Et cette Li\u00e9geoise pure souche compte bien se d\u00e9marquer avec son p\u00e9ch\u00e9 mignon : la r\u00e9cup\u00e9ration.\" \/>\n<meta property=\"og:url\" content=\"https:\/\/www.myzen.tv\/fr\/program\/episode\/13559-semaine-03-jour-02-s00-e12\" \/>\n<meta property=\"og:site_name\" content=\"MyZen TV\" \/>\n<meta property=\"article:publisher\" content=\"https:\/\/www.facebook.com\/myzen.tv.fr\/\" \/>\n<meta property=\"article:modified_time\" content=\"2026-04-28T10:02:12+00:00\" \/>\n<meta property=\"og:image\" content=\"https:\/\/www.myzen.tv\/wp-content\/uploads\/2025\/09\/as-de-la-deco-saison-1-semaine-03-jour-0268c55d40ca260.jpg\" \/>\n\t<meta property=\"og:image:width\" content=\"1920\" \/>\n\t<meta property=\"og:image:height\" content=\"1080\" \/>\n\t<meta property=\"og:image:type\" content=\"image\/jpeg\" \/>\n<meta name=\"twitter:card\" content=\"summary_large_image\" \/>\n<meta name=\"twitter:label1\" content=\"Dur\u00e9e de lecture estim\u00e9e\" \/>\n\t<meta name=\"twitter:data1\" content=\"1 minute\" \/>\n<!-- \/ Yoast SEO plugin. -->","yoast_head_json":{"title":"Semaine 03 - Jour 02 - MyZen TV","robots":{"index":"index","follow":"follow","max-snippet":"max-snippet:-1","max-image-preview":"max-image-preview:large","max-video-preview":"max-video-preview:-1"},"canonical":"https:\/\/www.myzen.tv\/fr\/program\/episode\/13559-semaine-03-jour-02-s00-e12\/","og_locale":"fr_FR","og_type":"article","og_title":"Semaine 03 - Jour 02 - MyZen TV","og_description":"Aujourd'hui, c'est Gladys, une artiste autodidacte de 60 ans, qui entre dans la course. Et cette Li\u00e9geoise pure souche compte bien se d\u00e9marquer avec son p\u00e9ch\u00e9 mignon : la r\u00e9cup\u00e9ration.","og_url":"https:\/\/www.myzen.tv\/fr\/program\/episode\/13559-semaine-03-jour-02-s00-e12","og_site_name":"MyZen TV","article_publisher":"https:\/\/www.facebook.com\/myzen.tv.fr\/","article_modified_time":"2026-04-28T10:02:12+00:00","og_image":[{"width":1920,"height":1080,"url":"https:\/\/www.myzen.tv\/wp-content\/uploads\/2025\/09\/as-de-la-deco-saison-1-semaine-03-jour-0268c55d40ca260.jpg","type":"image\/jpeg"}],"twitter_card":"summary_large_image","twitter_misc":{"Dur\u00e9e de lecture estim\u00e9e":"1 minute"},"schema":{"@context":"https:\/\/schema.org","@graph":[{"@type":"WebPage","@id":"https:\/\/www.myzen.tv\/fr\/program\/episode\/13559-semaine-03-jour-02-s00-e12","url":"https:\/\/www.myzen.tv\/fr\/program\/episode\/13559-semaine-03-jour-02-s00-e12","name":"Semaine 03 - Jour 02 - MyZen TV","isPartOf":{"@id":"https:\/\/www.myzen.tv\/fr\/#website"},"primaryImageOfPage":{"@id":"https:\/\/www.myzen.tv\/fr\/program\/episode\/13559-semaine-03-jour-02-s00-e12#primaryimage"},"image":{"@id":"https:\/\/www.myzen.tv\/fr\/program\/episode\/13559-semaine-03-jour-02-s00-e12#primaryimage"},"thumbnailUrl":"https:\/\/www.myzen.tv\/wp-content\/uploads\/2025\/09\/as-de-la-deco-saison-1-semaine-03-jour-0268c55d40ca260.jpg","datePublished":"2023-07-21T14:18:23+00:00","dateModified":"2026-04-28T10:02:12+00:00","breadcrumb":{"@id":"https:\/\/www.myzen.tv\/fr\/program\/episode\/13559-semaine-03-jour-02-s00-e12#breadcrumb"},"inLanguage":"fr-FR","potentialAction":[{"@type":"ReadAction","target":["https:\/\/www.myzen.tv\/fr\/program\/episode\/13559-semaine-03-jour-02-s00-e12"]}]},{"@type":"ImageObject","inLanguage":"fr-FR","@id":"https:\/\/www.myzen.tv\/fr\/program\/episode\/13559-semaine-03-jour-02-s00-e12#primaryimage","url":"https:\/\/www.myzen.tv\/wp-content\/uploads\/2025\/09\/as-de-la-deco-saison-1-semaine-03-jour-0268c55d40ca260.jpg","contentUrl":"https:\/\/www.myzen.tv\/wp-content\/uploads\/2025\/09\/as-de-la-deco-saison-1-semaine-03-jour-0268c55d40ca260.jpg","width":1920,"height":1080,"caption":"Aujourd'hui, c'est Gladys, une artiste autodidacte de 60 ans, qui entre dans la course. Et cette Li\u00e9geoise pure souche compte bien se d\u00e9marquer avec son p\u00e9ch\u00e9 mignon : la r\u00e9cup\u00e9ration."},{"@type":"BreadcrumbList","@id":"https:\/\/www.myzen.tv\/fr\/program\/episode\/13559-semaine-03-jour-02-s00-e12#breadcrumb","itemListElement":[{"@type":"ListItem","position":1,"name":"Home","item":"https:\/\/www.myzen.tv\/fr\/"},{"@type":"ListItem","position":2,"name":"Programs","item":"https:\/\/www.myzen.tv\/fr\/programs\/"},{"@type":"ListItem","position":3,"name":"Semaine 03 &#8211; Jour 02"}]},{"@type":"WebSite","@id":"https:\/\/www.myzen.tv\/fr\/#website","url":"https:\/\/www.myzen.tv\/fr\/","name":"MyZen TV","description":"Your lifestyle and well-being channel","publisher":{"@id":"https:\/\/www.myzen.tv\/fr\/#organization"},"potentialAction":[{"@type":"SearchAction","target":{"@type":"EntryPoint","urlTemplate":"https:\/\/www.myzen.tv\/fr\/?s={search_term_string}"},"query-input":{"@type":"PropertyValueSpecification","valueRequired":true,"valueName":"search_term_string"}}],"inLanguage":"fr-FR"},{"@type":"Organization","@id":"https:\/\/www.myzen.tv\/fr\/#organization","name":"MyZen TV","url":"https:\/\/www.myzen.tv\/fr\/","logo":{"@type":"ImageObject","inLanguage":"fr-FR","@id":"https:\/\/www.myzen.tv\/fr\/#\/schema\/logo\/image\/","url":"https:\/\/www.myzen.tv\/wp-content\/uploads\/2021\/05\/cropped-ICON_MZtv-LOGO_firetv640-1-1.png","contentUrl":"https:\/\/www.myzen.tv\/wp-content\/uploads\/2021\/05\/cropped-ICON_MZtv-LOGO_firetv640-1-1.png","width":512,"height":512,"caption":"MyZen TV"},"image":{"@id":"https:\/\/www.myzen.tv\/fr\/#\/schema\/logo\/image\/"},"sameAs":["https:\/\/www.facebook.com\/myzen.tv.fr\/","https:\/\/www.instagram.com\/myzentv\/"]}]}},"status_options":[{"label":"Inactive","value":"inactive"}],"_links":{"self":[{"href":"https:\/\/www.myzen.tv\/fr\/wp-json\/wp\/v2\/programs\/1698004","targetHints":{"allow":["GET"]}}],"collection":[{"href":"https:\/\/www.myzen.tv\/fr\/wp-json\/wp\/v2\/programs"}],"about":[{"href":"https:\/\/www.myzen.tv\/fr\/wp-json\/wp\/v2\/types\/program"}],"wp:featuredmedia":[{"embeddable":true,"href":"https:\/\/www.myzen.tv\/fr\/wp-json\/wp\/v2\/media\/1758728"}],"wp:attachment":[{"href":"https:\/\/www.myzen.tv\/fr\/wp-json\/wp\/v2\/media?parent=1698004"}],"wp:term":[{"taxonomy":"program_type","embeddable":true,"href":"https:\/\/www.myzen.tv\/fr\/wp-json\/wp\/v2\/program_type?post=1698004"},{"taxonomy":"group","embeddable":true,"href":"https:\/\/www.myzen.tv\/fr\/wp-json\/wp\/v2\/group?post=1698004"},{"taxonomy":"d_category","embeddable":true,"href":"https:\/\/www.myzen.tv\/fr\/wp-json\/wp\/v2\/d_category?post=1698004"},{"taxonomy":"genre","embeddable":true,"href":"https:\/\/www.myzen.tv\/fr\/wp-json\/wp\/v2\/genre?post=1698004"}],"curies":[{"name":"wp","href":"https:\/\/api.w.org\/{rel}","templated":true}]}}

<p>Aujourd&rsquo;hui, c&rsquo;est Gladys, une artiste autodidacte de 60 ans, qui entre dans la course. Et cette Liégeoise pure souche compte bien se démarquer avec son péché mignon : la récupération. Oui, parce que si cette professeure de chant a bien une marque de fabrique, c&rsquo;est sa fantaisie. Et dans son style bohème assumé, elle met beaucoup de folie. Mais l&rsquo;important c&rsquo;est de respecter le thème “des chiffres et des lettres” et de plaire à Alain, propriétaire de la pièce à redécorer. Ce délégué commercial tient à sa maison de 200 ans d&rsquo;âge comme à la prunelle de ses yeux. Et il sait ce qu&rsquo;il veut, surtout pour l&rsquo;aménagement de son intérieur. Et notre décoratrice est prête à relever tous les défis ! </p>

<p>Aujourd&rsquo;hui, c&rsquo;est Gladys, une artiste autodidacte de 60 ans, qui entre dans la course. Et cette Liégeoise pure souche compte bien se démarquer avec son péché mignon : la récupération.</p>

<!-- This site is optimized with the Yoast SEO plugin v24.0 - https://yoast.com/wordpress/plugins/seo/ -->
<title>Semaine 03 - Jour 02 - MyZen TV</title>
<meta name="robots" content="index, follow, max-snippet:-1, max-image-preview:large, max-video-preview:-1" />
<link rel="canonical" href="https://www.myzen.tv/fr/program/episode/13559-semaine-03-jour-02-s00-e12/" />
<meta property="og:locale" content="fr_FR" />
<meta property="og:type" content="article" />
<meta property="og:title" content="Semaine 03 - Jour 02 - MyZen TV" />
<meta property="og:description" content="Aujourd&#039;hui, c&#039;est Gladys, une artiste autodidacte de 60 ans, qui entre dans la course. Et cette Liégeoise pure souche compte bien se démarquer avec son péché mignon : la récupération." />
<meta property="og:url" content="https://www.myzen.tv/fr/program/episode/13559-semaine-03-jour-02-s00-e12" />
<meta property="og:site_name" content="MyZen TV" />
<meta property="article:publisher" content="https://www.facebook.com/myzen.tv.fr/" />
<meta property="article:modified_time" content="2026-04-28T10:02:12+00:00" />
<meta property="og:image" content="https://www.myzen.tv/wp-content/uploads/2025/09/as-de-la-deco-saison-1-semaine-03-jour-0268c55d40ca260.jpg" />
	<meta property="og:image:width" content="1920" />
	<meta property="og:image:height" content="1080" />
	<meta property="og:image:type" content="image/jpeg" />
<meta name="twitter:card" content="summary_large_image" />
<meta name="twitter:label1" content="Durée de lecture estimée" />
	<meta name="twitter:data1" content="1 minute" />
<!-- / Yoast SEO plugin. -->

Aujourd'hui, c'est Gladys, une artiste autodidacte de 60 ans, qui entre dans la course. Et cette Liégeoise pure souche compte bien se démarquer avec son péché mignon : la récupération.
