{"id":1709464,"date":"2025-02-27T20:28:21","date_gmt":"2025-02-27T20:28:21","guid":{"rendered":"https:\/\/www.myzen.tv\/program\/\/14178-le-monde-merveilleux-du-fait-main"},"modified":"2026-01-25T05:54:43","modified_gmt":"2026-01-25T05:54:43","slug":"14178-le-monde-merveilleux-du-fait-main","status":"publish","type":"program","link":"https:\/\/www.myzen.tv\/fr\/program\/serie\/14178-le-monde-merveilleux-du-fait-main","title":{"rendered":"Le monde merveilleux du fait-main"},"content":{"rendered":"<p>La Grande-Bretagne est une nation d&rsquo;artisans. Dix-huit millions de personnes au Royaume-Uni pratiquent l&rsquo;artisanat comme passe-temps. Nombre d&rsquo;entre eux sont tellement passionn\u00e9s que l&rsquo;artisanat est le principal plaisir de leur vie et que la visite de foires artisanales est le point culminant de leur ann\u00e9e. Exposer leurs cr\u00e9ations \u00e0 l&rsquo;une de ces foires est au-del\u00e0 de leurs r\u00eaves les plus fous. Mais dans cette nouvelle s\u00e9rie, ils se voient offrir l&rsquo;occasion d&rsquo;une vie de le faire, dans les plus grandes et les meilleures foires artisanales de Grande-Bretagne.<\/p>\n","protected":false},"excerpt":{"rendered":"<p>Cette s\u00e9rie suit des artisans qui poursuivent leur r\u00eave d&rsquo;exposer leurs cr\u00e9ations dans les plus grandes foires artisanales. Gr\u00e2ce aux conseils de sp\u00e9cialistes, chaque \u00e9pisode met en lumi\u00e8re leur passion, leur cr\u00e9ativit\u00e9 et leurs parcours inspirants.<\/p>\n","protected":false},"featured_media":1710793,"parent":0,"menu_order":0,"template":"","format":"standard","meta":{"episode_type":"","audio_file":"","cover_image":"","cover_image_id":"","duration":"01:00:00","filesize":"","date_recorded":"","explicit":"","block":"","itunes_episode_number":"","itunes_title":"","itunes_season_number":"","itunes_episode_type":"","filesize_raw":""},"program_type":[30],"group":[270],"d_category":[1174],"genre":[1372],"class_list":["post-1709464","program","type-program","status-publish","format-standard","has-post-thumbnail","hentry","program_type-serie","group-life-changes","d_category-life-changes","genre-do-it-yourself"],"yoast_head":"<!-- This site is optimized with the Yoast SEO plugin v24.0 - https:\/\/yoast.com\/wordpress\/plugins\/seo\/ -->\n<title>Le monde merveilleux du fait-main - MyZen TV<\/title>\n<meta name=\"robots\" content=\"index, follow, max-snippet:-1, max-image-preview:large, max-video-preview:-1\" \/>\n<link rel=\"canonical\" href=\"https:\/\/www.myzen.tv\/fr\/program\/serie\/14178-le-monde-merveilleux-du-fait-main\/\" \/>\n<meta property=\"og:locale\" content=\"fr_FR\" \/>\n<meta property=\"og:type\" content=\"article\" \/>\n<meta property=\"og:title\" content=\"Le monde merveilleux du fait-main - MyZen TV\" \/>\n<meta property=\"og:description\" content=\"Cette s\u00e9rie suit des artisans qui poursuivent leur r\u00eave d&#039;exposer leurs cr\u00e9ations dans les plus grandes foires artisanales. Gr\u00e2ce aux conseils de sp\u00e9cialistes, chaque \u00e9pisode met en lumi\u00e8re leur passion, leur cr\u00e9ativit\u00e9 et leurs parcours inspirants.\" \/>\n<meta property=\"og:url\" content=\"https:\/\/www.myzen.tv\/fr\/program\/serie\/14178-le-monde-merveilleux-du-fait-main\" \/>\n<meta property=\"og:site_name\" content=\"MyZen TV\" \/>\n<meta property=\"article:publisher\" content=\"https:\/\/www.facebook.com\/myzen.tv.fr\/\" \/>\n<meta property=\"article:modified_time\" content=\"2026-01-25T05:54:43+00:00\" \/>\n<meta property=\"og:image\" content=\"https:\/\/www.myzen.tv\/wp-content\/uploads\/2025\/02\/le-monde-merveilleux-du-fait-main67c0cae5e2eed.jpg\" \/>\n\t<meta property=\"og:image:width\" content=\"1920\" \/>\n\t<meta property=\"og:image:height\" content=\"1080\" \/>\n\t<meta property=\"og:image:type\" content=\"image\/jpeg\" \/>\n<meta name=\"twitter:card\" content=\"summary_large_image\" \/>\n<!-- \/ Yoast SEO plugin. -->","yoast_head_json":{"title":"Le monde merveilleux du fait-main - MyZen TV","robots":{"index":"index","follow":"follow","max-snippet":"max-snippet:-1","max-image-preview":"max-image-preview:large","max-video-preview":"max-video-preview:-1"},"canonical":"https:\/\/www.myzen.tv\/fr\/program\/serie\/14178-le-monde-merveilleux-du-fait-main\/","og_locale":"fr_FR","og_type":"article","og_title":"Le monde merveilleux du fait-main - MyZen TV","og_description":"Cette s\u00e9rie suit des artisans qui poursuivent leur r\u00eave d'exposer leurs cr\u00e9ations dans les plus grandes foires artisanales. Gr\u00e2ce aux conseils de sp\u00e9cialistes, chaque \u00e9pisode met en lumi\u00e8re leur passion, leur cr\u00e9ativit\u00e9 et leurs parcours inspirants.","og_url":"https:\/\/www.myzen.tv\/fr\/program\/serie\/14178-le-monde-merveilleux-du-fait-main","og_site_name":"MyZen TV","article_publisher":"https:\/\/www.facebook.com\/myzen.tv.fr\/","article_modified_time":"2026-01-25T05:54:43+00:00","og_image":[{"width":1920,"height":1080,"url":"https:\/\/www.myzen.tv\/wp-content\/uploads\/2025\/02\/le-monde-merveilleux-du-fait-main67c0cae5e2eed.jpg","type":"image\/jpeg"}],"twitter_card":"summary_large_image","schema":{"@context":"https:\/\/schema.org","@graph":[{"@type":"WebPage","@id":"https:\/\/www.myzen.tv\/fr\/program\/serie\/14178-le-monde-merveilleux-du-fait-main","url":"https:\/\/www.myzen.tv\/fr\/program\/serie\/14178-le-monde-merveilleux-du-fait-main","name":"Le monde merveilleux du fait-main - MyZen TV","isPartOf":{"@id":"https:\/\/www.myzen.tv\/fr\/#website"},"primaryImageOfPage":{"@id":"https:\/\/www.myzen.tv\/fr\/program\/serie\/14178-le-monde-merveilleux-du-fait-main#primaryimage"},"image":{"@id":"https:\/\/www.myzen.tv\/fr\/program\/serie\/14178-le-monde-merveilleux-du-fait-main#primaryimage"},"thumbnailUrl":"https:\/\/www.myzen.tv\/wp-content\/uploads\/2025\/02\/le-monde-merveilleux-du-fait-main67c0cae5e2eed.jpg","datePublished":"2025-02-27T20:28:21+00:00","dateModified":"2026-01-25T05:54:43+00:00","breadcrumb":{"@id":"https:\/\/www.myzen.tv\/fr\/program\/serie\/14178-le-monde-merveilleux-du-fait-main#breadcrumb"},"inLanguage":"fr-FR","potentialAction":[{"@type":"ReadAction","target":["https:\/\/www.myzen.tv\/fr\/program\/serie\/14178-le-monde-merveilleux-du-fait-main"]}]},{"@type":"ImageObject","inLanguage":"fr-FR","@id":"https:\/\/www.myzen.tv\/fr\/program\/serie\/14178-le-monde-merveilleux-du-fait-main#primaryimage","url":"https:\/\/www.myzen.tv\/wp-content\/uploads\/2025\/02\/le-monde-merveilleux-du-fait-main67c0cae5e2eed.jpg","contentUrl":"https:\/\/www.myzen.tv\/wp-content\/uploads\/2025\/02\/le-monde-merveilleux-du-fait-main67c0cae5e2eed.jpg","width":1920,"height":1080,"caption":"Cette s\u00e9rie suit des artisans qui poursuivent leur r\u00eave d'exposer leurs cr\u00e9ations dans les plus grandes foires artisanales. Gr\u00e2ce aux conseils de sp\u00e9cialistes, chaque \u00e9pisode met en lumi\u00e8re leur passion, leur cr\u00e9ativit\u00e9 et leurs parcours inspirants."},{"@type":"BreadcrumbList","@id":"https:\/\/www.myzen.tv\/fr\/program\/serie\/14178-le-monde-merveilleux-du-fait-main#breadcrumb","itemListElement":[{"@type":"ListItem","position":1,"name":"Home","item":"https:\/\/www.myzen.tv\/fr\/"},{"@type":"ListItem","position":2,"name":"Programs","item":"https:\/\/www.myzen.tv\/fr\/programs\/"},{"@type":"ListItem","position":3,"name":"Le monde merveilleux du fait-main"}]},{"@type":"WebSite","@id":"https:\/\/www.myzen.tv\/fr\/#website","url":"https:\/\/www.myzen.tv\/fr\/","name":"MyZen TV","description":"Your lifestyle and well-being channel","publisher":{"@id":"https:\/\/www.myzen.tv\/fr\/#organization"},"potentialAction":[{"@type":"SearchAction","target":{"@type":"EntryPoint","urlTemplate":"https:\/\/www.myzen.tv\/fr\/?s={search_term_string}"},"query-input":{"@type":"PropertyValueSpecification","valueRequired":true,"valueName":"search_term_string"}}],"inLanguage":"fr-FR"},{"@type":"Organization","@id":"https:\/\/www.myzen.tv\/fr\/#organization","name":"MyZen TV","url":"https:\/\/www.myzen.tv\/fr\/","logo":{"@type":"ImageObject","inLanguage":"fr-FR","@id":"https:\/\/www.myzen.tv\/fr\/#\/schema\/logo\/image\/","url":"https:\/\/www.myzen.tv\/wp-content\/uploads\/2021\/05\/cropped-ICON_MZtv-LOGO_firetv640-1-1.png","contentUrl":"https:\/\/www.myzen.tv\/wp-content\/uploads\/2021\/05\/cropped-ICON_MZtv-LOGO_firetv640-1-1.png","width":512,"height":512,"caption":"MyZen TV"},"image":{"@id":"https:\/\/www.myzen.tv\/fr\/#\/schema\/logo\/image\/"},"sameAs":["https:\/\/www.facebook.com\/myzen.tv.fr\/","https:\/\/www.instagram.com\/myzentv\/"]}]}},"status_options":[{"label":"Inactive","value":"inactive"}],"_links":{"self":[{"href":"https:\/\/www.myzen.tv\/fr\/wp-json\/wp\/v2\/programs\/1709464","targetHints":{"allow":["GET"]}}],"collection":[{"href":"https:\/\/www.myzen.tv\/fr\/wp-json\/wp\/v2\/programs"}],"about":[{"href":"https:\/\/www.myzen.tv\/fr\/wp-json\/wp\/v2\/types\/program"}],"wp:featuredmedia":[{"embeddable":true,"href":"https:\/\/www.myzen.tv\/fr\/wp-json\/wp\/v2\/media\/1710793"}],"wp:attachment":[{"href":"https:\/\/www.myzen.tv\/fr\/wp-json\/wp\/v2\/media?parent=1709464"}],"wp:term":[{"taxonomy":"program_type","embeddable":true,"href":"https:\/\/www.myzen.tv\/fr\/wp-json\/wp\/v2\/program_type?post=1709464"},{"taxonomy":"group","embeddable":true,"href":"https:\/\/www.myzen.tv\/fr\/wp-json\/wp\/v2\/group?post=1709464"},{"taxonomy":"d_category","embeddable":true,"href":"https:\/\/www.myzen.tv\/fr\/wp-json\/wp\/v2\/d_category?post=1709464"},{"taxonomy":"genre","embeddable":true,"href":"https:\/\/www.myzen.tv\/fr\/wp-json\/wp\/v2\/genre?post=1709464"}],"curies":[{"name":"wp","href":"https:\/\/api.w.org\/{rel}","templated":true}]}}

<p>La Grande-Bretagne est une nation d&rsquo;artisans. Dix-huit millions de personnes au Royaume-Uni pratiquent l&rsquo;artisanat comme passe-temps. Nombre d&rsquo;entre eux sont tellement passionnés que l&rsquo;artisanat est le principal plaisir de leur vie et que la visite de foires artisanales est le point culminant de leur année. Exposer leurs créations à l&rsquo;une de ces foires est au-delà de leurs rêves les plus fous. Mais dans cette nouvelle série, ils se voient offrir l&rsquo;occasion d&rsquo;une vie de le faire, dans les plus grandes et les meilleures foires artisanales de Grande-Bretagne.</p>

<p>Cette série suit des artisans qui poursuivent leur rêve d&rsquo;exposer leurs créations dans les plus grandes foires artisanales. Grâce aux conseils de spécialistes, chaque épisode met en lumière leur passion, leur créativité et leurs parcours inspirants.</p>

<!-- This site is optimized with the Yoast SEO plugin v24.0 - https://yoast.com/wordpress/plugins/seo/ -->
<title>Le monde merveilleux du fait-main - MyZen TV</title>
<meta name="robots" content="index, follow, max-snippet:-1, max-image-preview:large, max-video-preview:-1" />
<link rel="canonical" href="https://www.myzen.tv/fr/program/serie/14178-le-monde-merveilleux-du-fait-main/" />
<meta property="og:locale" content="fr_FR" />
<meta property="og:type" content="article" />
<meta property="og:title" content="Le monde merveilleux du fait-main - MyZen TV" />
<meta property="og:description" content="Cette série suit des artisans qui poursuivent leur rêve d&#039;exposer leurs créations dans les plus grandes foires artisanales. Grâce aux conseils de spécialistes, chaque épisode met en lumière leur passion, leur créativité et leurs parcours inspirants." />
<meta property="og:url" content="https://www.myzen.tv/fr/program/serie/14178-le-monde-merveilleux-du-fait-main" />
<meta property="og:site_name" content="MyZen TV" />
<meta property="article:publisher" content="https://www.facebook.com/myzen.tv.fr/" />
<meta property="article:modified_time" content="2026-01-25T05:54:43+00:00" />
<meta property="og:image" content="https://www.myzen.tv/wp-content/uploads/2025/02/le-monde-merveilleux-du-fait-main67c0cae5e2eed.jpg" />
	<meta property="og:image:width" content="1920" />
	<meta property="og:image:height" content="1080" />
	<meta property="og:image:type" content="image/jpeg" />
<meta name="twitter:card" content="summary_large_image" />
<!-- / Yoast SEO plugin. -->

Cette série suit des artisans qui poursuivent leur rêve d'exposer leurs créations dans les plus grandes foires artisanales. Grâce aux conseils de spécialistes, chaque épisode met en lumière leur passion, leur créativité et leurs parcours inspirants.
