{"id":1709468,"date":"2025-02-27T20:28:34","date_gmt":"2025-02-27T20:28:34","guid":{"rendered":"https:\/\/www.myzen.tv\/program\/\/14059-le-prieure-de-clare-s-e01"},"modified":"2026-04-28T10:13:10","modified_gmt":"2026-04-28T10:13:10","slug":"14059-le-prieure-de-clare-s-e01","status":"publish","type":"program","link":"https:\/\/www.myzen.tv\/fr\/program\/episode\/14059-le-prieure-de-clare-s-e01","title":{"rendered":"Le prieur\u00e9 de Clare"},"content":{"rendered":"<p>La s\u00e9rie d\u00e9bute avec trois artisans qui pr\u00e9sentent leurs cr\u00e9ations lors de la foire artisanale de Clare Priory, dans le Suffolk. Heather a quitt\u00e9 son emploi pour se consacrer enti\u00e8rement \u00e0 la fabrication de figurines fantastiques en argile et esp\u00e8re transformer sa passion en une source de revenus. John, passionn\u00e9 de quilting, travaille dans un vaste atelier rempli de machines \u00e0 coudre et de tissus. Quant \u00e0 Toni, elle se consacre avec d\u00e9vouement \u00e0 l&rsquo;art du crochet.<\/p>\n","protected":false},"excerpt":{"rendered":"<p>Trois cr\u00e9ateurs apportent leur artisanat \u00e0 la foire du prieur\u00e9 de Clare : Les figurines en argile de Heather, les quilts de John et le crochet de Toni, dans l&rsquo;espoir de transformer leur passe-temps en carri\u00e8re.<\/p>\n","protected":false},"featured_media":1716095,"parent":0,"menu_order":0,"template":"","format":"standard","meta":{"episode_type":"","audio_file":"","cover_image":"","cover_image_id":"","duration":"00:45:00","filesize":"","date_recorded":"","explicit":"","block":"","itunes_episode_number":"","itunes_title":"","itunes_season_number":"","itunes_episode_type":"","filesize_raw":""},"program_type":[32],"group":[270],"d_category":[1174],"genre":[1372],"class_list":["post-1709468","program","type-program","status-publish","format-standard","has-post-thumbnail","hentry","program_type-episode","group-life-changes","d_category-life-changes","genre-do-it-yourself"],"yoast_head":"<!-- This site is optimized with the Yoast SEO plugin v24.0 - https:\/\/yoast.com\/wordpress\/plugins\/seo\/ -->\n<title>Le prieur\u00e9 de Clare - MyZen TV<\/title>\n<meta name=\"robots\" content=\"index, follow, max-snippet:-1, max-image-preview:large, max-video-preview:-1\" \/>\n<link rel=\"canonical\" href=\"https:\/\/www.myzen.tv\/fr\/program\/episode\/14059-le-prieure-de-clare-s-e01\/\" \/>\n<meta property=\"og:locale\" content=\"fr_FR\" \/>\n<meta property=\"og:type\" content=\"article\" \/>\n<meta property=\"og:title\" content=\"Le prieur\u00e9 de Clare - MyZen TV\" \/>\n<meta property=\"og:description\" content=\"Trois cr\u00e9ateurs apportent leur artisanat \u00e0 la foire du prieur\u00e9 de Clare : Les figurines en argile de Heather, les quilts de John et le crochet de Toni, dans l&#039;espoir de transformer leur passe-temps en carri\u00e8re.\" \/>\n<meta property=\"og:url\" content=\"https:\/\/www.myzen.tv\/fr\/program\/episode\/14059-le-prieure-de-clare-s-e01\" \/>\n<meta property=\"og:site_name\" content=\"MyZen TV\" \/>\n<meta property=\"article:publisher\" content=\"https:\/\/www.facebook.com\/myzen.tv.fr\/\" \/>\n<meta property=\"article:modified_time\" content=\"2026-04-28T10:13:10+00:00\" \/>\n<meta property=\"og:image\" content=\"https:\/\/www.myzen.tv\/wp-content\/uploads\/2025\/03\/the-wonderful-world-of-crafting-season-1-clare-priory67d48a3aa0e07.jpg\" \/>\n\t<meta property=\"og:image:width\" content=\"1920\" \/>\n\t<meta property=\"og:image:height\" content=\"1080\" \/>\n\t<meta property=\"og:image:type\" content=\"image\/jpeg\" \/>\n<meta name=\"twitter:card\" content=\"summary_large_image\" \/>\n<!-- \/ Yoast SEO plugin. -->","yoast_head_json":{"title":"Le prieur\u00e9 de Clare - MyZen TV","robots":{"index":"index","follow":"follow","max-snippet":"max-snippet:-1","max-image-preview":"max-image-preview:large","max-video-preview":"max-video-preview:-1"},"canonical":"https:\/\/www.myzen.tv\/fr\/program\/episode\/14059-le-prieure-de-clare-s-e01\/","og_locale":"fr_FR","og_type":"article","og_title":"Le prieur\u00e9 de Clare - MyZen TV","og_description":"Trois cr\u00e9ateurs apportent leur artisanat \u00e0 la foire du prieur\u00e9 de Clare : Les figurines en argile de Heather, les quilts de John et le crochet de Toni, dans l'espoir de transformer leur passe-temps en carri\u00e8re.","og_url":"https:\/\/www.myzen.tv\/fr\/program\/episode\/14059-le-prieure-de-clare-s-e01","og_site_name":"MyZen TV","article_publisher":"https:\/\/www.facebook.com\/myzen.tv.fr\/","article_modified_time":"2026-04-28T10:13:10+00:00","og_image":[{"width":1920,"height":1080,"url":"https:\/\/www.myzen.tv\/wp-content\/uploads\/2025\/03\/the-wonderful-world-of-crafting-season-1-clare-priory67d48a3aa0e07.jpg","type":"image\/jpeg"}],"twitter_card":"summary_large_image","schema":{"@context":"https:\/\/schema.org","@graph":[{"@type":"WebPage","@id":"https:\/\/www.myzen.tv\/fr\/program\/episode\/14059-le-prieure-de-clare-s-e01","url":"https:\/\/www.myzen.tv\/fr\/program\/episode\/14059-le-prieure-de-clare-s-e01","name":"Le prieur\u00e9 de Clare - MyZen TV","isPartOf":{"@id":"https:\/\/www.myzen.tv\/fr\/#website"},"primaryImageOfPage":{"@id":"https:\/\/www.myzen.tv\/fr\/program\/episode\/14059-le-prieure-de-clare-s-e01#primaryimage"},"image":{"@id":"https:\/\/www.myzen.tv\/fr\/program\/episode\/14059-le-prieure-de-clare-s-e01#primaryimage"},"thumbnailUrl":"https:\/\/www.myzen.tv\/wp-content\/uploads\/2025\/03\/the-wonderful-world-of-crafting-season-1-clare-priory67d48a3aa0e07.jpg","datePublished":"2025-02-27T20:28:34+00:00","dateModified":"2026-04-28T10:13:10+00:00","breadcrumb":{"@id":"https:\/\/www.myzen.tv\/fr\/program\/episode\/14059-le-prieure-de-clare-s-e01#breadcrumb"},"inLanguage":"fr-FR","potentialAction":[{"@type":"ReadAction","target":["https:\/\/www.myzen.tv\/fr\/program\/episode\/14059-le-prieure-de-clare-s-e01"]}]},{"@type":"ImageObject","inLanguage":"fr-FR","@id":"https:\/\/www.myzen.tv\/fr\/program\/episode\/14059-le-prieure-de-clare-s-e01#primaryimage","url":"https:\/\/www.myzen.tv\/wp-content\/uploads\/2025\/03\/the-wonderful-world-of-crafting-season-1-clare-priory67d48a3aa0e07.jpg","contentUrl":"https:\/\/www.myzen.tv\/wp-content\/uploads\/2025\/03\/the-wonderful-world-of-crafting-season-1-clare-priory67d48a3aa0e07.jpg","width":1920,"height":1080,"caption":"Three makers bring their crafts to Clare Priory Fair: Heather\u2019s clay figures, John\u2019s quilts, and Toni\u2019s crochet, hoping to turn hobbies into careers."},{"@type":"BreadcrumbList","@id":"https:\/\/www.myzen.tv\/fr\/program\/episode\/14059-le-prieure-de-clare-s-e01#breadcrumb","itemListElement":[{"@type":"ListItem","position":1,"name":"Home","item":"https:\/\/www.myzen.tv\/fr\/"},{"@type":"ListItem","position":2,"name":"Programs","item":"https:\/\/www.myzen.tv\/fr\/programs\/"},{"@type":"ListItem","position":3,"name":"Le prieur\u00e9 de Clare"}]},{"@type":"WebSite","@id":"https:\/\/www.myzen.tv\/fr\/#website","url":"https:\/\/www.myzen.tv\/fr\/","name":"MyZen TV","description":"Your lifestyle and well-being channel","publisher":{"@id":"https:\/\/www.myzen.tv\/fr\/#organization"},"potentialAction":[{"@type":"SearchAction","target":{"@type":"EntryPoint","urlTemplate":"https:\/\/www.myzen.tv\/fr\/?s={search_term_string}"},"query-input":{"@type":"PropertyValueSpecification","valueRequired":true,"valueName":"search_term_string"}}],"inLanguage":"fr-FR"},{"@type":"Organization","@id":"https:\/\/www.myzen.tv\/fr\/#organization","name":"MyZen TV","url":"https:\/\/www.myzen.tv\/fr\/","logo":{"@type":"ImageObject","inLanguage":"fr-FR","@id":"https:\/\/www.myzen.tv\/fr\/#\/schema\/logo\/image\/","url":"https:\/\/www.myzen.tv\/wp-content\/uploads\/2021\/05\/cropped-ICON_MZtv-LOGO_firetv640-1-1.png","contentUrl":"https:\/\/www.myzen.tv\/wp-content\/uploads\/2021\/05\/cropped-ICON_MZtv-LOGO_firetv640-1-1.png","width":512,"height":512,"caption":"MyZen TV"},"image":{"@id":"https:\/\/www.myzen.tv\/fr\/#\/schema\/logo\/image\/"},"sameAs":["https:\/\/www.facebook.com\/myzen.tv.fr\/","https:\/\/www.instagram.com\/myzentv\/"]}]}},"status_options":[{"label":"Inactive","value":"inactive"}],"_links":{"self":[{"href":"https:\/\/www.myzen.tv\/fr\/wp-json\/wp\/v2\/programs\/1709468","targetHints":{"allow":["GET"]}}],"collection":[{"href":"https:\/\/www.myzen.tv\/fr\/wp-json\/wp\/v2\/programs"}],"about":[{"href":"https:\/\/www.myzen.tv\/fr\/wp-json\/wp\/v2\/types\/program"}],"wp:featuredmedia":[{"embeddable":true,"href":"https:\/\/www.myzen.tv\/fr\/wp-json\/wp\/v2\/media\/1716095"}],"wp:attachment":[{"href":"https:\/\/www.myzen.tv\/fr\/wp-json\/wp\/v2\/media?parent=1709468"}],"wp:term":[{"taxonomy":"program_type","embeddable":true,"href":"https:\/\/www.myzen.tv\/fr\/wp-json\/wp\/v2\/program_type?post=1709468"},{"taxonomy":"group","embeddable":true,"href":"https:\/\/www.myzen.tv\/fr\/wp-json\/wp\/v2\/group?post=1709468"},{"taxonomy":"d_category","embeddable":true,"href":"https:\/\/www.myzen.tv\/fr\/wp-json\/wp\/v2\/d_category?post=1709468"},{"taxonomy":"genre","embeddable":true,"href":"https:\/\/www.myzen.tv\/fr\/wp-json\/wp\/v2\/genre?post=1709468"}],"curies":[{"name":"wp","href":"https:\/\/api.w.org\/{rel}","templated":true}]}}

Le prieuré de Clare

<p>La série débute avec trois artisans qui présentent leurs créations lors de la foire artisanale de Clare Priory, dans le Suffolk. Heather a quitté son emploi pour se consacrer entièrement à la fabrication de figurines fantastiques en argile et espère transformer sa passion en une source de revenus. John, passionné de quilting, travaille dans un vaste atelier rempli de machines à coudre et de tissus. Quant à Toni, elle se consacre avec dévouement à l&rsquo;art du crochet.</p>

<p>Trois créateurs apportent leur artisanat à la foire du prieuré de Clare : Les figurines en argile de Heather, les quilts de John et le crochet de Toni, dans l&rsquo;espoir de transformer leur passe-temps en carrière.</p>

<!-- This site is optimized with the Yoast SEO plugin v24.0 - https://yoast.com/wordpress/plugins/seo/ -->
<title>Le prieuré de Clare - MyZen TV</title>
<meta name="robots" content="index, follow, max-snippet:-1, max-image-preview:large, max-video-preview:-1" />
<link rel="canonical" href="https://www.myzen.tv/fr/program/episode/14059-le-prieure-de-clare-s-e01/" />
<meta property="og:locale" content="fr_FR" />
<meta property="og:type" content="article" />
<meta property="og:title" content="Le prieuré de Clare - MyZen TV" />
<meta property="og:description" content="Trois créateurs apportent leur artisanat à la foire du prieuré de Clare : Les figurines en argile de Heather, les quilts de John et le crochet de Toni, dans l&#039;espoir de transformer leur passe-temps en carrière." />
<meta property="og:url" content="https://www.myzen.tv/fr/program/episode/14059-le-prieure-de-clare-s-e01" />
<meta property="og:site_name" content="MyZen TV" />
<meta property="article:publisher" content="https://www.facebook.com/myzen.tv.fr/" />
<meta property="article:modified_time" content="2026-04-28T10:13:10+00:00" />
<meta property="og:image" content="https://www.myzen.tv/wp-content/uploads/2025/03/the-wonderful-world-of-crafting-season-1-clare-priory67d48a3aa0e07.jpg" />
	<meta property="og:image:width" content="1920" />
	<meta property="og:image:height" content="1080" />
	<meta property="og:image:type" content="image/jpeg" />
<meta name="twitter:card" content="summary_large_image" />
<!-- / Yoast SEO plugin. -->

Le prieuré de Clare - MyZen TV

Trois créateurs apportent leur artisanat à la foire du prieuré de Clare : Les figurines en argile de Heather, les quilts de John et le crochet de Toni, dans l'espoir de transformer leur passe-temps en carrière.
