{"id":1709470,"date":"2025-02-27T20:28:39","date_gmt":"2025-02-27T20:28:39","guid":{"rendered":"https:\/\/www.myzen.tv\/program\/\/14060-la-foire-de-lartisanat-vintage-s-e02"},"modified":"2026-04-28T10:13:12","modified_gmt":"2026-04-28T10:13:12","slug":"14060-la-foire-de-lartisanat-vintage-s-e02","status":"publish","type":"program","link":"https:\/\/www.myzen.tv\/fr\/program\/episode\/14060-la-foire-de-lartisanat-vintage-s-e02","title":{"rendered":"La foire de l&rsquo;artisanat vintage"},"content":{"rendered":"<p>Quatre artisans passionn\u00e9s pr\u00e9sentent leurs talents \u00e0 la Crafty Vintage Fair au ch\u00e2teau de Lowther \u00e0 Penrith, dans le comt\u00e9 de Cumbria.Des cr\u00e9ations complexes en feutre \u00e0 l&rsquo;aiguille aux sculptures en plastique imaginatives, en passant par les meubles en bois magnifiquement travaill\u00e9s, chaque artisan s&rsquo;efforce de transformer sa passion en succ\u00e8s. Cet \u00e9pisode retrace leur parcours cr\u00e9atif, les d\u00e9fis qu&rsquo;ils doivent relever et l&rsquo;\u00e9motion de pr\u00e9senter leur travail lors d&rsquo;une foire prestigieuse. Leurs cr\u00e9ations sauront-elles conqu\u00e9rir le c\u0153ur des visiteurs et leur offriront-elles des opportunit\u00e9s qui changeront leur vie ?<\/p>\n","protected":false},"excerpt":{"rendered":"<p>Quatre artisans pr\u00e9sentent du feutre, des sculptures en plastique et des meubles en bois \u00e0 l&rsquo;occasion de la foire \u00ab Crafty Vintage Fair \u00bb du ch\u00e2teau de Lowther, dans le but de transformer leur passion en succ\u00e8s.<\/p>\n","protected":false},"featured_media":1710799,"parent":0,"menu_order":0,"template":"","format":"standard","meta":{"episode_type":"","audio_file":"","cover_image":"","cover_image_id":"","duration":"00:45:00","filesize":"","date_recorded":"","explicit":"","block":"","itunes_episode_number":"","itunes_title":"","itunes_season_number":"","itunes_episode_type":"","filesize_raw":""},"program_type":[32],"group":[270],"d_category":[1174],"genre":[1372],"class_list":["post-1709470","program","type-program","status-publish","format-standard","has-post-thumbnail","hentry","program_type-episode","group-life-changes","d_category-life-changes","genre-do-it-yourself"],"yoast_head":"<!-- This site is optimized with the Yoast SEO plugin v24.0 - https:\/\/yoast.com\/wordpress\/plugins\/seo\/ -->\n<title>La foire de l&#039;artisanat vintage - MyZen TV<\/title>\n<meta name=\"robots\" content=\"index, follow, max-snippet:-1, max-image-preview:large, max-video-preview:-1\" \/>\n<link rel=\"canonical\" href=\"https:\/\/www.myzen.tv\/fr\/program\/episode\/14060-la-foire-de-lartisanat-vintage-s-e02\/\" \/>\n<meta property=\"og:locale\" content=\"fr_FR\" \/>\n<meta property=\"og:type\" content=\"article\" \/>\n<meta property=\"og:title\" content=\"La foire de l&#039;artisanat vintage - MyZen TV\" \/>\n<meta property=\"og:description\" content=\"Quatre artisans pr\u00e9sentent du feutre, des sculptures en plastique et des meubles en bois \u00e0 l&#039;occasion de la foire \u00ab Crafty Vintage Fair \u00bb du ch\u00e2teau de Lowther, dans le but de transformer leur passion en succ\u00e8s.\" \/>\n<meta property=\"og:url\" content=\"https:\/\/www.myzen.tv\/fr\/program\/episode\/14060-la-foire-de-lartisanat-vintage-s-e02\" \/>\n<meta property=\"og:site_name\" content=\"MyZen TV\" \/>\n<meta property=\"article:publisher\" content=\"https:\/\/www.facebook.com\/myzen.tv.fr\/\" \/>\n<meta property=\"article:modified_time\" content=\"2026-04-28T10:13:12+00:00\" \/>\n<meta property=\"og:image\" content=\"https:\/\/www.myzen.tv\/wp-content\/uploads\/2025\/02\/the-wonderful-world-of-crafting-season-1-crafty-vintage67c0caf4b45bd.jpg\" \/>\n\t<meta property=\"og:image:width\" content=\"1920\" \/>\n\t<meta property=\"og:image:height\" content=\"1080\" \/>\n\t<meta property=\"og:image:type\" content=\"image\/jpeg\" \/>\n<meta name=\"twitter:card\" content=\"summary_large_image\" \/>\n<meta name=\"twitter:label1\" content=\"Dur\u00e9e de lecture estim\u00e9e\" \/>\n\t<meta name=\"twitter:data1\" content=\"1 minute\" \/>\n<!-- \/ Yoast SEO plugin. -->","yoast_head_json":{"title":"La foire de l'artisanat vintage - MyZen TV","robots":{"index":"index","follow":"follow","max-snippet":"max-snippet:-1","max-image-preview":"max-image-preview:large","max-video-preview":"max-video-preview:-1"},"canonical":"https:\/\/www.myzen.tv\/fr\/program\/episode\/14060-la-foire-de-lartisanat-vintage-s-e02\/","og_locale":"fr_FR","og_type":"article","og_title":"La foire de l'artisanat vintage - MyZen TV","og_description":"Quatre artisans pr\u00e9sentent du feutre, des sculptures en plastique et des meubles en bois \u00e0 l'occasion de la foire \u00ab Crafty Vintage Fair \u00bb du ch\u00e2teau de Lowther, dans le but de transformer leur passion en succ\u00e8s.","og_url":"https:\/\/www.myzen.tv\/fr\/program\/episode\/14060-la-foire-de-lartisanat-vintage-s-e02","og_site_name":"MyZen TV","article_publisher":"https:\/\/www.facebook.com\/myzen.tv.fr\/","article_modified_time":"2026-04-28T10:13:12+00:00","og_image":[{"width":1920,"height":1080,"url":"https:\/\/www.myzen.tv\/wp-content\/uploads\/2025\/02\/the-wonderful-world-of-crafting-season-1-crafty-vintage67c0caf4b45bd.jpg","type":"image\/jpeg"}],"twitter_card":"summary_large_image","twitter_misc":{"Dur\u00e9e de lecture estim\u00e9e":"1 minute"},"schema":{"@context":"https:\/\/schema.org","@graph":[{"@type":"WebPage","@id":"https:\/\/www.myzen.tv\/fr\/program\/episode\/14060-la-foire-de-lartisanat-vintage-s-e02","url":"https:\/\/www.myzen.tv\/fr\/program\/episode\/14060-la-foire-de-lartisanat-vintage-s-e02","name":"La foire de l'artisanat vintage - MyZen TV","isPartOf":{"@id":"https:\/\/www.myzen.tv\/fr\/#website"},"primaryImageOfPage":{"@id":"https:\/\/www.myzen.tv\/fr\/program\/episode\/14060-la-foire-de-lartisanat-vintage-s-e02#primaryimage"},"image":{"@id":"https:\/\/www.myzen.tv\/fr\/program\/episode\/14060-la-foire-de-lartisanat-vintage-s-e02#primaryimage"},"thumbnailUrl":"https:\/\/www.myzen.tv\/wp-content\/uploads\/2025\/02\/the-wonderful-world-of-crafting-season-1-crafty-vintage67c0caf4b45bd.jpg","datePublished":"2025-02-27T20:28:39+00:00","dateModified":"2026-04-28T10:13:12+00:00","breadcrumb":{"@id":"https:\/\/www.myzen.tv\/fr\/program\/episode\/14060-la-foire-de-lartisanat-vintage-s-e02#breadcrumb"},"inLanguage":"fr-FR","potentialAction":[{"@type":"ReadAction","target":["https:\/\/www.myzen.tv\/fr\/program\/episode\/14060-la-foire-de-lartisanat-vintage-s-e02"]}]},{"@type":"ImageObject","inLanguage":"fr-FR","@id":"https:\/\/www.myzen.tv\/fr\/program\/episode\/14060-la-foire-de-lartisanat-vintage-s-e02#primaryimage","url":"https:\/\/www.myzen.tv\/wp-content\/uploads\/2025\/02\/the-wonderful-world-of-crafting-season-1-crafty-vintage67c0caf4b45bd.jpg","contentUrl":"https:\/\/www.myzen.tv\/wp-content\/uploads\/2025\/02\/the-wonderful-world-of-crafting-season-1-crafty-vintage67c0caf4b45bd.jpg","width":1920,"height":1080,"caption":"Four crafters showcase needle-felt, plastic sculptures, and wooden furniture at Lowther Castle's Crafty Vintage Fair, aiming to turn passion into success."},{"@type":"BreadcrumbList","@id":"https:\/\/www.myzen.tv\/fr\/program\/episode\/14060-la-foire-de-lartisanat-vintage-s-e02#breadcrumb","itemListElement":[{"@type":"ListItem","position":1,"name":"Home","item":"https:\/\/www.myzen.tv\/fr\/"},{"@type":"ListItem","position":2,"name":"Programs","item":"https:\/\/www.myzen.tv\/fr\/programs\/"},{"@type":"ListItem","position":3,"name":"La foire de l&#8217;artisanat vintage"}]},{"@type":"WebSite","@id":"https:\/\/www.myzen.tv\/fr\/#website","url":"https:\/\/www.myzen.tv\/fr\/","name":"MyZen TV","description":"Your lifestyle and well-being channel","publisher":{"@id":"https:\/\/www.myzen.tv\/fr\/#organization"},"potentialAction":[{"@type":"SearchAction","target":{"@type":"EntryPoint","urlTemplate":"https:\/\/www.myzen.tv\/fr\/?s={search_term_string}"},"query-input":{"@type":"PropertyValueSpecification","valueRequired":true,"valueName":"search_term_string"}}],"inLanguage":"fr-FR"},{"@type":"Organization","@id":"https:\/\/www.myzen.tv\/fr\/#organization","name":"MyZen TV","url":"https:\/\/www.myzen.tv\/fr\/","logo":{"@type":"ImageObject","inLanguage":"fr-FR","@id":"https:\/\/www.myzen.tv\/fr\/#\/schema\/logo\/image\/","url":"https:\/\/www.myzen.tv\/wp-content\/uploads\/2021\/05\/cropped-ICON_MZtv-LOGO_firetv640-1-1.png","contentUrl":"https:\/\/www.myzen.tv\/wp-content\/uploads\/2021\/05\/cropped-ICON_MZtv-LOGO_firetv640-1-1.png","width":512,"height":512,"caption":"MyZen TV"},"image":{"@id":"https:\/\/www.myzen.tv\/fr\/#\/schema\/logo\/image\/"},"sameAs":["https:\/\/www.facebook.com\/myzen.tv.fr\/","https:\/\/www.instagram.com\/myzentv\/"]}]}},"status_options":[{"label":"Inactive","value":"inactive"}],"_links":{"self":[{"href":"https:\/\/www.myzen.tv\/fr\/wp-json\/wp\/v2\/programs\/1709470","targetHints":{"allow":["GET"]}}],"collection":[{"href":"https:\/\/www.myzen.tv\/fr\/wp-json\/wp\/v2\/programs"}],"about":[{"href":"https:\/\/www.myzen.tv\/fr\/wp-json\/wp\/v2\/types\/program"}],"wp:featuredmedia":[{"embeddable":true,"href":"https:\/\/www.myzen.tv\/fr\/wp-json\/wp\/v2\/media\/1710799"}],"wp:attachment":[{"href":"https:\/\/www.myzen.tv\/fr\/wp-json\/wp\/v2\/media?parent=1709470"}],"wp:term":[{"taxonomy":"program_type","embeddable":true,"href":"https:\/\/www.myzen.tv\/fr\/wp-json\/wp\/v2\/program_type?post=1709470"},{"taxonomy":"group","embeddable":true,"href":"https:\/\/www.myzen.tv\/fr\/wp-json\/wp\/v2\/group?post=1709470"},{"taxonomy":"d_category","embeddable":true,"href":"https:\/\/www.myzen.tv\/fr\/wp-json\/wp\/v2\/d_category?post=1709470"},{"taxonomy":"genre","embeddable":true,"href":"https:\/\/www.myzen.tv\/fr\/wp-json\/wp\/v2\/genre?post=1709470"}],"curies":[{"name":"wp","href":"https:\/\/api.w.org\/{rel}","templated":true}]}}

<p>Quatre artisans passionnés présentent leurs talents à la Crafty Vintage Fair au château de Lowther à Penrith, dans le comté de Cumbria.Des créations complexes en feutre à l&rsquo;aiguille aux sculptures en plastique imaginatives, en passant par les meubles en bois magnifiquement travaillés, chaque artisan s&rsquo;efforce de transformer sa passion en succès. Cet épisode retrace leur parcours créatif, les défis qu&rsquo;ils doivent relever et l&rsquo;émotion de présenter leur travail lors d&rsquo;une foire prestigieuse. Leurs créations sauront-elles conquérir le cœur des visiteurs et leur offriront-elles des opportunités qui changeront leur vie ?</p>

<p>Quatre artisans présentent du feutre, des sculptures en plastique et des meubles en bois à l&rsquo;occasion de la foire « Crafty Vintage Fair » du château de Lowther, dans le but de transformer leur passion en succès.</p>

<!-- This site is optimized with the Yoast SEO plugin v24.0 - https://yoast.com/wordpress/plugins/seo/ -->
<title>La foire de l&#039;artisanat vintage - MyZen TV</title>
<meta name="robots" content="index, follow, max-snippet:-1, max-image-preview:large, max-video-preview:-1" />
<link rel="canonical" href="https://www.myzen.tv/fr/program/episode/14060-la-foire-de-lartisanat-vintage-s-e02/" />
<meta property="og:locale" content="fr_FR" />
<meta property="og:type" content="article" />
<meta property="og:title" content="La foire de l&#039;artisanat vintage - MyZen TV" />
<meta property="og:description" content="Quatre artisans présentent du feutre, des sculptures en plastique et des meubles en bois à l&#039;occasion de la foire « Crafty Vintage Fair » du château de Lowther, dans le but de transformer leur passion en succès." />
<meta property="og:url" content="https://www.myzen.tv/fr/program/episode/14060-la-foire-de-lartisanat-vintage-s-e02" />
<meta property="og:site_name" content="MyZen TV" />
<meta property="article:publisher" content="https://www.facebook.com/myzen.tv.fr/" />
<meta property="article:modified_time" content="2026-04-28T10:13:12+00:00" />
<meta property="og:image" content="https://www.myzen.tv/wp-content/uploads/2025/02/the-wonderful-world-of-crafting-season-1-crafty-vintage67c0caf4b45bd.jpg" />
	<meta property="og:image:width" content="1920" />
	<meta property="og:image:height" content="1080" />
	<meta property="og:image:type" content="image/jpeg" />
<meta name="twitter:card" content="summary_large_image" />
<meta name="twitter:label1" content="Durée de lecture estimée" />
	<meta name="twitter:data1" content="1 minute" />
<!-- / Yoast SEO plugin. -->

Quatre artisans présentent du feutre, des sculptures en plastique et des meubles en bois à l'occasion de la foire « Crafty Vintage Fair » du château de Lowther, dans le but de transformer leur passion en succès.
