{"id":1735742,"date":"2025-07-05T16:53:54","date_gmt":"2025-07-05T16:53:54","guid":{"rendered":"https:\/\/www.myzen.tv\/?post_type=program&#038;p=1735742"},"modified":"2026-04-28T10:26:26","modified_gmt":"2026-04-28T10:26:26","slug":"14359-relacher-et-restaurer-une-sequence-pour-votre-colonne-vertebrale-s-e04","status":"publish","type":"program","link":"https:\/\/www.myzen.tv\/fr\/program\/episode\/14359-relacher-et-restaurer-une-sequence-pour-votre-colonne-vertebrale-s-e04","title":{"rendered":"Rel\u00e2cher et restaurer : Une s\u00e9quence pour votre colonne vert\u00e9brale"},"content":{"rendered":"<p>\u00ab Rel\u00e2cher et restaurer \u00bb est une s\u00e9quence qui vous fait faire un tour complet \u00e0 travers des postures ouvrant un espace de r\u00e9flexion. Vous rel\u00e2cherez les tensions dans votre colonne vert\u00e9brale tout en prenant conscience des changements que peuvent provoquer les plus petites actions. Quel changement choisirez-vous aujourd\u2019hui ?<\/p>\n","protected":false},"excerpt":{"rendered":"<p>\u00ab\u00a0Rel\u00e2cher et restaurer\u00a0\u00bb est une s\u00e9quence qui vous fait faire un tour complet \u00e0 travers des postures ouvrant un espace de r\u00e9flexion.<\/p>\n","protected":false},"featured_media":1736181,"parent":0,"menu_order":0,"template":"","format":"standard","meta":{"episode_type":"","audio_file":"","cover_image":"","cover_image_id":"","duration":"00:24:00","filesize":"","date_recorded":"","explicit":"","block":"","itunes_episode_number":"","itunes_title":"","itunes_season_number":"","itunes_episode_type":"","filesize_raw":""},"program_type":[32],"group":[268,315],"d_category":[1177],"genre":[1378],"class_list":["post-1735742","program","type-program","status-publish","format-standard","has-post-thumbnail","hentry","program_type-episode","group-fitness-yoga","group-remise-en-forme","d_category-body-and-soul","genre-magazine"],"yoast_head":"<!-- This site is optimized with the Yoast SEO plugin v24.0 - https:\/\/yoast.com\/wordpress\/plugins\/seo\/ -->\n<title>Rel\u00e2cher et restaurer : Une s\u00e9quence pour votre colonne vert\u00e9brale - MyZen TV<\/title>\n<meta name=\"robots\" content=\"index, follow, max-snippet:-1, max-image-preview:large, max-video-preview:-1\" \/>\n<link rel=\"canonical\" href=\"https:\/\/www.myzen.tv\/fr\/program\/episode\/14359-relacher-et-restaurer-une-sequence-pour-votre-colonne-vertebrale-s-e04\/\" \/>\n<meta property=\"og:locale\" content=\"fr_FR\" \/>\n<meta property=\"og:type\" content=\"article\" \/>\n<meta property=\"og:title\" content=\"Rel\u00e2cher et restaurer : Une s\u00e9quence pour votre colonne vert\u00e9brale - MyZen TV\" \/>\n<meta property=\"og:description\" content=\"&quot;Rel\u00e2cher et restaurer&quot; est une s\u00e9quence qui vous fait faire un tour complet \u00e0 travers des postures ouvrant un espace de r\u00e9flexion.\" \/>\n<meta property=\"og:url\" content=\"https:\/\/www.myzen.tv\/fr\/program\/episode\/14359-relacher-et-restaurer-une-sequence-pour-votre-colonne-vertebrale-s-e04\" \/>\n<meta property=\"og:site_name\" content=\"MyZen TV\" \/>\n<meta property=\"article:publisher\" content=\"https:\/\/www.facebook.com\/myzen.tv.fr\/\" \/>\n<meta property=\"article:modified_time\" content=\"2026-04-28T10:26:26+00:00\" \/>\n<meta property=\"og:image\" content=\"https:\/\/www.myzen.tv\/wp-content\/uploads\/2025\/07\/namaste-yoga-saison-3-relacher-et-restaurer-une-sequence-pour-votre-colonne-vertebrale686958a3011a2.jpg\" \/>\n\t<meta property=\"og:image:width\" content=\"1920\" \/>\n\t<meta property=\"og:image:height\" content=\"1080\" \/>\n\t<meta property=\"og:image:type\" content=\"image\/jpeg\" \/>\n<meta name=\"twitter:card\" content=\"summary_large_image\" \/>\n<!-- \/ Yoast SEO plugin. -->","yoast_head_json":{"title":"Rel\u00e2cher et restaurer : Une s\u00e9quence pour votre colonne vert\u00e9brale - MyZen TV","robots":{"index":"index","follow":"follow","max-snippet":"max-snippet:-1","max-image-preview":"max-image-preview:large","max-video-preview":"max-video-preview:-1"},"canonical":"https:\/\/www.myzen.tv\/fr\/program\/episode\/14359-relacher-et-restaurer-une-sequence-pour-votre-colonne-vertebrale-s-e04\/","og_locale":"fr_FR","og_type":"article","og_title":"Rel\u00e2cher et restaurer : Une s\u00e9quence pour votre colonne vert\u00e9brale - MyZen TV","og_description":"\"Rel\u00e2cher et restaurer\" est une s\u00e9quence qui vous fait faire un tour complet \u00e0 travers des postures ouvrant un espace de r\u00e9flexion.","og_url":"https:\/\/www.myzen.tv\/fr\/program\/episode\/14359-relacher-et-restaurer-une-sequence-pour-votre-colonne-vertebrale-s-e04","og_site_name":"MyZen TV","article_publisher":"https:\/\/www.facebook.com\/myzen.tv.fr\/","article_modified_time":"2026-04-28T10:26:26+00:00","og_image":[{"width":1920,"height":1080,"url":"https:\/\/www.myzen.tv\/wp-content\/uploads\/2025\/07\/namaste-yoga-saison-3-relacher-et-restaurer-une-sequence-pour-votre-colonne-vertebrale686958a3011a2.jpg","type":"image\/jpeg"}],"twitter_card":"summary_large_image","schema":{"@context":"https:\/\/schema.org","@graph":[{"@type":"WebPage","@id":"https:\/\/www.myzen.tv\/fr\/program\/episode\/14359-relacher-et-restaurer-une-sequence-pour-votre-colonne-vertebrale-s-e04","url":"https:\/\/www.myzen.tv\/fr\/program\/episode\/14359-relacher-et-restaurer-une-sequence-pour-votre-colonne-vertebrale-s-e04","name":"Rel\u00e2cher et restaurer : Une s\u00e9quence pour votre colonne vert\u00e9brale - MyZen TV","isPartOf":{"@id":"https:\/\/www.myzen.tv\/fr\/#website"},"primaryImageOfPage":{"@id":"https:\/\/www.myzen.tv\/fr\/program\/episode\/14359-relacher-et-restaurer-une-sequence-pour-votre-colonne-vertebrale-s-e04#primaryimage"},"image":{"@id":"https:\/\/www.myzen.tv\/fr\/program\/episode\/14359-relacher-et-restaurer-une-sequence-pour-votre-colonne-vertebrale-s-e04#primaryimage"},"thumbnailUrl":"https:\/\/www.myzen.tv\/wp-content\/uploads\/2025\/07\/namaste-yoga-saison-3-relacher-et-restaurer-une-sequence-pour-votre-colonne-vertebrale686958a3011a2.jpg","datePublished":"2025-07-05T16:53:54+00:00","dateModified":"2026-04-28T10:26:26+00:00","breadcrumb":{"@id":"https:\/\/www.myzen.tv\/fr\/program\/episode\/14359-relacher-et-restaurer-une-sequence-pour-votre-colonne-vertebrale-s-e04#breadcrumb"},"inLanguage":"fr-FR","potentialAction":[{"@type":"ReadAction","target":["https:\/\/www.myzen.tv\/fr\/program\/episode\/14359-relacher-et-restaurer-une-sequence-pour-votre-colonne-vertebrale-s-e04"]}]},{"@type":"ImageObject","inLanguage":"fr-FR","@id":"https:\/\/www.myzen.tv\/fr\/program\/episode\/14359-relacher-et-restaurer-une-sequence-pour-votre-colonne-vertebrale-s-e04#primaryimage","url":"https:\/\/www.myzen.tv\/wp-content\/uploads\/2025\/07\/namaste-yoga-saison-3-relacher-et-restaurer-une-sequence-pour-votre-colonne-vertebrale686958a3011a2.jpg","contentUrl":"https:\/\/www.myzen.tv\/wp-content\/uploads\/2025\/07\/namaste-yoga-saison-3-relacher-et-restaurer-une-sequence-pour-votre-colonne-vertebrale686958a3011a2.jpg","width":1920,"height":1080,"caption":"\"Rel\u00e2cher et restaurer\" est une s\u00e9quence qui vous fait faire un tour complet \u00e0 travers des postures ouvrant un espace de r\u00e9flexion."},{"@type":"BreadcrumbList","@id":"https:\/\/www.myzen.tv\/fr\/program\/episode\/14359-relacher-et-restaurer-une-sequence-pour-votre-colonne-vertebrale-s-e04#breadcrumb","itemListElement":[{"@type":"ListItem","position":1,"name":"Home","item":"https:\/\/www.myzen.tv\/fr\/"},{"@type":"ListItem","position":2,"name":"Programs","item":"https:\/\/www.myzen.tv\/fr\/programs\/"},{"@type":"ListItem","position":3,"name":"Rel\u00e2cher et restaurer : Une s\u00e9quence pour votre colonne vert\u00e9brale"}]},{"@type":"WebSite","@id":"https:\/\/www.myzen.tv\/fr\/#website","url":"https:\/\/www.myzen.tv\/fr\/","name":"MyZen TV","description":"Your lifestyle and well-being channel","publisher":{"@id":"https:\/\/www.myzen.tv\/fr\/#organization"},"potentialAction":[{"@type":"SearchAction","target":{"@type":"EntryPoint","urlTemplate":"https:\/\/www.myzen.tv\/fr\/?s={search_term_string}"},"query-input":{"@type":"PropertyValueSpecification","valueRequired":true,"valueName":"search_term_string"}}],"inLanguage":"fr-FR"},{"@type":"Organization","@id":"https:\/\/www.myzen.tv\/fr\/#organization","name":"MyZen TV","url":"https:\/\/www.myzen.tv\/fr\/","logo":{"@type":"ImageObject","inLanguage":"fr-FR","@id":"https:\/\/www.myzen.tv\/fr\/#\/schema\/logo\/image\/","url":"https:\/\/www.myzen.tv\/wp-content\/uploads\/2021\/05\/cropped-ICON_MZtv-LOGO_firetv640-1-1.png","contentUrl":"https:\/\/www.myzen.tv\/wp-content\/uploads\/2021\/05\/cropped-ICON_MZtv-LOGO_firetv640-1-1.png","width":512,"height":512,"caption":"MyZen TV"},"image":{"@id":"https:\/\/www.myzen.tv\/fr\/#\/schema\/logo\/image\/"},"sameAs":["https:\/\/www.facebook.com\/myzen.tv.fr\/","https:\/\/www.instagram.com\/myzentv\/"]}]}},"status_options":[{"label":"Inactive","value":"inactive"}],"_links":{"self":[{"href":"https:\/\/www.myzen.tv\/fr\/wp-json\/wp\/v2\/programs\/1735742","targetHints":{"allow":["GET"]}}],"collection":[{"href":"https:\/\/www.myzen.tv\/fr\/wp-json\/wp\/v2\/programs"}],"about":[{"href":"https:\/\/www.myzen.tv\/fr\/wp-json\/wp\/v2\/types\/program"}],"wp:featuredmedia":[{"embeddable":true,"href":"https:\/\/www.myzen.tv\/fr\/wp-json\/wp\/v2\/media\/1736181"}],"wp:attachment":[{"href":"https:\/\/www.myzen.tv\/fr\/wp-json\/wp\/v2\/media?parent=1735742"}],"wp:term":[{"taxonomy":"program_type","embeddable":true,"href":"https:\/\/www.myzen.tv\/fr\/wp-json\/wp\/v2\/program_type?post=1735742"},{"taxonomy":"group","embeddable":true,"href":"https:\/\/www.myzen.tv\/fr\/wp-json\/wp\/v2\/group?post=1735742"},{"taxonomy":"d_category","embeddable":true,"href":"https:\/\/www.myzen.tv\/fr\/wp-json\/wp\/v2\/d_category?post=1735742"},{"taxonomy":"genre","embeddable":true,"href":"https:\/\/www.myzen.tv\/fr\/wp-json\/wp\/v2\/genre?post=1735742"}],"curies":[{"name":"wp","href":"https:\/\/api.w.org\/{rel}","templated":true}]}}

Relâcher et restaurer : Une séquence pour votre colonne vertébrale

<p>« Relâcher et restaurer » est une séquence qui vous fait faire un tour complet à travers des postures ouvrant un espace de réflexion. Vous relâcherez les tensions dans votre colonne vertébrale tout en prenant conscience des changements que peuvent provoquer les plus petites actions. Quel changement choisirez-vous aujourd’hui ?</p>

<p>« Relâcher et restaurer » est une séquence qui vous fait faire un tour complet à travers des postures ouvrant un espace de réflexion.</p>

<!-- This site is optimized with the Yoast SEO plugin v24.0 - https://yoast.com/wordpress/plugins/seo/ -->
<title>Relâcher et restaurer : Une séquence pour votre colonne vertébrale - MyZen TV</title>
<meta name="robots" content="index, follow, max-snippet:-1, max-image-preview:large, max-video-preview:-1" />
<link rel="canonical" href="https://www.myzen.tv/fr/program/episode/14359-relacher-et-restaurer-une-sequence-pour-votre-colonne-vertebrale-s-e04/" />
<meta property="og:locale" content="fr_FR" />
<meta property="og:type" content="article" />
<meta property="og:title" content="Relâcher et restaurer : Une séquence pour votre colonne vertébrale - MyZen TV" />
<meta property="og:description" content="&quot;Relâcher et restaurer&quot; est une séquence qui vous fait faire un tour complet à travers des postures ouvrant un espace de réflexion." />
<meta property="og:url" content="https://www.myzen.tv/fr/program/episode/14359-relacher-et-restaurer-une-sequence-pour-votre-colonne-vertebrale-s-e04" />
<meta property="og:site_name" content="MyZen TV" />
<meta property="article:publisher" content="https://www.facebook.com/myzen.tv.fr/" />
<meta property="article:modified_time" content="2026-04-28T10:26:26+00:00" />
<meta property="og:image" content="https://www.myzen.tv/wp-content/uploads/2025/07/namaste-yoga-saison-3-relacher-et-restaurer-une-sequence-pour-votre-colonne-vertebrale686958a3011a2.jpg" />
	<meta property="og:image:width" content="1920" />
	<meta property="og:image:height" content="1080" />
	<meta property="og:image:type" content="image/jpeg" />
<meta name="twitter:card" content="summary_large_image" />
<!-- / Yoast SEO plugin. -->

Relâcher et restaurer : Une séquence pour votre colonne vertébrale - MyZen TV

"Relâcher et restaurer" est une séquence qui vous fait faire un tour complet à travers des postures ouvrant un espace de réflexion.
