{"id":1735748,"date":"2025-07-05T16:54:01","date_gmt":"2025-07-05T16:54:01","guid":{"rendered":"https:\/\/www.myzen.tv\/?post_type=program&#038;p=1735748"},"modified":"2026-04-28T10:26:34","modified_gmt":"2026-04-28T10:26:34","slug":"14362-sagesse-du-guerrier-sequence-douverture-des-hanches-s-e01","status":"publish","type":"program","link":"https:\/\/www.myzen.tv\/fr\/program\/episode\/14362-sagesse-du-guerrier-sequence-douverture-des-hanches-s-e01","title":{"rendered":"Sagesse du guerrier : S\u00e9quence d&rsquo;ouverture des hanches"},"content":{"rendered":"<p>Avec une attention intense port\u00e9e sur la respiration, \u00ab Sagesse du guerrier \u00bb cr\u00e9e un moment de pleine pr\u00e9sence, attentif, conscient et complet. Bouger lentement au rythme du souffle permet une connexion plus profonde entre le corps et l\u2019esprit, vous laissant avec un sentiment accru de confiance et de force.<\/p>\n","protected":false},"excerpt":{"rendered":"<p>Avec une attention intense port\u00e9e sur la respiration, \u00ab\u00a0Sagesse du guerrier\u00a0\u00bb cr\u00e9e un moment de pleine pr\u00e9sence, attentif, conscient et complet.<\/p>\n","protected":false},"featured_media":1736187,"parent":0,"menu_order":0,"template":"","format":"standard","meta":{"episode_type":"","audio_file":"","cover_image":"","cover_image_id":"","duration":"00:24:00","filesize":"","date_recorded":"","explicit":"","block":"","itunes_episode_number":"","itunes_title":"","itunes_season_number":"","itunes_episode_type":"","filesize_raw":""},"program_type":[32],"group":[268,315],"d_category":[1177],"genre":[1378],"class_list":["post-1735748","program","type-program","status-publish","format-standard","has-post-thumbnail","hentry","program_type-episode","group-fitness-yoga","group-remise-en-forme","d_category-body-and-soul","genre-magazine"],"yoast_head":"<!-- This site is optimized with the Yoast SEO plugin v24.0 - https:\/\/yoast.com\/wordpress\/plugins\/seo\/ -->\n<title>Sagesse du guerrier : S\u00e9quence d&#039;ouverture des hanches - MyZen TV<\/title>\n<meta name=\"robots\" content=\"index, follow, max-snippet:-1, max-image-preview:large, max-video-preview:-1\" \/>\n<link rel=\"canonical\" href=\"https:\/\/www.myzen.tv\/fr\/program\/episode\/14362-sagesse-du-guerrier-sequence-douverture-des-hanches-s-e01\/\" \/>\n<meta property=\"og:locale\" content=\"fr_FR\" \/>\n<meta property=\"og:type\" content=\"article\" \/>\n<meta property=\"og:title\" content=\"Sagesse du guerrier : S\u00e9quence d&#039;ouverture des hanches - MyZen TV\" \/>\n<meta property=\"og:description\" content=\"Avec une attention intense port\u00e9e sur la respiration, &quot;Sagesse du guerrier&quot; cr\u00e9e un moment de pleine pr\u00e9sence, attentif, conscient et complet.\" \/>\n<meta property=\"og:url\" content=\"https:\/\/www.myzen.tv\/fr\/program\/episode\/14362-sagesse-du-guerrier-sequence-douverture-des-hanches-s-e01\" \/>\n<meta property=\"og:site_name\" content=\"MyZen TV\" \/>\n<meta property=\"article:publisher\" content=\"https:\/\/www.facebook.com\/myzen.tv.fr\/\" \/>\n<meta property=\"article:modified_time\" content=\"2026-04-28T10:26:34+00:00\" \/>\n<meta property=\"og:image\" content=\"https:\/\/www.myzen.tv\/wp-content\/uploads\/2025\/07\/namaste-yoga-saison-3-sagesse-du-guerrier-sequence-douverture-des-hanches686958a93f655.jpg\" \/>\n\t<meta property=\"og:image:width\" content=\"1920\" \/>\n\t<meta property=\"og:image:height\" content=\"1080\" \/>\n\t<meta property=\"og:image:type\" content=\"image\/jpeg\" \/>\n<meta name=\"twitter:card\" content=\"summary_large_image\" \/>\n<!-- \/ Yoast SEO plugin. -->","yoast_head_json":{"title":"Sagesse du guerrier : S\u00e9quence d'ouverture des hanches - MyZen TV","robots":{"index":"index","follow":"follow","max-snippet":"max-snippet:-1","max-image-preview":"max-image-preview:large","max-video-preview":"max-video-preview:-1"},"canonical":"https:\/\/www.myzen.tv\/fr\/program\/episode\/14362-sagesse-du-guerrier-sequence-douverture-des-hanches-s-e01\/","og_locale":"fr_FR","og_type":"article","og_title":"Sagesse du guerrier : S\u00e9quence d'ouverture des hanches - MyZen TV","og_description":"Avec une attention intense port\u00e9e sur la respiration, \"Sagesse du guerrier\" cr\u00e9e un moment de pleine pr\u00e9sence, attentif, conscient et complet.","og_url":"https:\/\/www.myzen.tv\/fr\/program\/episode\/14362-sagesse-du-guerrier-sequence-douverture-des-hanches-s-e01","og_site_name":"MyZen TV","article_publisher":"https:\/\/www.facebook.com\/myzen.tv.fr\/","article_modified_time":"2026-04-28T10:26:34+00:00","og_image":[{"width":1920,"height":1080,"url":"https:\/\/www.myzen.tv\/wp-content\/uploads\/2025\/07\/namaste-yoga-saison-3-sagesse-du-guerrier-sequence-douverture-des-hanches686958a93f655.jpg","type":"image\/jpeg"}],"twitter_card":"summary_large_image","schema":{"@context":"https:\/\/schema.org","@graph":[{"@type":"WebPage","@id":"https:\/\/www.myzen.tv\/fr\/program\/episode\/14362-sagesse-du-guerrier-sequence-douverture-des-hanches-s-e01","url":"https:\/\/www.myzen.tv\/fr\/program\/episode\/14362-sagesse-du-guerrier-sequence-douverture-des-hanches-s-e01","name":"Sagesse du guerrier : S\u00e9quence d'ouverture des hanches - MyZen TV","isPartOf":{"@id":"https:\/\/www.myzen.tv\/fr\/#website"},"primaryImageOfPage":{"@id":"https:\/\/www.myzen.tv\/fr\/program\/episode\/14362-sagesse-du-guerrier-sequence-douverture-des-hanches-s-e01#primaryimage"},"image":{"@id":"https:\/\/www.myzen.tv\/fr\/program\/episode\/14362-sagesse-du-guerrier-sequence-douverture-des-hanches-s-e01#primaryimage"},"thumbnailUrl":"https:\/\/www.myzen.tv\/wp-content\/uploads\/2025\/07\/namaste-yoga-saison-3-sagesse-du-guerrier-sequence-douverture-des-hanches686958a93f655.jpg","datePublished":"2025-07-05T16:54:01+00:00","dateModified":"2026-04-28T10:26:34+00:00","breadcrumb":{"@id":"https:\/\/www.myzen.tv\/fr\/program\/episode\/14362-sagesse-du-guerrier-sequence-douverture-des-hanches-s-e01#breadcrumb"},"inLanguage":"fr-FR","potentialAction":[{"@type":"ReadAction","target":["https:\/\/www.myzen.tv\/fr\/program\/episode\/14362-sagesse-du-guerrier-sequence-douverture-des-hanches-s-e01"]}]},{"@type":"ImageObject","inLanguage":"fr-FR","@id":"https:\/\/www.myzen.tv\/fr\/program\/episode\/14362-sagesse-du-guerrier-sequence-douverture-des-hanches-s-e01#primaryimage","url":"https:\/\/www.myzen.tv\/wp-content\/uploads\/2025\/07\/namaste-yoga-saison-3-sagesse-du-guerrier-sequence-douverture-des-hanches686958a93f655.jpg","contentUrl":"https:\/\/www.myzen.tv\/wp-content\/uploads\/2025\/07\/namaste-yoga-saison-3-sagesse-du-guerrier-sequence-douverture-des-hanches686958a93f655.jpg","width":1920,"height":1080,"caption":"Avec une attention intense port\u00e9e sur la respiration, \"Sagesse du guerrier\" cr\u00e9e un moment de pleine pr\u00e9sence, attentif, conscient et complet."},{"@type":"BreadcrumbList","@id":"https:\/\/www.myzen.tv\/fr\/program\/episode\/14362-sagesse-du-guerrier-sequence-douverture-des-hanches-s-e01#breadcrumb","itemListElement":[{"@type":"ListItem","position":1,"name":"Home","item":"https:\/\/www.myzen.tv\/fr\/"},{"@type":"ListItem","position":2,"name":"Programs","item":"https:\/\/www.myzen.tv\/fr\/programs\/"},{"@type":"ListItem","position":3,"name":"Sagesse du guerrier : S\u00e9quence d&#8217;ouverture des hanches"}]},{"@type":"WebSite","@id":"https:\/\/www.myzen.tv\/fr\/#website","url":"https:\/\/www.myzen.tv\/fr\/","name":"MyZen TV","description":"Your lifestyle and well-being channel","publisher":{"@id":"https:\/\/www.myzen.tv\/fr\/#organization"},"potentialAction":[{"@type":"SearchAction","target":{"@type":"EntryPoint","urlTemplate":"https:\/\/www.myzen.tv\/fr\/?s={search_term_string}"},"query-input":{"@type":"PropertyValueSpecification","valueRequired":true,"valueName":"search_term_string"}}],"inLanguage":"fr-FR"},{"@type":"Organization","@id":"https:\/\/www.myzen.tv\/fr\/#organization","name":"MyZen TV","url":"https:\/\/www.myzen.tv\/fr\/","logo":{"@type":"ImageObject","inLanguage":"fr-FR","@id":"https:\/\/www.myzen.tv\/fr\/#\/schema\/logo\/image\/","url":"https:\/\/www.myzen.tv\/wp-content\/uploads\/2021\/05\/cropped-ICON_MZtv-LOGO_firetv640-1-1.png","contentUrl":"https:\/\/www.myzen.tv\/wp-content\/uploads\/2021\/05\/cropped-ICON_MZtv-LOGO_firetv640-1-1.png","width":512,"height":512,"caption":"MyZen TV"},"image":{"@id":"https:\/\/www.myzen.tv\/fr\/#\/schema\/logo\/image\/"},"sameAs":["https:\/\/www.facebook.com\/myzen.tv.fr\/","https:\/\/www.instagram.com\/myzentv\/"]}]}},"status_options":[{"label":"Inactive","value":"inactive"}],"_links":{"self":[{"href":"https:\/\/www.myzen.tv\/fr\/wp-json\/wp\/v2\/programs\/1735748","targetHints":{"allow":["GET"]}}],"collection":[{"href":"https:\/\/www.myzen.tv\/fr\/wp-json\/wp\/v2\/programs"}],"about":[{"href":"https:\/\/www.myzen.tv\/fr\/wp-json\/wp\/v2\/types\/program"}],"wp:featuredmedia":[{"embeddable":true,"href":"https:\/\/www.myzen.tv\/fr\/wp-json\/wp\/v2\/media\/1736187"}],"wp:attachment":[{"href":"https:\/\/www.myzen.tv\/fr\/wp-json\/wp\/v2\/media?parent=1735748"}],"wp:term":[{"taxonomy":"program_type","embeddable":true,"href":"https:\/\/www.myzen.tv\/fr\/wp-json\/wp\/v2\/program_type?post=1735748"},{"taxonomy":"group","embeddable":true,"href":"https:\/\/www.myzen.tv\/fr\/wp-json\/wp\/v2\/group?post=1735748"},{"taxonomy":"d_category","embeddable":true,"href":"https:\/\/www.myzen.tv\/fr\/wp-json\/wp\/v2\/d_category?post=1735748"},{"taxonomy":"genre","embeddable":true,"href":"https:\/\/www.myzen.tv\/fr\/wp-json\/wp\/v2\/genre?post=1735748"}],"curies":[{"name":"wp","href":"https:\/\/api.w.org\/{rel}","templated":true}]}}

Sagesse du guerrier : Séquence d&rsquo;ouverture des hanches

<p>Avec une attention intense portée sur la respiration, « Sagesse du guerrier » crée un moment de pleine présence, attentif, conscient et complet. Bouger lentement au rythme du souffle permet une connexion plus profonde entre le corps et l’esprit, vous laissant avec un sentiment accru de confiance et de force.</p>

<p>Avec une attention intense portée sur la respiration, « Sagesse du guerrier » crée un moment de pleine présence, attentif, conscient et complet.</p>

<!-- This site is optimized with the Yoast SEO plugin v24.0 - https://yoast.com/wordpress/plugins/seo/ -->
<title>Sagesse du guerrier : Séquence d&#039;ouverture des hanches - MyZen TV</title>
<meta name="robots" content="index, follow, max-snippet:-1, max-image-preview:large, max-video-preview:-1" />
<link rel="canonical" href="https://www.myzen.tv/fr/program/episode/14362-sagesse-du-guerrier-sequence-douverture-des-hanches-s-e01/" />
<meta property="og:locale" content="fr_FR" />
<meta property="og:type" content="article" />
<meta property="og:title" content="Sagesse du guerrier : Séquence d&#039;ouverture des hanches - MyZen TV" />
<meta property="og:description" content="Avec une attention intense portée sur la respiration, &quot;Sagesse du guerrier&quot; crée un moment de pleine présence, attentif, conscient et complet." />
<meta property="og:url" content="https://www.myzen.tv/fr/program/episode/14362-sagesse-du-guerrier-sequence-douverture-des-hanches-s-e01" />
<meta property="og:site_name" content="MyZen TV" />
<meta property="article:publisher" content="https://www.facebook.com/myzen.tv.fr/" />
<meta property="article:modified_time" content="2026-04-28T10:26:34+00:00" />
<meta property="og:image" content="https://www.myzen.tv/wp-content/uploads/2025/07/namaste-yoga-saison-3-sagesse-du-guerrier-sequence-douverture-des-hanches686958a93f655.jpg" />
	<meta property="og:image:width" content="1920" />
	<meta property="og:image:height" content="1080" />
	<meta property="og:image:type" content="image/jpeg" />
<meta name="twitter:card" content="summary_large_image" />
<!-- / Yoast SEO plugin. -->

Sagesse du guerrier : Séquence d'ouverture des hanches - MyZen TV

Avec une attention intense portée sur la respiration, "Sagesse du guerrier" crée un moment de pleine présence, attentif, conscient et complet.

Sagesse du guerrier : Séquence d&#8217;ouverture des hanches
